{"id":123548,"date":"2022-06-17T03:31:06","date_gmt":"2022-06-17T03:31:06","guid":{"rendered":"https:\/\/espak.ee\/epood\/?post_type=product&#038;p=123548"},"modified":"2024-03-23T03:07:52","modified_gmt":"2024-03-23T01:07:52","slug":"wc-pott-seinapealne-classic-rimoff-ravak","status":"publish","type":"product","link":"https:\/\/espak.ee\/epood\/toode\/wc-pott-seinapealne-classic-rimoff-ravak\/","title":{"rendered":"WC POTT SEINAPEALNE CLASSIC RIMOFF RAVAK"},"content":{"rendered":"<div class=\"row\"  id=\"row-1066544051\">\n\n\t<div id=\"col-1123451144\" class=\"col medium-9 small-12 large-9\"  >\n\t\t\t\t<div class=\"col-inner\"  >\n\t\t\t\n\t\t\t\n<h2>WC-pott Classic RimOff<\/h2>\n<p>Tehnoloogia, mis hoiab WC t\u00f5eliselt puhtana ning sobib stiililt ideaalselt kontseptsiooniga Classic. WC-pottidel Classic RimOff puudub t\u00e4ielikult loputusserv, mille alla v\u00f5ib koguneda mustus. Kuna WC-potil pole sees loputusserva, ei ole sellel ka mingeid ligip\u00e4\u00e4smatuid kohti, see on t\u00e4iuslikult sile ja n\u00e4htaval ning mustusel lihtsalt pole kuhugi koguneda. WC-poti spetsiaalne konstruktsioon v\u00f5imaldab t\u00e4pset ja ideaalset loputamist veejoaga, ilma et seda oleks vaja t\u00e4iendavalt puhastada. T\u00e4iuslik lahendus neile, kelle jaoks on oluline veatu puhtus ja h\u00fcgieen ning lihtne hooldamine.<\/p>\n<p>WC-pott Classic RimOff on hoolikalt kokku sobitatud samanimelise kontseptsiooniga, mis h\u00f5lmab ka mitut vanni, kraanikausse, segisteid ja vannitoam\u00f6\u00f6blit. See annab Teile v\u00f5imaluse WCga \u00fchendatud vannitoas \u00fchtne kujundus s\u00e4ilitada. T\u00e4nu kinnituss\u00fcsteemile Click on WC-potti Classic ka v\u00e4ga lihtne paigaldada. Tualetipott tuleb lihtsalt seinale kinnitatud hoidikutele t\u00f5sta, kuhu see turvaliselt kinnitub. Seej\u00e4rel j\u00e4\u00e4b \u00fcle vaid hoidikud kinni keerata ning enam ei tule rasket massiivset keraamilist potti tasakaalus \u00fcleval hoida.<br \/>\n<div class=\"is-divider divider clearfix\" ><\/div>\nM\u00f5\u00f5tmed (P x L x K): 370 x 515 x 330 mm.<br \/>\nMaterjalid: t\u00e4iskeraamika, glasuur ilma t\u00e4iendava pinnaviimistluseta.<br \/>\nPeidetud kinnituss\u00fcsteem.<br \/>\nGarantii: 10 aastat.<br \/>\nLisatarvikud: WC-poti prill-laud Classic v\u00f5i Classic Slim, krohvialused paigaldusmoodulid, juhtnupud.<br \/>\n\t<div id=\"gap-209075942\" class=\"gap-element clearfix\" style=\"display:block; height:auto;\">\n\t\t\n<style>\n#gap-209075942 {\n  padding-top: 30px;\n}\n<\/style>\n\t<\/div>\n\t\nWC-poti juurde soovitame osta krohvialuse paigaldusmooduli, juhtnupu ja prill-laua Classic v\u00f5i Classic Slim, mis on varustatud aeglase langetamise s\u00fcsteemiga SoftClose. WC-pott Classic RimOff vastab kujunduselt teistele sama kontseptsiooni toodetele, mis h\u00f5lmab ka mitut vanni, kraanikausse, segisteid ja vannitoam\u00f6\u00f6blit. See annab Teile v\u00f5imaluse WCga \u00fchendatud vannitoas \u00fchtne kujundus s\u00e4ilitada.\n<\/p>\n\t<div id=\"gap-1377348298\" class=\"gap-element clearfix\" style=\"display:block; height:auto;\">\n\t\t\n<style>\n#gap-1377348298 {\n  padding-top: 30px;\n}\n<\/style>\n\t<\/div>\n\t\n\t\t<\/div>\n\t\t\t\t\t<\/div>\n\n\t\n\n\t<div id=\"col-137841427\" class=\"col medium-3 small-12 large-3\"  >\n\t\t\t\t<div class=\"col-inner\"  >\n\t\t\t\n\t\t\t\n<h3>Paigaldusjuhend<\/h3>\n<p><a href=\"https:\/\/espak.ee\/epood\/wp-content\/uploads\/2022\/06\/mn_wc-classic-01082022.pdf\"target=\"_blank\" rel=\"noopener noreferrer\"><i class=\"far fa-file-pdf\"><\/i> Paigaldusjuhend (PDF)<\/a><\/p>\n<h3>Tootekataloog<\/h3>\n<p><a href=\"https:\/\/espak.ee\/epood\/wp-content\/uploads\/2022\/06\/ravak_collection_2022_ee.pdf\" target=\"_blank\" rel=\"noopener noreferrer\"><i class=\"far fa-file-pdf\"><\/i> Tootekataloog (PDF)<\/a><\/p>\n<div class=\"is-divider divider clearfix\" ><\/div>\n<p><strong>\u00dcksikasjalikuma n\u00f5u saamiseks v\u00f5tke \u00fchendust:<br \/><\/strong> Ravak Baltic UAB<br \/><a href=\"mailto:info@ravak.ee\">info@ravak.ee<\/a><\/p>\n<div class=\"is-divider divider clearfix\" ><\/div>\n\t\t<\/div>\n\t\t\t\t\t<\/div>\n\n\t\n<\/div>\n","protected":false},"excerpt":{"rendered":"","protected":false},"featured_media":133144,"comment_status":"closed","ping_status":"closed","template":"","meta":[],"product_brand":[],"product_cat":[2819,2820,2839,3195],"product_tag":[],"class_list":{"0":"post-123548","1":"product","2":"type-product","3":"status-publish","4":"has-post-thumbnail","6":"product_cat-sanitaartehnika","7":"product_cat-sanitaartehnika-sanitaartehnika","8":"product_cat-wc-potid","9":"product_cat-wc-potid-seinale-paigaldatavad","10":"pa_kaubamark-ravak-baltic-uab","12":"first","13":"onbackorder","14":"sale","15":"taxable","16":"shipping-taxable","17":"purchasable","18":"product-type-simple"},"yoast_head":"<!-- This site is optimized with the Yoast SEO plugin v26.9 - https:\/\/yoast.com\/product\/yoast-seo-wordpress\/ -->\n<title>WC POTT SEINAPEALNE CLASSIC RIMOFF RAVAK - Espak E-pood<\/title>\n<meta name=\"robots\" content=\"index, follow, max-snippet:-1, max-image-preview:large, max-video-preview:-1\" \/>\n<link rel=\"canonical\" href=\"https:\/\/espak.ee\/epood\/toode\/wc-pott-seinapealne-classic-rimoff-ravak\/\" \/>\n<meta property=\"og:locale\" content=\"et_EE\" \/>\n<meta property=\"og:type\" content=\"article\" \/>\n<meta property=\"og:title\" content=\"WC POTT SEINAPEALNE CLASSIC RIMOFF RAVAK - Espak E-pood\" \/>\n<meta property=\"og:url\" content=\"https:\/\/espak.ee\/epood\/toode\/wc-pott-seinapealne-classic-rimoff-ravak\/\" \/>\n<meta property=\"og:site_name\" content=\"Espak E-pood\" \/>\n<meta property=\"article:modified_time\" content=\"2024-03-23T01:07:52+00:00\" \/>\n<meta property=\"og:image\" content=\"https:\/\/espak.ee\/epood\/wp-content\/uploads\/2022\/06\/wc-classic-slim.jpg\" \/>\n\t<meta property=\"og:image:width\" content=\"800\" \/>\n\t<meta property=\"og:image:height\" content=\"800\" \/>\n\t<meta property=\"og:image:type\" content=\"image\/jpeg\" \/>\n<meta name=\"twitter:card\" content=\"summary_large_image\" \/>\n<meta name=\"twitter:label1\" content=\"Est. reading time\" \/>\n\t<meta name=\"twitter:data1\" content=\"1 minut\" \/>\n<script type=\"application\/ld+json\" class=\"yoast-schema-graph\">{\"@context\":\"https:\/\/schema.org\",\"@graph\":[{\"@type\":\"WebPage\",\"@id\":\"https:\/\/espak.ee\/epood\/toode\/wc-pott-seinapealne-classic-rimoff-ravak\/\",\"url\":\"https:\/\/espak.ee\/epood\/toode\/wc-pott-seinapealne-classic-rimoff-ravak\/\",\"name\":\"WC POTT SEINAPEALNE CLASSIC RIMOFF RAVAK - Espak E-pood\",\"isPartOf\":{\"@id\":\"https:\/\/espak.ee\/epood\/#website\"},\"primaryImageOfPage\":{\"@id\":\"https:\/\/espak.ee\/epood\/toode\/wc-pott-seinapealne-classic-rimoff-ravak\/#primaryimage\"},\"image\":{\"@id\":\"https:\/\/espak.ee\/epood\/toode\/wc-pott-seinapealne-classic-rimoff-ravak\/#primaryimage\"},\"thumbnailUrl\":\"https:\/\/espak.ee\/epood\/wp-content\/uploads\/2022\/06\/wc-classic-slim.jpg\",\"datePublished\":\"2022-06-17T03:31:06+00:00\",\"dateModified\":\"2024-03-23T01:07:52+00:00\",\"breadcrumb\":{\"@id\":\"https:\/\/espak.ee\/epood\/toode\/wc-pott-seinapealne-classic-rimoff-ravak\/#breadcrumb\"},\"inLanguage\":\"et\",\"potentialAction\":[{\"@type\":\"ReadAction\",\"target\":[\"https:\/\/espak.ee\/epood\/toode\/wc-pott-seinapealne-classic-rimoff-ravak\/\"]}]},{\"@type\":\"ImageObject\",\"inLanguage\":\"et\",\"@id\":\"https:\/\/espak.ee\/epood\/toode\/wc-pott-seinapealne-classic-rimoff-ravak\/#primaryimage\",\"url\":\"https:\/\/espak.ee\/epood\/wp-content\/uploads\/2022\/06\/wc-classic-slim.jpg\",\"contentUrl\":\"https:\/\/espak.ee\/epood\/wp-content\/uploads\/2022\/06\/wc-classic-slim.jpg\",\"width\":800,\"height\":800},{\"@type\":\"BreadcrumbList\",\"@id\":\"https:\/\/espak.ee\/epood\/toode\/wc-pott-seinapealne-classic-rimoff-ravak\/#breadcrumb\",\"itemListElement\":[{\"@type\":\"ListItem\",\"position\":1,\"name\":\"Home\",\"item\":\"https:\/\/espak.ee\/epood\/\"},{\"@type\":\"ListItem\",\"position\":2,\"name\":\"Tootevalik\",\"item\":\"https:\/\/espak.ee\/epood\/tootevalik\/\"},{\"@type\":\"ListItem\",\"position\":3,\"name\":\"WC POTT SEINAPEALNE CLASSIC RIMOFF RAVAK\"}]},{\"@type\":\"WebSite\",\"@id\":\"https:\/\/espak.ee\/epood\/#website\",\"url\":\"https:\/\/espak.ee\/epood\/\",\"name\":\"Espak E-pood\",\"description\":\"\",\"potentialAction\":[{\"@type\":\"SearchAction\",\"target\":{\"@type\":\"EntryPoint\",\"urlTemplate\":\"https:\/\/espak.ee\/epood\/?s={search_term_string}\"},\"query-input\":{\"@type\":\"PropertyValueSpecification\",\"valueRequired\":true,\"valueName\":\"search_term_string\"}}],\"inLanguage\":\"et\"}]}<\/script>\n<!-- \/ Yoast SEO plugin. -->","yoast_head_json":{"title":"WC POTT SEINAPEALNE CLASSIC RIMOFF RAVAK - Espak E-pood","robots":{"index":"index","follow":"follow","max-snippet":"max-snippet:-1","max-image-preview":"max-image-preview:large","max-video-preview":"max-video-preview:-1"},"canonical":"https:\/\/espak.ee\/epood\/toode\/wc-pott-seinapealne-classic-rimoff-ravak\/","og_locale":"et_EE","og_type":"article","og_title":"WC POTT SEINAPEALNE CLASSIC RIMOFF RAVAK - Espak E-pood","og_url":"https:\/\/espak.ee\/epood\/toode\/wc-pott-seinapealne-classic-rimoff-ravak\/","og_site_name":"Espak E-pood","article_modified_time":"2024-03-23T01:07:52+00:00","og_image":[{"width":800,"height":800,"url":"https:\/\/espak.ee\/epood\/wp-content\/uploads\/2022\/06\/wc-classic-slim.jpg","type":"image\/jpeg"}],"twitter_card":"summary_large_image","twitter_misc":{"Est. reading time":"1 minut"},"schema":{"@context":"https:\/\/schema.org","@graph":[{"@type":"WebPage","@id":"https:\/\/espak.ee\/epood\/toode\/wc-pott-seinapealne-classic-rimoff-ravak\/","url":"https:\/\/espak.ee\/epood\/toode\/wc-pott-seinapealne-classic-rimoff-ravak\/","name":"WC POTT SEINAPEALNE CLASSIC RIMOFF RAVAK - Espak E-pood","isPartOf":{"@id":"https:\/\/espak.ee\/epood\/#website"},"primaryImageOfPage":{"@id":"https:\/\/espak.ee\/epood\/toode\/wc-pott-seinapealne-classic-rimoff-ravak\/#primaryimage"},"image":{"@id":"https:\/\/espak.ee\/epood\/toode\/wc-pott-seinapealne-classic-rimoff-ravak\/#primaryimage"},"thumbnailUrl":"https:\/\/espak.ee\/epood\/wp-content\/uploads\/2022\/06\/wc-classic-slim.jpg","datePublished":"2022-06-17T03:31:06+00:00","dateModified":"2024-03-23T01:07:52+00:00","breadcrumb":{"@id":"https:\/\/espak.ee\/epood\/toode\/wc-pott-seinapealne-classic-rimoff-ravak\/#breadcrumb"},"inLanguage":"et","potentialAction":[{"@type":"ReadAction","target":["https:\/\/espak.ee\/epood\/toode\/wc-pott-seinapealne-classic-rimoff-ravak\/"]}]},{"@type":"ImageObject","inLanguage":"et","@id":"https:\/\/espak.ee\/epood\/toode\/wc-pott-seinapealne-classic-rimoff-ravak\/#primaryimage","url":"https:\/\/espak.ee\/epood\/wp-content\/uploads\/2022\/06\/wc-classic-slim.jpg","contentUrl":"https:\/\/espak.ee\/epood\/wp-content\/uploads\/2022\/06\/wc-classic-slim.jpg","width":800,"height":800},{"@type":"BreadcrumbList","@id":"https:\/\/espak.ee\/epood\/toode\/wc-pott-seinapealne-classic-rimoff-ravak\/#breadcrumb","itemListElement":[{"@type":"ListItem","position":1,"name":"Home","item":"https:\/\/espak.ee\/epood\/"},{"@type":"ListItem","position":2,"name":"Tootevalik","item":"https:\/\/espak.ee\/epood\/tootevalik\/"},{"@type":"ListItem","position":3,"name":"WC POTT SEINAPEALNE CLASSIC RIMOFF RAVAK"}]},{"@type":"WebSite","@id":"https:\/\/espak.ee\/epood\/#website","url":"https:\/\/espak.ee\/epood\/","name":"Espak E-pood","description":"","potentialAction":[{"@type":"SearchAction","target":{"@type":"EntryPoint","urlTemplate":"https:\/\/espak.ee\/epood\/?s={search_term_string}"},"query-input":{"@type":"PropertyValueSpecification","valueRequired":true,"valueName":"search_term_string"}}],"inLanguage":"et"}]}},"_links":{"self":[{"href":"https:\/\/espak.ee\/epood\/wp-json\/wp\/v2\/product\/123548","targetHints":{"allow":["GET"]}}],"collection":[{"href":"https:\/\/espak.ee\/epood\/wp-json\/wp\/v2\/product"}],"about":[{"href":"https:\/\/espak.ee\/epood\/wp-json\/wp\/v2\/types\/product"}],"replies":[{"embeddable":true,"href":"https:\/\/espak.ee\/epood\/wp-json\/wp\/v2\/comments?post=123548"}],"wp:featuredmedia":[{"embeddable":true,"href":"https:\/\/espak.ee\/epood\/wp-json\/wp\/v2\/media\/133144"}],"wp:attachment":[{"href":"https:\/\/espak.ee\/epood\/wp-json\/wp\/v2\/media?parent=123548"}],"wp:term":[{"taxonomy":"product_brand","embeddable":true,"href":"https:\/\/espak.ee\/epood\/wp-json\/wp\/v2\/product_brand?post=123548"},{"taxonomy":"product_cat","embeddable":true,"href":"https:\/\/espak.ee\/epood\/wp-json\/wp\/v2\/product_cat?post=123548"},{"taxonomy":"product_tag","embeddable":true,"href":"https:\/\/espak.ee\/epood\/wp-json\/wp\/v2\/product_tag?post=123548"}],"curies":[{"name":"wp","href":"https:\/\/api.w.org\/{rel}","templated":true}]}}