{"id":118671,"date":"2022-05-13T05:33:20","date_gmt":"2022-05-13T05:33:20","guid":{"rendered":"https:\/\/espak.ee\/epood\/?post_type=product&#038;p=118671"},"modified":"2026-04-03T16:54:22","modified_gmt":"2026-04-03T13:54:22","slug":"nitriilkindad-puudrita-eurotechnique-must-100tk-pk-m","status":"publish","type":"product","link":"https:\/\/espak.ee\/epood\/toode\/nitriilkindad-puudrita-eurotechnique-must-100tk-pk-m\/","title":{"rendered":"NITRIILKINDAD PUUDRITA EUROTECHNIQUE MUST 100TK\/PK M"},"content":{"rendered":"<div class=\"row\"  id=\"row-237555990\">\n\n\t<div id=\"col-462315665\" class=\"col medium-9 small-12 large-9\"  >\n\t\t\t\t<div class=\"col-inner\"  >\n\t\t\t\n\t\t\t\n<h2>Nitriilkindad puudrita Eurotechnique must 100tk\/pk M<\/h2>\n<p>EUROTECHNIQUE 5926\u20265932 nitriilkindad puudrita, 100 tk pakis. Suurep\u00e4rase elastsusega ja vastupidavad kindad on hea puutetundlikusega ning vettpidavad. Kindad on lubatud kasutamiseks meditsiinis AQL 1,5, iluvaldkonnas, toiduainet\u00f6\u00f6stuses toiduainete k\u00e4itlemisel, majapidamist\u00f6\u00f6des, autoremondis jm.<\/p>\n<p>Nitriilkindad vastavad EN 420 kaitsekinnaste \u00fcldn\u00f5uete standardile. Vastavad standardile EN 1186 \u2013 sobib kasutamiseks toiduainete t\u00f6\u00f6stuses (SGS). EN 374-2-3 \u2013 kindad on sertifitseerimise k\u00e4igus testitud j\u00e4rgmiste kemikaalidega: naatriumh\u00fcdroksiid 40% (l\u00e4bitungivusaeg > 480 minutit). <\/p>\n<p>&#8211; EN 1186<br \/>\n&#8211; EN 420<br \/>\n&#8211; EN 374-2-3<br \/>\n&#8211; Kategooria III kaitsekindad, AQL 1,5<br \/>\n&#8211; Materjali paksus peopesas 0,08 mm, s\u00f5rmedel 0,12 mm<br \/>\n&#8211; Mittesteriilsed\n<\/p>\n\t\t<\/div>\n\t\t\t\t\t<\/div>\n\n\t\n\n\t<div id=\"col-738108755\" class=\"col medium-3 small-12 large-3\"  >\n\t\t\t\t<div class=\"col-inner\"  >\n\t\t\t\n\t\t\t\n\t<div id=\"gap-1510565948\" class=\"gap-element clearfix\" style=\"display:block; height:auto;\">\n\t\t\n<style>\n#gap-1510565948 {\n  padding-top: 30px;\n}\n<\/style>\n\t<\/div>\n\t\n<div class=\"is-divider divider clearfix\" ><\/div>\n<p><strong>\u00dcksikasjalikuma n\u00f5u saamiseks v\u00f5tke \u00fchendust:<br \/><\/strong>Becky AS<br \/>Laki 30A \/ Kadaka tee 129<br \/>12915<br \/>Tallinn<br \/>+372 670 6880<\/p>\n<div class=\"is-divider divider clearfix\" ><\/div>\n\t\t<\/div>\n\t\t\t\t\t<\/div>\n\n\t\n<\/div>\n","protected":false},"excerpt":{"rendered":"","protected":false},"featured_media":118733,"comment_status":"closed","ping_status":"closed","template":"","meta":[],"product_brand":[],"product_cat":[2788,2927,2931,3022],"product_tag":[],"class_list":{"0":"post-118671","1":"product","2":"type-product","3":"status-publish","4":"has-post-thumbnail","6":"product_cat-aiatarbed-ja-kodukaubad","7":"product_cat-kodukaubad","8":"product_cat-koristustarvikud","9":"product_cat-lapid-ja-kummikindad","10":"pa_kaubamark-becky-as","12":"first","13":"instock","14":"sale","15":"taxable","16":"shipping-taxable","17":"purchasable","18":"product-type-simple"},"yoast_head":"<!-- This site is optimized with the Yoast SEO plugin v26.9 - https:\/\/yoast.com\/product\/yoast-seo-wordpress\/ -->\n<title>NITRIILKINDAD PUUDRITA EUROTECHNIQUE MUST 100TK\/PK M - Espak E-pood<\/title>\n<meta name=\"robots\" content=\"index, follow, max-snippet:-1, max-image-preview:large, max-video-preview:-1\" \/>\n<link rel=\"canonical\" href=\"https:\/\/espak.ee\/epood\/toode\/nitriilkindad-puudrita-eurotechnique-must-100tk-pk-m\/\" \/>\n<meta property=\"og:locale\" content=\"et_EE\" \/>\n<meta property=\"og:type\" content=\"article\" \/>\n<meta property=\"og:title\" content=\"NITRIILKINDAD PUUDRITA EUROTECHNIQUE MUST 100TK\/PK M - Espak E-pood\" \/>\n<meta property=\"og:url\" content=\"https:\/\/espak.ee\/epood\/toode\/nitriilkindad-puudrita-eurotechnique-must-100tk-pk-m\/\" \/>\n<meta property=\"og:site_name\" content=\"Espak E-pood\" \/>\n<meta property=\"article:modified_time\" content=\"2026-04-03T13:54:22+00:00\" \/>\n<meta property=\"og:image\" content=\"https:\/\/espak.ee\/epood\/wp-content\/uploads\/2022\/05\/EUROTECHNIQUE-5926-nitriilkindad.jpg\" \/>\n\t<meta property=\"og:image:width\" content=\"1024\" \/>\n\t<meta property=\"og:image:height\" content=\"1024\" \/>\n\t<meta property=\"og:image:type\" content=\"image\/jpeg\" \/>\n<meta name=\"twitter:card\" content=\"summary_large_image\" \/>\n<meta name=\"twitter:label1\" content=\"Est. reading time\" \/>\n\t<meta name=\"twitter:data1\" content=\"1 minut\" \/>\n<script type=\"application\/ld+json\" class=\"yoast-schema-graph\">{\"@context\":\"https:\/\/schema.org\",\"@graph\":[{\"@type\":\"WebPage\",\"@id\":\"https:\/\/espak.ee\/epood\/toode\/nitriilkindad-puudrita-eurotechnique-must-100tk-pk-m\/\",\"url\":\"https:\/\/espak.ee\/epood\/toode\/nitriilkindad-puudrita-eurotechnique-must-100tk-pk-m\/\",\"name\":\"NITRIILKINDAD PUUDRITA EUROTECHNIQUE MUST 100TK\/PK M - Espak E-pood\",\"isPartOf\":{\"@id\":\"https:\/\/espak.ee\/epood\/#website\"},\"primaryImageOfPage\":{\"@id\":\"https:\/\/espak.ee\/epood\/toode\/nitriilkindad-puudrita-eurotechnique-must-100tk-pk-m\/#primaryimage\"},\"image\":{\"@id\":\"https:\/\/espak.ee\/epood\/toode\/nitriilkindad-puudrita-eurotechnique-must-100tk-pk-m\/#primaryimage\"},\"thumbnailUrl\":\"https:\/\/espak.ee\/epood\/wp-content\/uploads\/2022\/05\/EUROTECHNIQUE-5926-nitriilkindad.jpg\",\"datePublished\":\"2022-05-13T05:33:20+00:00\",\"dateModified\":\"2026-04-03T13:54:22+00:00\",\"breadcrumb\":{\"@id\":\"https:\/\/espak.ee\/epood\/toode\/nitriilkindad-puudrita-eurotechnique-must-100tk-pk-m\/#breadcrumb\"},\"inLanguage\":\"et\",\"potentialAction\":[{\"@type\":\"ReadAction\",\"target\":[\"https:\/\/espak.ee\/epood\/toode\/nitriilkindad-puudrita-eurotechnique-must-100tk-pk-m\/\"]}]},{\"@type\":\"ImageObject\",\"inLanguage\":\"et\",\"@id\":\"https:\/\/espak.ee\/epood\/toode\/nitriilkindad-puudrita-eurotechnique-must-100tk-pk-m\/#primaryimage\",\"url\":\"https:\/\/espak.ee\/epood\/wp-content\/uploads\/2022\/05\/EUROTECHNIQUE-5926-nitriilkindad.jpg\",\"contentUrl\":\"https:\/\/espak.ee\/epood\/wp-content\/uploads\/2022\/05\/EUROTECHNIQUE-5926-nitriilkindad.jpg\",\"width\":1024,\"height\":1024},{\"@type\":\"BreadcrumbList\",\"@id\":\"https:\/\/espak.ee\/epood\/toode\/nitriilkindad-puudrita-eurotechnique-must-100tk-pk-m\/#breadcrumb\",\"itemListElement\":[{\"@type\":\"ListItem\",\"position\":1,\"name\":\"Home\",\"item\":\"https:\/\/espak.ee\/epood\/\"},{\"@type\":\"ListItem\",\"position\":2,\"name\":\"Tootevalik\",\"item\":\"https:\/\/espak.ee\/epood\/tootevalik\/\"},{\"@type\":\"ListItem\",\"position\":3,\"name\":\"NITRIILKINDAD PUUDRITA EUROTECHNIQUE MUST 100TK\/PK M\"}]},{\"@type\":\"WebSite\",\"@id\":\"https:\/\/espak.ee\/epood\/#website\",\"url\":\"https:\/\/espak.ee\/epood\/\",\"name\":\"Espak E-pood\",\"description\":\"\",\"potentialAction\":[{\"@type\":\"SearchAction\",\"target\":{\"@type\":\"EntryPoint\",\"urlTemplate\":\"https:\/\/espak.ee\/epood\/?s={search_term_string}\"},\"query-input\":{\"@type\":\"PropertyValueSpecification\",\"valueRequired\":true,\"valueName\":\"search_term_string\"}}],\"inLanguage\":\"et\"}]}<\/script>\n<!-- \/ Yoast SEO plugin. -->","yoast_head_json":{"title":"NITRIILKINDAD PUUDRITA EUROTECHNIQUE MUST 100TK\/PK M - Espak E-pood","robots":{"index":"index","follow":"follow","max-snippet":"max-snippet:-1","max-image-preview":"max-image-preview:large","max-video-preview":"max-video-preview:-1"},"canonical":"https:\/\/espak.ee\/epood\/toode\/nitriilkindad-puudrita-eurotechnique-must-100tk-pk-m\/","og_locale":"et_EE","og_type":"article","og_title":"NITRIILKINDAD PUUDRITA EUROTECHNIQUE MUST 100TK\/PK M - Espak E-pood","og_url":"https:\/\/espak.ee\/epood\/toode\/nitriilkindad-puudrita-eurotechnique-must-100tk-pk-m\/","og_site_name":"Espak E-pood","article_modified_time":"2026-04-03T13:54:22+00:00","og_image":[{"width":1024,"height":1024,"url":"https:\/\/espak.ee\/epood\/wp-content\/uploads\/2022\/05\/EUROTECHNIQUE-5926-nitriilkindad.jpg","type":"image\/jpeg"}],"twitter_card":"summary_large_image","twitter_misc":{"Est. reading time":"1 minut"},"schema":{"@context":"https:\/\/schema.org","@graph":[{"@type":"WebPage","@id":"https:\/\/espak.ee\/epood\/toode\/nitriilkindad-puudrita-eurotechnique-must-100tk-pk-m\/","url":"https:\/\/espak.ee\/epood\/toode\/nitriilkindad-puudrita-eurotechnique-must-100tk-pk-m\/","name":"NITRIILKINDAD PUUDRITA EUROTECHNIQUE MUST 100TK\/PK M - Espak E-pood","isPartOf":{"@id":"https:\/\/espak.ee\/epood\/#website"},"primaryImageOfPage":{"@id":"https:\/\/espak.ee\/epood\/toode\/nitriilkindad-puudrita-eurotechnique-must-100tk-pk-m\/#primaryimage"},"image":{"@id":"https:\/\/espak.ee\/epood\/toode\/nitriilkindad-puudrita-eurotechnique-must-100tk-pk-m\/#primaryimage"},"thumbnailUrl":"https:\/\/espak.ee\/epood\/wp-content\/uploads\/2022\/05\/EUROTECHNIQUE-5926-nitriilkindad.jpg","datePublished":"2022-05-13T05:33:20+00:00","dateModified":"2026-04-03T13:54:22+00:00","breadcrumb":{"@id":"https:\/\/espak.ee\/epood\/toode\/nitriilkindad-puudrita-eurotechnique-must-100tk-pk-m\/#breadcrumb"},"inLanguage":"et","potentialAction":[{"@type":"ReadAction","target":["https:\/\/espak.ee\/epood\/toode\/nitriilkindad-puudrita-eurotechnique-must-100tk-pk-m\/"]}]},{"@type":"ImageObject","inLanguage":"et","@id":"https:\/\/espak.ee\/epood\/toode\/nitriilkindad-puudrita-eurotechnique-must-100tk-pk-m\/#primaryimage","url":"https:\/\/espak.ee\/epood\/wp-content\/uploads\/2022\/05\/EUROTECHNIQUE-5926-nitriilkindad.jpg","contentUrl":"https:\/\/espak.ee\/epood\/wp-content\/uploads\/2022\/05\/EUROTECHNIQUE-5926-nitriilkindad.jpg","width":1024,"height":1024},{"@type":"BreadcrumbList","@id":"https:\/\/espak.ee\/epood\/toode\/nitriilkindad-puudrita-eurotechnique-must-100tk-pk-m\/#breadcrumb","itemListElement":[{"@type":"ListItem","position":1,"name":"Home","item":"https:\/\/espak.ee\/epood\/"},{"@type":"ListItem","position":2,"name":"Tootevalik","item":"https:\/\/espak.ee\/epood\/tootevalik\/"},{"@type":"ListItem","position":3,"name":"NITRIILKINDAD PUUDRITA EUROTECHNIQUE MUST 100TK\/PK M"}]},{"@type":"WebSite","@id":"https:\/\/espak.ee\/epood\/#website","url":"https:\/\/espak.ee\/epood\/","name":"Espak E-pood","description":"","potentialAction":[{"@type":"SearchAction","target":{"@type":"EntryPoint","urlTemplate":"https:\/\/espak.ee\/epood\/?s={search_term_string}"},"query-input":{"@type":"PropertyValueSpecification","valueRequired":true,"valueName":"search_term_string"}}],"inLanguage":"et"}]}},"_links":{"self":[{"href":"https:\/\/espak.ee\/epood\/wp-json\/wp\/v2\/product\/118671","targetHints":{"allow":["GET"]}}],"collection":[{"href":"https:\/\/espak.ee\/epood\/wp-json\/wp\/v2\/product"}],"about":[{"href":"https:\/\/espak.ee\/epood\/wp-json\/wp\/v2\/types\/product"}],"replies":[{"embeddable":true,"href":"https:\/\/espak.ee\/epood\/wp-json\/wp\/v2\/comments?post=118671"}],"wp:featuredmedia":[{"embeddable":true,"href":"https:\/\/espak.ee\/epood\/wp-json\/wp\/v2\/media\/118733"}],"wp:attachment":[{"href":"https:\/\/espak.ee\/epood\/wp-json\/wp\/v2\/media?parent=118671"}],"wp:term":[{"taxonomy":"product_brand","embeddable":true,"href":"https:\/\/espak.ee\/epood\/wp-json\/wp\/v2\/product_brand?post=118671"},{"taxonomy":"product_cat","embeddable":true,"href":"https:\/\/espak.ee\/epood\/wp-json\/wp\/v2\/product_cat?post=118671"},{"taxonomy":"product_tag","embeddable":true,"href":"https:\/\/espak.ee\/epood\/wp-json\/wp\/v2\/product_tag?post=118671"}],"curies":[{"name":"wp","href":"https:\/\/api.w.org\/{rel}","templated":true}]}}