{"id":118601,"date":"2022-05-13T00:10:44","date_gmt":"2022-05-13T00:10:44","guid":{"rendered":"https:\/\/espak.ee\/epood\/?post_type=product&#038;p=118601"},"modified":"2026-03-22T19:07:16","modified_gmt":"2026-03-22T17:07:16","slug":"dusialus-sabina-80-la-800800mm-valge-ravak-tellimisel","status":"publish","type":"product","link":"https:\/\/espak.ee\/epood\/toode\/dusialus-sabina-80-la-800800mm-valge-ravak-tellimisel\/","title":{"rendered":"DU\u0160IALUS SABINA-80 LA 800*800MM VALGE RAVAK &#8211; TELLIMISEL"},"content":{"rendered":"<div class=\"row\"  id=\"row-1186704682\">\n\n\t<div id=\"col-1541809386\" class=\"col medium-9 small-12 large-9\"  >\n\t\t\t\t<div class=\"col-inner\"  >\n\t\t\t\n\t\t\t\n<h2>Du\u0161ialus SABINA-80 LA valge &#8211; TELLIMISEL<\/h2>\n<p>Istmega kumer akr\u00fc\u00fclist du\u0161ialus.<br \/>\nDu\u0161ialus, millel on vanni omadused. On v\u00e4ikestes vannitubades asendamatu. Selles saab du\u0161i all k\u00e4ia, lapsi vannitada v\u00f5i n\u00e4iteks pesu likku panna.<\/p>\n<p>Parim lahendus igale poole, kus te hindate vanni ja du\u0161ikabiini eeliste kombinatsiooni. T\u00e4nu s\u00fcgavusele ja integreeritud istmele pakub du\u0161ialus meeldivat k\u00fcmblemist lastele v\u00f5i istumisv\u00f5imalust t\u00e4iskasvanutele. Klassikalistele du\u0161ialustele omane p\u00f5hiplaan aitab seda samal ajal paigutada ka v\u00e4ikestesse vannitubadesse, kuhu vann ei mahu.<\/p>\n<p>S\u00fcgav istmega du\u0161ialus Sabina (variant LA) on tugevdatud klaaslaminaadiga ja m\u00f5eldud sisseehitamiseks. Variant LA+BASE paigaldatakse jalgadele ja LA+BASE+SET on m\u00f5eldud jalgadele (Sabina 90 Base) paigaldamiseks ja paneeliga varustamiseks. Jalad ja paneelid tellitakse eraldi. Du\u0161ialuse Sabina koguk\u00f5rgus on 42 cm. Sel p\u00f5hjusel on m\u00f5istlik t\u00e4iendada seda spetsiaalsete madalamate pealiskonstruktsioonidega sarjast Supernova SKCP4 Sabina v\u00f5i Blix BLCP4 Sabina. Du\u0161ialusele on m\u00f5eldud \u00fclevooluga sifoon Sabina, mille l\u00e4bim\u00f5\u00f5t on 52 mm. \u00c4ravoolu juhitakse s\u00fcsteemiga Click-Clack.<br \/>\n<div class=\"is-divider divider clearfix\" ><\/div>\nM\u00f5\u00f5dud: 800 x 800 mm.<br \/>\nMaterjal: LA &#8211; klaaskiud.<br \/>\nT\u00fc\u00fcp LA: paigaldamiseks p\u00f5randasse v\u00f5i plaadiga katmiseks.<br \/>\nT\u00fc\u00fcp LA + BASE: paigaldamiseks jagadele v\u00f5i plaadiga katmiseks.<br \/>\nT\u00fc\u00fcp LA + BASE + SET: paigaldamiseks jalgadele paneeliga.<br \/>\nDu\u0161ialuse s\u00fcgavus: 27 \u0441m.<br \/>\nMontaa\u017eik\u00f5rgus: 42 \u0441m.<br \/>\nSifooni diameeter: 5,2 \u0441m.<br \/>\nGarantii: 5 aastat.<\/p>\n<p>Jalad ja paneel tellitakse eraldi. Du\u0161ialus Sabina sobib l\u00fchendatud du\u0161inurkadesse SKCP4 v\u00f5i BLCP4 Sabina. Du\u0161ialust soovitatakse komplekteerida sifooniga RAVAK Sabina. Du\u0161ialuse paigaldamiseks soovitame kasutada universaalset montaa\u017eikomplekti.<\/p>\n\t<div id=\"gap-256976990\" class=\"gap-element clearfix\" style=\"display:block; height:auto;\">\n\t\t\n<style>\n#gap-256976990 {\n  padding-top: 30px;\n}\n<\/style>\n\t<\/div>\n\t\n\t\t<\/div>\n\t\t\t\t\t<\/div>\n\n\t\n\n\t<div id=\"col-55560678\" class=\"col medium-3 small-12 large-3\"  >\n\t\t\t\t<div class=\"col-inner\"  >\n\t\t\t\n\t\t\t\n<h3>Tootekataloog<\/h3>\n<p><a href=\"https:\/\/espak.ee\/epood\/wp-content\/uploads\/2022\/06\/ravak_collection_2022_ee.pdf\" target=\"_blank\" rel=\"noopener noreferrer\"><i class=\"far fa-file-pdf\"><\/i> Tootekataloog (PDF)<\/a><\/p>\n<div class=\"is-divider divider clearfix\" ><\/div>\n<p><strong>\u00dcksikasjalikuma n\u00f5u saamiseks v\u00f5tke \u00fchendust:<br \/><\/strong> Ravak Baltic UAB<br \/><a href=\"mailto:info@ravak.ee\">info@ravak.ee<\/a><\/p>\n<div class=\"is-divider divider clearfix\" ><\/div>\n\t\t<\/div>\n\t\t\t\t\t<\/div>\n\n\t\n<\/div>\n","protected":false},"excerpt":{"rendered":"","protected":false},"featured_media":131166,"comment_status":"closed","ping_status":"closed","template":"","meta":[],"product_brand":[],"product_cat":[2819,2820,3492,3491],"product_tag":[],"class_list":{"0":"post-118601","1":"product","2":"type-product","3":"status-publish","4":"has-post-thumbnail","6":"product_cat-sanitaartehnika","7":"product_cat-sanitaartehnika-sanitaartehnika","8":"product_cat-vann-dusikabiinid","9":"product_cat-vannid-ja-dusinurgad","10":"pa_kaubamark-ravak-baltic-uab","12":"first","13":"onbackorder","14":"sale","15":"taxable","16":"shipping-taxable","17":"purchasable","18":"product-type-simple"},"yoast_head":"<!-- This site is optimized with the Yoast SEO plugin v26.9 - https:\/\/yoast.com\/product\/yoast-seo-wordpress\/ -->\n<title>DU\u0160IALUS SABINA-80 LA 800*800MM VALGE RAVAK - TELLIMISEL - Espak E-pood<\/title>\n<meta name=\"robots\" content=\"index, follow, max-snippet:-1, max-image-preview:large, max-video-preview:-1\" \/>\n<link rel=\"canonical\" href=\"https:\/\/espak.ee\/epood\/toode\/dusialus-sabina-80-la-800800mm-valge-ravak-tellimisel\/\" \/>\n<meta property=\"og:locale\" content=\"et_EE\" \/>\n<meta property=\"og:type\" content=\"article\" \/>\n<meta property=\"og:title\" content=\"DU\u0160IALUS SABINA-80 LA 800*800MM VALGE RAVAK - TELLIMISEL - Espak E-pood\" \/>\n<meta property=\"og:url\" content=\"https:\/\/espak.ee\/epood\/toode\/dusialus-sabina-80-la-800800mm-valge-ravak-tellimisel\/\" \/>\n<meta property=\"og:site_name\" content=\"Espak E-pood\" \/>\n<meta property=\"article:modified_time\" content=\"2026-03-22T17:07:16+00:00\" \/>\n<meta property=\"og:image\" content=\"https:\/\/espak.ee\/epood\/wp-content\/uploads\/2022\/05\/foto-z-ravak-profi-2011_stranka_110_obraz_00191.jpg\" \/>\n\t<meta property=\"og:image:width\" content=\"800\" \/>\n\t<meta property=\"og:image:height\" content=\"800\" \/>\n\t<meta property=\"og:image:type\" content=\"image\/jpeg\" \/>\n<meta name=\"twitter:card\" content=\"summary_large_image\" \/>\n<meta name=\"twitter:label1\" content=\"Est. reading time\" \/>\n\t<meta name=\"twitter:data1\" content=\"1 minut\" \/>\n<script type=\"application\/ld+json\" class=\"yoast-schema-graph\">{\"@context\":\"https:\/\/schema.org\",\"@graph\":[{\"@type\":\"WebPage\",\"@id\":\"https:\/\/espak.ee\/epood\/toode\/dusialus-sabina-80-la-800800mm-valge-ravak-tellimisel\/\",\"url\":\"https:\/\/espak.ee\/epood\/toode\/dusialus-sabina-80-la-800800mm-valge-ravak-tellimisel\/\",\"name\":\"DU\u0160IALUS SABINA-80 LA 800*800MM VALGE RAVAK - TELLIMISEL - Espak E-pood\",\"isPartOf\":{\"@id\":\"https:\/\/espak.ee\/epood\/#website\"},\"primaryImageOfPage\":{\"@id\":\"https:\/\/espak.ee\/epood\/toode\/dusialus-sabina-80-la-800800mm-valge-ravak-tellimisel\/#primaryimage\"},\"image\":{\"@id\":\"https:\/\/espak.ee\/epood\/toode\/dusialus-sabina-80-la-800800mm-valge-ravak-tellimisel\/#primaryimage\"},\"thumbnailUrl\":\"https:\/\/espak.ee\/epood\/wp-content\/uploads\/2022\/05\/foto-z-ravak-profi-2011_stranka_110_obraz_00191.jpg\",\"datePublished\":\"2022-05-13T00:10:44+00:00\",\"dateModified\":\"2026-03-22T17:07:16+00:00\",\"breadcrumb\":{\"@id\":\"https:\/\/espak.ee\/epood\/toode\/dusialus-sabina-80-la-800800mm-valge-ravak-tellimisel\/#breadcrumb\"},\"inLanguage\":\"et\",\"potentialAction\":[{\"@type\":\"ReadAction\",\"target\":[\"https:\/\/espak.ee\/epood\/toode\/dusialus-sabina-80-la-800800mm-valge-ravak-tellimisel\/\"]}]},{\"@type\":\"ImageObject\",\"inLanguage\":\"et\",\"@id\":\"https:\/\/espak.ee\/epood\/toode\/dusialus-sabina-80-la-800800mm-valge-ravak-tellimisel\/#primaryimage\",\"url\":\"https:\/\/espak.ee\/epood\/wp-content\/uploads\/2022\/05\/foto-z-ravak-profi-2011_stranka_110_obraz_00191.jpg\",\"contentUrl\":\"https:\/\/espak.ee\/epood\/wp-content\/uploads\/2022\/05\/foto-z-ravak-profi-2011_stranka_110_obraz_00191.jpg\",\"width\":800,\"height\":800},{\"@type\":\"BreadcrumbList\",\"@id\":\"https:\/\/espak.ee\/epood\/toode\/dusialus-sabina-80-la-800800mm-valge-ravak-tellimisel\/#breadcrumb\",\"itemListElement\":[{\"@type\":\"ListItem\",\"position\":1,\"name\":\"Home\",\"item\":\"https:\/\/espak.ee\/epood\/\"},{\"@type\":\"ListItem\",\"position\":2,\"name\":\"Tootevalik\",\"item\":\"https:\/\/espak.ee\/epood\/tootevalik\/\"},{\"@type\":\"ListItem\",\"position\":3,\"name\":\"DU\u0160IALUS SABINA-80 LA 800*800MM VALGE RAVAK &#8211; TELLIMISEL\"}]},{\"@type\":\"WebSite\",\"@id\":\"https:\/\/espak.ee\/epood\/#website\",\"url\":\"https:\/\/espak.ee\/epood\/\",\"name\":\"Espak E-pood\",\"description\":\"\",\"potentialAction\":[{\"@type\":\"SearchAction\",\"target\":{\"@type\":\"EntryPoint\",\"urlTemplate\":\"https:\/\/espak.ee\/epood\/?s={search_term_string}\"},\"query-input\":{\"@type\":\"PropertyValueSpecification\",\"valueRequired\":true,\"valueName\":\"search_term_string\"}}],\"inLanguage\":\"et\"}]}<\/script>\n<!-- \/ Yoast SEO plugin. -->","yoast_head_json":{"title":"DU\u0160IALUS SABINA-80 LA 800*800MM VALGE RAVAK - TELLIMISEL - Espak E-pood","robots":{"index":"index","follow":"follow","max-snippet":"max-snippet:-1","max-image-preview":"max-image-preview:large","max-video-preview":"max-video-preview:-1"},"canonical":"https:\/\/espak.ee\/epood\/toode\/dusialus-sabina-80-la-800800mm-valge-ravak-tellimisel\/","og_locale":"et_EE","og_type":"article","og_title":"DU\u0160IALUS SABINA-80 LA 800*800MM VALGE RAVAK - TELLIMISEL - Espak E-pood","og_url":"https:\/\/espak.ee\/epood\/toode\/dusialus-sabina-80-la-800800mm-valge-ravak-tellimisel\/","og_site_name":"Espak E-pood","article_modified_time":"2026-03-22T17:07:16+00:00","og_image":[{"width":800,"height":800,"url":"https:\/\/espak.ee\/epood\/wp-content\/uploads\/2022\/05\/foto-z-ravak-profi-2011_stranka_110_obraz_00191.jpg","type":"image\/jpeg"}],"twitter_card":"summary_large_image","twitter_misc":{"Est. reading time":"1 minut"},"schema":{"@context":"https:\/\/schema.org","@graph":[{"@type":"WebPage","@id":"https:\/\/espak.ee\/epood\/toode\/dusialus-sabina-80-la-800800mm-valge-ravak-tellimisel\/","url":"https:\/\/espak.ee\/epood\/toode\/dusialus-sabina-80-la-800800mm-valge-ravak-tellimisel\/","name":"DU\u0160IALUS SABINA-80 LA 800*800MM VALGE RAVAK - TELLIMISEL - Espak E-pood","isPartOf":{"@id":"https:\/\/espak.ee\/epood\/#website"},"primaryImageOfPage":{"@id":"https:\/\/espak.ee\/epood\/toode\/dusialus-sabina-80-la-800800mm-valge-ravak-tellimisel\/#primaryimage"},"image":{"@id":"https:\/\/espak.ee\/epood\/toode\/dusialus-sabina-80-la-800800mm-valge-ravak-tellimisel\/#primaryimage"},"thumbnailUrl":"https:\/\/espak.ee\/epood\/wp-content\/uploads\/2022\/05\/foto-z-ravak-profi-2011_stranka_110_obraz_00191.jpg","datePublished":"2022-05-13T00:10:44+00:00","dateModified":"2026-03-22T17:07:16+00:00","breadcrumb":{"@id":"https:\/\/espak.ee\/epood\/toode\/dusialus-sabina-80-la-800800mm-valge-ravak-tellimisel\/#breadcrumb"},"inLanguage":"et","potentialAction":[{"@type":"ReadAction","target":["https:\/\/espak.ee\/epood\/toode\/dusialus-sabina-80-la-800800mm-valge-ravak-tellimisel\/"]}]},{"@type":"ImageObject","inLanguage":"et","@id":"https:\/\/espak.ee\/epood\/toode\/dusialus-sabina-80-la-800800mm-valge-ravak-tellimisel\/#primaryimage","url":"https:\/\/espak.ee\/epood\/wp-content\/uploads\/2022\/05\/foto-z-ravak-profi-2011_stranka_110_obraz_00191.jpg","contentUrl":"https:\/\/espak.ee\/epood\/wp-content\/uploads\/2022\/05\/foto-z-ravak-profi-2011_stranka_110_obraz_00191.jpg","width":800,"height":800},{"@type":"BreadcrumbList","@id":"https:\/\/espak.ee\/epood\/toode\/dusialus-sabina-80-la-800800mm-valge-ravak-tellimisel\/#breadcrumb","itemListElement":[{"@type":"ListItem","position":1,"name":"Home","item":"https:\/\/espak.ee\/epood\/"},{"@type":"ListItem","position":2,"name":"Tootevalik","item":"https:\/\/espak.ee\/epood\/tootevalik\/"},{"@type":"ListItem","position":3,"name":"DU\u0160IALUS SABINA-80 LA 800*800MM VALGE RAVAK &#8211; TELLIMISEL"}]},{"@type":"WebSite","@id":"https:\/\/espak.ee\/epood\/#website","url":"https:\/\/espak.ee\/epood\/","name":"Espak E-pood","description":"","potentialAction":[{"@type":"SearchAction","target":{"@type":"EntryPoint","urlTemplate":"https:\/\/espak.ee\/epood\/?s={search_term_string}"},"query-input":{"@type":"PropertyValueSpecification","valueRequired":true,"valueName":"search_term_string"}}],"inLanguage":"et"}]}},"_links":{"self":[{"href":"https:\/\/espak.ee\/epood\/wp-json\/wp\/v2\/product\/118601","targetHints":{"allow":["GET"]}}],"collection":[{"href":"https:\/\/espak.ee\/epood\/wp-json\/wp\/v2\/product"}],"about":[{"href":"https:\/\/espak.ee\/epood\/wp-json\/wp\/v2\/types\/product"}],"replies":[{"embeddable":true,"href":"https:\/\/espak.ee\/epood\/wp-json\/wp\/v2\/comments?post=118601"}],"wp:featuredmedia":[{"embeddable":true,"href":"https:\/\/espak.ee\/epood\/wp-json\/wp\/v2\/media\/131166"}],"wp:attachment":[{"href":"https:\/\/espak.ee\/epood\/wp-json\/wp\/v2\/media?parent=118601"}],"wp:term":[{"taxonomy":"product_brand","embeddable":true,"href":"https:\/\/espak.ee\/epood\/wp-json\/wp\/v2\/product_brand?post=118601"},{"taxonomy":"product_cat","embeddable":true,"href":"https:\/\/espak.ee\/epood\/wp-json\/wp\/v2\/product_cat?post=118601"},{"taxonomy":"product_tag","embeddable":true,"href":"https:\/\/espak.ee\/epood\/wp-json\/wp\/v2\/product_tag?post=118601"}],"curies":[{"name":"wp","href":"https:\/\/api.w.org\/{rel}","templated":true}]}}