{"id":117992,"date":"2022-05-06T04:13:27","date_gmt":"2022-05-06T04:13:27","guid":{"rendered":"https:\/\/espak.ee\/epood\/?post_type=product&#038;p=117992"},"modified":"2024-03-23T03:48:57","modified_gmt":"2024-03-23T01:48:57","slug":"kolmekihiline-korduvkasutatav-naomask-portwest-cv33-must","status":"publish","type":"product","link":"https:\/\/espak.ee\/epood\/toode\/kolmekihiline-korduvkasutatav-naomask-portwest-cv33-must\/","title":{"rendered":"KOLMEKIHILINE KORDUVKASUTATAV N\u00c4OMASK PORTWEST CV33 MUST"},"content":{"rendered":"<div class=\"row\"  id=\"row-795841081\">\n\n\t<div id=\"col-741563926\" class=\"col medium-9 small-12 large-9\"  >\n\t\t\t\t<div class=\"col-inner\"  >\n\t\t\t\n\t\t\t\n<h2>PORTWEST CV33 kolmekihiline korduvkasutatav n\u00e4omask must<\/h2>\n<p>PORTWEST CV33 kolmekihiline korduvkasutatav n\u00e4omask antimikroobse viimistlusega. Tapab 99,9% bakteritest ja kontrollib arvukalt l\u00f5hna p\u00f5hjustavaid mikroorganisme, mis v\u00f5ivad nahaga kokkupuutel ja pesemisel kiududesse koguneda. Sisemine puuvillane riie kogu p\u00e4eva mugavuse tagamiseks.<br \/>\n Elastsed reguleeritavad k\u00f5rva-aasad.<br \/>\n Masinpestav 60 kraadi juures.<br \/>\n Lamedaks volditud mask on pakitud eraldi kilekotti.<\/p>\n<p>&#8211; Korduvkasutatav ja masinpestav 60 kraadi juures (max. 50 korda)<br \/>\n&#8211; 100% puuvillane hingav sisemine kangas tagab mugavuse kogu p\u00e4evaks<br \/>\n&#8211; Antimikroobne toime tapab 99,9% baktereist<br \/>\n&#8211; Bakterioloogilise filtreerimise efektiivsus 52% vastavalt  EN 14683:2019+AC:2019, Intertek test GZHT02317339<br \/>\n&#8211; Kontrollib arvukalt l\u00f5hna p\u00f5hjustavaid mikroorganisme, mis v\u00f5ivad nahaga kokkupuutel ja pesemisel koguneda kiududesse<br \/>\n&#8211; Hoiab n\u00e4o v\u00e4rske, kuiva ja l\u00f5hnavaba<br \/>\n&#8211; Puuvilla pehme puudutus tagab kasutajamugavuse<\/p>\n<p>PORTWEST CV33 kolmekihilise korduvkasutatava n\u00e4omaski eesm\u00e4rk on p\u00fc\u00fcda kinni v\u00f5imalikult palju maskikandja s\u00fcljepiisakesi, mis v\u00f5ivad viirusi ja baktereid teistele edasi kanda. Ilma maskita v\u00f5ivad osakesed k\u00f6himisel ja aevastamisel levida mitme meetri kaugusele, n\u00e4omask v\u00e4hendab seda ohtu. N\u00e4omaski eesm\u00e4rk pole kaitsta kandjat \u00f5hus levivate bakterite v\u00f5i viiruseosakeste sissehingamise eest.<\/p>\n<p>Enne maski paigaldamist tuleb alati enne k\u00e4ed sooja veega puhtaks pesta ja\/v\u00f5i desinfitseerida v\u00e4ltimaks nakkustekitaja kandmist n\u00e4ole.<\/p>\n<p>NB! Kolmekihiline korduvkasutatav n\u00e4omask ei ole isikukaitsevahend ega kaitse kandjat tolmu ega muude kahjulike ainete sisse hingamise eest!\n<\/p>\n\t\t<\/div>\n\t\t\t\t\t<\/div>\n\n\t\n\n\t<div id=\"col-1034057060\" class=\"col medium-3 small-12 large-3\"  >\n\t\t\t\t<div class=\"col-inner\"  >\n\t\t\t\n\t\t\t\n\t<div id=\"gap-1418872035\" class=\"gap-element clearfix\" style=\"display:block; height:auto;\">\n\t\t\n<style>\n#gap-1418872035 {\n  padding-top: 30px;\n}\n<\/style>\n\t<\/div>\n\t\n<div class=\"is-divider divider clearfix\" ><\/div>\n<p><strong>\u00dcksikasjalikuma n\u00f5u saamiseks v\u00f5tke \u00fchendust:<br \/><\/strong>Becky AS<br \/>Laki 30A \/ Kadaka tee 129<br \/>12915<br \/>Tallinn<br \/>+372 670 6880<\/p>\n<div class=\"is-divider divider clearfix\" ><\/div>\n\t\t<\/div>\n\t\t\t\t\t<\/div>\n\n\t\n<\/div>\n","protected":false},"excerpt":{"rendered":"","protected":false},"featured_media":118373,"comment_status":"closed","ping_status":"closed","template":"","meta":[],"product_brand":[],"product_cat":[2788,3015,2973,2972],"product_tag":[],"class_list":{"0":"post-117992","1":"product","2":"type-product","3":"status-publish","4":"has-post-thumbnail","6":"product_cat-aiatarbed-ja-kodukaubad","7":"product_cat-hingamiskaitsed","8":"product_cat-isikukaitsevahendid","9":"product_cat-tookaitsevahendid","10":"pa_kaubamark-becky-as","12":"first","13":"outofstock","14":"sale","15":"taxable","16":"shipping-taxable","17":"purchasable","18":"product-type-simple"},"yoast_head":"<!-- This site is optimized with the Yoast SEO plugin v26.9 - https:\/\/yoast.com\/product\/yoast-seo-wordpress\/ -->\n<title>KOLMEKIHILINE KORDUVKASUTATAV N\u00c4OMASK PORTWEST CV33 MUST - Espak E-pood<\/title>\n<meta name=\"robots\" content=\"index, follow, max-snippet:-1, max-image-preview:large, max-video-preview:-1\" \/>\n<link rel=\"canonical\" href=\"https:\/\/espak.ee\/epood\/toode\/kolmekihiline-korduvkasutatav-naomask-portwest-cv33-must\/\" \/>\n<meta property=\"og:locale\" content=\"et_EE\" \/>\n<meta property=\"og:type\" content=\"article\" \/>\n<meta property=\"og:title\" content=\"KOLMEKIHILINE KORDUVKASUTATAV N\u00c4OMASK PORTWEST CV33 MUST - Espak E-pood\" \/>\n<meta property=\"og:url\" content=\"https:\/\/espak.ee\/epood\/toode\/kolmekihiline-korduvkasutatav-naomask-portwest-cv33-must\/\" \/>\n<meta property=\"og:site_name\" content=\"Espak E-pood\" \/>\n<meta property=\"article:modified_time\" content=\"2024-03-23T01:48:57+00:00\" \/>\n<meta property=\"og:image\" content=\"https:\/\/espak.ee\/epood\/wp-content\/uploads\/2022\/05\/CV33BKR_R.jpg\" \/>\n\t<meta property=\"og:image:width\" content=\"1100\" \/>\n\t<meta property=\"og:image:height\" content=\"1100\" \/>\n\t<meta property=\"og:image:type\" content=\"image\/jpeg\" \/>\n<meta name=\"twitter:card\" content=\"summary_large_image\" \/>\n<meta name=\"twitter:label1\" content=\"Est. reading time\" \/>\n\t<meta name=\"twitter:data1\" content=\"1 minut\" \/>\n<script type=\"application\/ld+json\" class=\"yoast-schema-graph\">{\"@context\":\"https:\/\/schema.org\",\"@graph\":[{\"@type\":\"WebPage\",\"@id\":\"https:\/\/espak.ee\/epood\/toode\/kolmekihiline-korduvkasutatav-naomask-portwest-cv33-must\/\",\"url\":\"https:\/\/espak.ee\/epood\/toode\/kolmekihiline-korduvkasutatav-naomask-portwest-cv33-must\/\",\"name\":\"KOLMEKIHILINE KORDUVKASUTATAV N\u00c4OMASK PORTWEST CV33 MUST - Espak E-pood\",\"isPartOf\":{\"@id\":\"https:\/\/espak.ee\/epood\/#website\"},\"primaryImageOfPage\":{\"@id\":\"https:\/\/espak.ee\/epood\/toode\/kolmekihiline-korduvkasutatav-naomask-portwest-cv33-must\/#primaryimage\"},\"image\":{\"@id\":\"https:\/\/espak.ee\/epood\/toode\/kolmekihiline-korduvkasutatav-naomask-portwest-cv33-must\/#primaryimage\"},\"thumbnailUrl\":\"https:\/\/espak.ee\/epood\/wp-content\/uploads\/2022\/05\/CV33BKR_R.jpg\",\"datePublished\":\"2022-05-06T04:13:27+00:00\",\"dateModified\":\"2024-03-23T01:48:57+00:00\",\"breadcrumb\":{\"@id\":\"https:\/\/espak.ee\/epood\/toode\/kolmekihiline-korduvkasutatav-naomask-portwest-cv33-must\/#breadcrumb\"},\"inLanguage\":\"et\",\"potentialAction\":[{\"@type\":\"ReadAction\",\"target\":[\"https:\/\/espak.ee\/epood\/toode\/kolmekihiline-korduvkasutatav-naomask-portwest-cv33-must\/\"]}]},{\"@type\":\"ImageObject\",\"inLanguage\":\"et\",\"@id\":\"https:\/\/espak.ee\/epood\/toode\/kolmekihiline-korduvkasutatav-naomask-portwest-cv33-must\/#primaryimage\",\"url\":\"https:\/\/espak.ee\/epood\/wp-content\/uploads\/2022\/05\/CV33BKR_R.jpg\",\"contentUrl\":\"https:\/\/espak.ee\/epood\/wp-content\/uploads\/2022\/05\/CV33BKR_R.jpg\",\"width\":1100,\"height\":1100},{\"@type\":\"BreadcrumbList\",\"@id\":\"https:\/\/espak.ee\/epood\/toode\/kolmekihiline-korduvkasutatav-naomask-portwest-cv33-must\/#breadcrumb\",\"itemListElement\":[{\"@type\":\"ListItem\",\"position\":1,\"name\":\"Home\",\"item\":\"https:\/\/espak.ee\/epood\/\"},{\"@type\":\"ListItem\",\"position\":2,\"name\":\"Tootevalik\",\"item\":\"https:\/\/espak.ee\/epood\/tootevalik\/\"},{\"@type\":\"ListItem\",\"position\":3,\"name\":\"KOLMEKIHILINE KORDUVKASUTATAV N\u00c4OMASK PORTWEST CV33 MUST\"}]},{\"@type\":\"WebSite\",\"@id\":\"https:\/\/espak.ee\/epood\/#website\",\"url\":\"https:\/\/espak.ee\/epood\/\",\"name\":\"Espak E-pood\",\"description\":\"\",\"potentialAction\":[{\"@type\":\"SearchAction\",\"target\":{\"@type\":\"EntryPoint\",\"urlTemplate\":\"https:\/\/espak.ee\/epood\/?s={search_term_string}\"},\"query-input\":{\"@type\":\"PropertyValueSpecification\",\"valueRequired\":true,\"valueName\":\"search_term_string\"}}],\"inLanguage\":\"et\"}]}<\/script>\n<!-- \/ Yoast SEO plugin. -->","yoast_head_json":{"title":"KOLMEKIHILINE KORDUVKASUTATAV N\u00c4OMASK PORTWEST CV33 MUST - Espak E-pood","robots":{"index":"index","follow":"follow","max-snippet":"max-snippet:-1","max-image-preview":"max-image-preview:large","max-video-preview":"max-video-preview:-1"},"canonical":"https:\/\/espak.ee\/epood\/toode\/kolmekihiline-korduvkasutatav-naomask-portwest-cv33-must\/","og_locale":"et_EE","og_type":"article","og_title":"KOLMEKIHILINE KORDUVKASUTATAV N\u00c4OMASK PORTWEST CV33 MUST - Espak E-pood","og_url":"https:\/\/espak.ee\/epood\/toode\/kolmekihiline-korduvkasutatav-naomask-portwest-cv33-must\/","og_site_name":"Espak E-pood","article_modified_time":"2024-03-23T01:48:57+00:00","og_image":[{"width":1100,"height":1100,"url":"https:\/\/espak.ee\/epood\/wp-content\/uploads\/2022\/05\/CV33BKR_R.jpg","type":"image\/jpeg"}],"twitter_card":"summary_large_image","twitter_misc":{"Est. reading time":"1 minut"},"schema":{"@context":"https:\/\/schema.org","@graph":[{"@type":"WebPage","@id":"https:\/\/espak.ee\/epood\/toode\/kolmekihiline-korduvkasutatav-naomask-portwest-cv33-must\/","url":"https:\/\/espak.ee\/epood\/toode\/kolmekihiline-korduvkasutatav-naomask-portwest-cv33-must\/","name":"KOLMEKIHILINE KORDUVKASUTATAV N\u00c4OMASK PORTWEST CV33 MUST - Espak E-pood","isPartOf":{"@id":"https:\/\/espak.ee\/epood\/#website"},"primaryImageOfPage":{"@id":"https:\/\/espak.ee\/epood\/toode\/kolmekihiline-korduvkasutatav-naomask-portwest-cv33-must\/#primaryimage"},"image":{"@id":"https:\/\/espak.ee\/epood\/toode\/kolmekihiline-korduvkasutatav-naomask-portwest-cv33-must\/#primaryimage"},"thumbnailUrl":"https:\/\/espak.ee\/epood\/wp-content\/uploads\/2022\/05\/CV33BKR_R.jpg","datePublished":"2022-05-06T04:13:27+00:00","dateModified":"2024-03-23T01:48:57+00:00","breadcrumb":{"@id":"https:\/\/espak.ee\/epood\/toode\/kolmekihiline-korduvkasutatav-naomask-portwest-cv33-must\/#breadcrumb"},"inLanguage":"et","potentialAction":[{"@type":"ReadAction","target":["https:\/\/espak.ee\/epood\/toode\/kolmekihiline-korduvkasutatav-naomask-portwest-cv33-must\/"]}]},{"@type":"ImageObject","inLanguage":"et","@id":"https:\/\/espak.ee\/epood\/toode\/kolmekihiline-korduvkasutatav-naomask-portwest-cv33-must\/#primaryimage","url":"https:\/\/espak.ee\/epood\/wp-content\/uploads\/2022\/05\/CV33BKR_R.jpg","contentUrl":"https:\/\/espak.ee\/epood\/wp-content\/uploads\/2022\/05\/CV33BKR_R.jpg","width":1100,"height":1100},{"@type":"BreadcrumbList","@id":"https:\/\/espak.ee\/epood\/toode\/kolmekihiline-korduvkasutatav-naomask-portwest-cv33-must\/#breadcrumb","itemListElement":[{"@type":"ListItem","position":1,"name":"Home","item":"https:\/\/espak.ee\/epood\/"},{"@type":"ListItem","position":2,"name":"Tootevalik","item":"https:\/\/espak.ee\/epood\/tootevalik\/"},{"@type":"ListItem","position":3,"name":"KOLMEKIHILINE KORDUVKASUTATAV N\u00c4OMASK PORTWEST CV33 MUST"}]},{"@type":"WebSite","@id":"https:\/\/espak.ee\/epood\/#website","url":"https:\/\/espak.ee\/epood\/","name":"Espak E-pood","description":"","potentialAction":[{"@type":"SearchAction","target":{"@type":"EntryPoint","urlTemplate":"https:\/\/espak.ee\/epood\/?s={search_term_string}"},"query-input":{"@type":"PropertyValueSpecification","valueRequired":true,"valueName":"search_term_string"}}],"inLanguage":"et"}]}},"_links":{"self":[{"href":"https:\/\/espak.ee\/epood\/wp-json\/wp\/v2\/product\/117992","targetHints":{"allow":["GET"]}}],"collection":[{"href":"https:\/\/espak.ee\/epood\/wp-json\/wp\/v2\/product"}],"about":[{"href":"https:\/\/espak.ee\/epood\/wp-json\/wp\/v2\/types\/product"}],"replies":[{"embeddable":true,"href":"https:\/\/espak.ee\/epood\/wp-json\/wp\/v2\/comments?post=117992"}],"wp:featuredmedia":[{"embeddable":true,"href":"https:\/\/espak.ee\/epood\/wp-json\/wp\/v2\/media\/118373"}],"wp:attachment":[{"href":"https:\/\/espak.ee\/epood\/wp-json\/wp\/v2\/media?parent=117992"}],"wp:term":[{"taxonomy":"product_brand","embeddable":true,"href":"https:\/\/espak.ee\/epood\/wp-json\/wp\/v2\/product_brand?post=117992"},{"taxonomy":"product_cat","embeddable":true,"href":"https:\/\/espak.ee\/epood\/wp-json\/wp\/v2\/product_cat?post=117992"},{"taxonomy":"product_tag","embeddable":true,"href":"https:\/\/espak.ee\/epood\/wp-json\/wp\/v2\/product_tag?post=117992"}],"curies":[{"name":"wp","href":"https:\/\/api.w.org\/{rel}","templated":true}]}}