{"id":11718,"date":"2019-11-26T02:46:32","date_gmt":"2019-11-26T00:46:32","guid":{"rendered":"https:\/\/espak.ee\/hinnakiri\/?post_type=product&#038;p=11718"},"modified":"2024-11-09T19:48:18","modified_gmt":"2024-11-09T17:48:18","slug":"kulmumisvastase-lisandiga-muuri-ja-krohvisegu-sakret-zf-25kg","status":"publish","type":"product","link":"https:\/\/espak.ee\/epood\/toode\/kulmumisvastase-lisandiga-muuri-ja-krohvisegu-sakret-zf-25kg\/","title":{"rendered":"K\u00dcLMUMISVASTASE LISANDIGA M\u00dc\u00dcRI- JA KROHVISEGU SAKRET ZF 25KG"},"content":{"rendered":"<div class=\"row\"  id=\"row-1387366112\">\n\n\t<div id=\"col-374928914\" class=\"col medium-9 small-12 large-9\"  >\n\t\t\t\t<div class=\"col-inner\"  >\n\t\t\t\n\t\t\t\n<h2>ZF K\u00fclmumisvastase lisandiga m\u00fc\u00fcri-ja krohvisegu<\/h2>\n<div class=\"message-box relative\" style=\"padding-top:15px;padding-bottom:15px;\"><div class=\"message-box-bg-image bg-fill fill\" ><\/div><div class=\"message-box-bg-overlay bg-fill fill\" ><\/div><div class=\"container relative\"><div class=\"inner last-reset\">\n<div class=\"row align-middle align-center\"  id=\"row-1337847727\">\n\n\t<div id=\"col-1603407619\" class=\"col small-12 large-12\"  >\n\t\t\t\t<div class=\"col-inner text-left\"  >\n\t\t\t\n\t\t\t\n<h4>Omadused<\/h4>\n<div class=\"row\"  id=\"row-1850236453\">\n\n\t<div id=\"col-709591832\" class=\"col medium-6 small-12 large-6\"  >\n\t\t\t\t<div class=\"col-inner\"  >\n\t\t\t\n\t\t\t\n<p><i class=\"fa fa-check fa-2x\"><\/i> <strong>V\u00e4lis- ja siset\u00f6\u00f6deks<\/strong><\/p>\n<p><i class=\"fa fa-check fa-2x\"><\/i> <strong>Kasutamiseks kuni -10\u00b0C pakasega<\/strong><\/p>\n\t\t<\/div>\n\t\t\t\t\n<style>\n#col-709591832 > .col-inner {\n  margin: 0px 0px 15px 0px;\n}\n<\/style>\n\t<\/div>\n\n\t\n\n\t<div id=\"col-1154339487\" class=\"col medium-6 small-12 large-6\"  >\n\t\t\t\t<div class=\"col-inner\"  >\n\t\t\t\n\t\t\t\n<p><i class=\"fa fa-check fa-2x\"><\/i> <strong>Veeauru l\u00e4bilaskev<\/strong><\/p>\n<p><i class=\"fa fa-check fa-2x\"><\/i> <strong>Vett h\u00fclgav<\/strong><\/p>\n\t\t<\/div>\n\t\t\t\t\n<style>\n#col-1154339487 > .col-inner {\n  margin: 0px 0px 15px 0px;\n}\n<\/style>\n\t<\/div>\n\n\t\n<\/div>\n\t\t<\/div>\n\t\t\t\t\t<\/div>\n\n\t\n<\/div>\n<\/div><\/div><\/div>\n\t<div id=\"gap-2086028326\" class=\"gap-element clearfix\" style=\"display:block; height:auto;\">\n\t\t\n<style>\n#gap-2086028326 {\n  padding-top: 30px;\n}\n<\/style>\n\t<\/div>\n\t\n<h3>Kasutamise \u00fcksikasjad<\/h3>\n<p><strong>Segu ettevalmistus:<\/strong> Segada kuivsegu puhta sooja veega \u00fchtlaseks t\u00fckivabaks massiks kasutades segistit, segamisaeg 4-8 min. Tarduma hakkavasse segusse vett mitte lisada! Optimaalne t\u00f6\u00f6temperatuur -10\u00b0\u0421 kuni +25\u00b0\u0421. K\u00f5rgemad temperatuurid kiirendavad segu tardumist, madalamad pikendavad. Kaitsta laotavat m\u00fc\u00fcri sademete ja muude ohustavate ilmastikum\u00f5jude eest.<\/p>\n<p><strong>M\u00fc\u00fcriladumine:<\/strong> Tellised ja plokid peavad olema puhtad ja kuivad. Segu kanda m\u00fc\u00fcrimaterjalile kellu abil. Vuukimine toimub ladumist\u00f6\u00f6de k\u00e4igus, parima kvaliteediga vuuk saavutatakse piisavalt tardunud seguga. Peale seguga nakkumist m\u00fc\u00fcrimaterjali mitte liigutada!<\/p>\n<p><strong>Krohvimine:<\/strong> Pind peab olema puhas, kandev ,tasane ja kuiv. T\u00e4ita praod ja augud. Vanad m\u00fc\u00fcritise- ja krohvipinnad tuleb puhastada liivapritsi v\u00f5i surveveega. Eemaldada pudenev krohv, koorduv v\u00e4rv, samuti \u00f5lised v\u00f5i muud nakkumist takistavad pinnad puhastada. Eriti sile ja v\u00e4heimav pind kruntida kvartsnakkekrundiga Sakret QG v\u00f5i karestada abrasiiviga. Tugevalt imavad aluspinnad kruntida krundiga Sakret BG v\u00f5i kruntkontsentraadiga Sakret UG (lahjendada veega vahekorras kuni 1:3). Sakret ZM ei sobi lubi- v\u00f5i lubitsementkrohvidega eelnevalt krohvitud pindade \u00fclekrohvimiseks!<\/p>\n\t\t<\/div>\n\t\t\t\t\t<\/div>\n\n\t\n\n\t<div id=\"col-308443959\" class=\"col medium-3 small-12 large-3\"  >\n\t\t\t\t<div class=\"col-inner\"  >\n\t\t\t\n\t\t\t\n\t<div id=\"gap-317571207\" class=\"gap-element clearfix\" style=\"display:block; height:auto;\">\n\t\t\n<style>\n#gap-317571207 {\n  padding-top: 30px;\n}\n<\/style>\n\t<\/div>\n\t\n<h3>Tehniline informatsioon<\/h3>\n<p><a href=\"https:\/\/espak.ee\/epood\/wp-content\/uploads\/ZF-tooteleht.pdf\" target=\"_blank\" rel=\"noopener noreferrer\"><i class=\"far fa-file-pdf\"><\/i> Tehniline info (PDF)<\/a><\/p>\n<h3>Ohutusalane teave<\/h3>\n<p><a href=\"https:\/\/espak.ee\/epood\/wp-content\/uploads\/ZF-ohutuskaart.pdf\" target=\"_blank\" rel=\"noopener noreferrer\"><i class=\"far fa-file-pdf\"><\/i> Ohutusalane teave (PDF)<\/a><\/p>\n<div class=\"is-divider divider clearfix\" ><\/div>\n<p><strong>\u00dcksikasjalikuma n\u00f5u saamiseks v\u00f5tke \u00fchendust:<br \/><\/strong>Sakret O\u00dc<br \/>M\u00e4o k\u00fcla<br \/>Paide linn<br \/>J\u00e4rvamaa<br \/>72751<\/p>\n<div class=\"is-divider divider clearfix\" ><\/div>\n\t\t<\/div>\n\t\t\t\t\t<\/div>\n\n\t\n<\/div>\n","protected":false},"excerpt":{"rendered":"","protected":false},"featured_media":11936,"comment_status":"closed","ping_status":"open","template":"","meta":[],"product_brand":[],"product_cat":[2861,2698,2814,2697],"product_tag":[],"class_list":{"0":"post-11718","1":"product","2":"type-product","3":"status-publish","4":"has-post-thumbnail","6":"product_cat-muurisegud","7":"product_cat-pahtlid-ja-kuivsegud","8":"product_cat-tsementsegud","9":"product_cat-uldehitus","10":"pa_kaubamark-sakret-ou","12":"first","13":"outofstock","14":"sale","15":"taxable","16":"shipping-taxable","17":"purchasable","18":"product-type-simple"},"yoast_head":"<!-- This site is optimized with the Yoast SEO plugin v26.9 - https:\/\/yoast.com\/product\/yoast-seo-wordpress\/ -->\n<title>K\u00dcLMUMISVASTASE LISANDIGA M\u00dc\u00dcRI- JA KROHVISEGU SAKRET ZF 25KG - Espak E-pood<\/title>\n<meta name=\"robots\" content=\"index, follow, max-snippet:-1, max-image-preview:large, max-video-preview:-1\" \/>\n<link rel=\"canonical\" href=\"https:\/\/espak.ee\/epood\/toode\/kulmumisvastase-lisandiga-muuri-ja-krohvisegu-sakret-zf-25kg\/\" \/>\n<meta property=\"og:locale\" content=\"et_EE\" \/>\n<meta property=\"og:type\" content=\"article\" \/>\n<meta property=\"og:title\" content=\"K\u00dcLMUMISVASTASE LISANDIGA M\u00dc\u00dcRI- JA KROHVISEGU SAKRET ZF 25KG - Espak E-pood\" \/>\n<meta property=\"og:url\" content=\"https:\/\/espak.ee\/epood\/toode\/kulmumisvastase-lisandiga-muuri-ja-krohvisegu-sakret-zf-25kg\/\" \/>\n<meta property=\"og:site_name\" content=\"Espak E-pood\" \/>\n<meta property=\"article:modified_time\" content=\"2024-11-09T17:48:18+00:00\" \/>\n<meta property=\"og:image\" content=\"https:\/\/espak.ee\/epood\/wp-content\/uploads\/ZF.png\" \/>\n\t<meta property=\"og:image:width\" content=\"1024\" \/>\n\t<meta property=\"og:image:height\" content=\"1024\" \/>\n\t<meta property=\"og:image:type\" content=\"image\/png\" \/>\n<meta name=\"twitter:card\" content=\"summary_large_image\" \/>\n<meta name=\"twitter:label1\" content=\"Est. reading time\" \/>\n\t<meta name=\"twitter:data1\" content=\"1 minut\" \/>\n<script type=\"application\/ld+json\" class=\"yoast-schema-graph\">{\"@context\":\"https:\/\/schema.org\",\"@graph\":[{\"@type\":\"WebPage\",\"@id\":\"https:\/\/espak.ee\/epood\/toode\/kulmumisvastase-lisandiga-muuri-ja-krohvisegu-sakret-zf-25kg\/\",\"url\":\"https:\/\/espak.ee\/epood\/toode\/kulmumisvastase-lisandiga-muuri-ja-krohvisegu-sakret-zf-25kg\/\",\"name\":\"K\u00dcLMUMISVASTASE LISANDIGA M\u00dc\u00dcRI- JA KROHVISEGU SAKRET ZF 25KG - Espak E-pood\",\"isPartOf\":{\"@id\":\"https:\/\/espak.ee\/epood\/#website\"},\"primaryImageOfPage\":{\"@id\":\"https:\/\/espak.ee\/epood\/toode\/kulmumisvastase-lisandiga-muuri-ja-krohvisegu-sakret-zf-25kg\/#primaryimage\"},\"image\":{\"@id\":\"https:\/\/espak.ee\/epood\/toode\/kulmumisvastase-lisandiga-muuri-ja-krohvisegu-sakret-zf-25kg\/#primaryimage\"},\"thumbnailUrl\":\"https:\/\/espak.ee\/epood\/wp-content\/uploads\/ZF.png\",\"datePublished\":\"2019-11-26T00:46:32+00:00\",\"dateModified\":\"2024-11-09T17:48:18+00:00\",\"breadcrumb\":{\"@id\":\"https:\/\/espak.ee\/epood\/toode\/kulmumisvastase-lisandiga-muuri-ja-krohvisegu-sakret-zf-25kg\/#breadcrumb\"},\"inLanguage\":\"et\",\"potentialAction\":[{\"@type\":\"ReadAction\",\"target\":[\"https:\/\/espak.ee\/epood\/toode\/kulmumisvastase-lisandiga-muuri-ja-krohvisegu-sakret-zf-25kg\/\"]}]},{\"@type\":\"ImageObject\",\"inLanguage\":\"et\",\"@id\":\"https:\/\/espak.ee\/epood\/toode\/kulmumisvastase-lisandiga-muuri-ja-krohvisegu-sakret-zf-25kg\/#primaryimage\",\"url\":\"https:\/\/espak.ee\/epood\/wp-content\/uploads\/ZF.png\",\"contentUrl\":\"https:\/\/espak.ee\/epood\/wp-content\/uploads\/ZF.png\",\"width\":1024,\"height\":1024},{\"@type\":\"BreadcrumbList\",\"@id\":\"https:\/\/espak.ee\/epood\/toode\/kulmumisvastase-lisandiga-muuri-ja-krohvisegu-sakret-zf-25kg\/#breadcrumb\",\"itemListElement\":[{\"@type\":\"ListItem\",\"position\":1,\"name\":\"Home\",\"item\":\"https:\/\/espak.ee\/epood\/\"},{\"@type\":\"ListItem\",\"position\":2,\"name\":\"Tootevalik\",\"item\":\"https:\/\/espak.ee\/epood\/tootevalik\/\"},{\"@type\":\"ListItem\",\"position\":3,\"name\":\"K\u00dcLMUMISVASTASE LISANDIGA M\u00dc\u00dcRI- JA KROHVISEGU SAKRET ZF 25KG\"}]},{\"@type\":\"WebSite\",\"@id\":\"https:\/\/espak.ee\/epood\/#website\",\"url\":\"https:\/\/espak.ee\/epood\/\",\"name\":\"Espak E-pood\",\"description\":\"\",\"potentialAction\":[{\"@type\":\"SearchAction\",\"target\":{\"@type\":\"EntryPoint\",\"urlTemplate\":\"https:\/\/espak.ee\/epood\/?s={search_term_string}\"},\"query-input\":{\"@type\":\"PropertyValueSpecification\",\"valueRequired\":true,\"valueName\":\"search_term_string\"}}],\"inLanguage\":\"et\"}]}<\/script>\n<!-- \/ Yoast SEO plugin. -->","yoast_head_json":{"title":"K\u00dcLMUMISVASTASE LISANDIGA M\u00dc\u00dcRI- JA KROHVISEGU SAKRET ZF 25KG - Espak E-pood","robots":{"index":"index","follow":"follow","max-snippet":"max-snippet:-1","max-image-preview":"max-image-preview:large","max-video-preview":"max-video-preview:-1"},"canonical":"https:\/\/espak.ee\/epood\/toode\/kulmumisvastase-lisandiga-muuri-ja-krohvisegu-sakret-zf-25kg\/","og_locale":"et_EE","og_type":"article","og_title":"K\u00dcLMUMISVASTASE LISANDIGA M\u00dc\u00dcRI- JA KROHVISEGU SAKRET ZF 25KG - Espak E-pood","og_url":"https:\/\/espak.ee\/epood\/toode\/kulmumisvastase-lisandiga-muuri-ja-krohvisegu-sakret-zf-25kg\/","og_site_name":"Espak E-pood","article_modified_time":"2024-11-09T17:48:18+00:00","og_image":[{"width":1024,"height":1024,"url":"https:\/\/espak.ee\/epood\/wp-content\/uploads\/ZF.png","type":"image\/png"}],"twitter_card":"summary_large_image","twitter_misc":{"Est. reading time":"1 minut"},"schema":{"@context":"https:\/\/schema.org","@graph":[{"@type":"WebPage","@id":"https:\/\/espak.ee\/epood\/toode\/kulmumisvastase-lisandiga-muuri-ja-krohvisegu-sakret-zf-25kg\/","url":"https:\/\/espak.ee\/epood\/toode\/kulmumisvastase-lisandiga-muuri-ja-krohvisegu-sakret-zf-25kg\/","name":"K\u00dcLMUMISVASTASE LISANDIGA M\u00dc\u00dcRI- JA KROHVISEGU SAKRET ZF 25KG - Espak E-pood","isPartOf":{"@id":"https:\/\/espak.ee\/epood\/#website"},"primaryImageOfPage":{"@id":"https:\/\/espak.ee\/epood\/toode\/kulmumisvastase-lisandiga-muuri-ja-krohvisegu-sakret-zf-25kg\/#primaryimage"},"image":{"@id":"https:\/\/espak.ee\/epood\/toode\/kulmumisvastase-lisandiga-muuri-ja-krohvisegu-sakret-zf-25kg\/#primaryimage"},"thumbnailUrl":"https:\/\/espak.ee\/epood\/wp-content\/uploads\/ZF.png","datePublished":"2019-11-26T00:46:32+00:00","dateModified":"2024-11-09T17:48:18+00:00","breadcrumb":{"@id":"https:\/\/espak.ee\/epood\/toode\/kulmumisvastase-lisandiga-muuri-ja-krohvisegu-sakret-zf-25kg\/#breadcrumb"},"inLanguage":"et","potentialAction":[{"@type":"ReadAction","target":["https:\/\/espak.ee\/epood\/toode\/kulmumisvastase-lisandiga-muuri-ja-krohvisegu-sakret-zf-25kg\/"]}]},{"@type":"ImageObject","inLanguage":"et","@id":"https:\/\/espak.ee\/epood\/toode\/kulmumisvastase-lisandiga-muuri-ja-krohvisegu-sakret-zf-25kg\/#primaryimage","url":"https:\/\/espak.ee\/epood\/wp-content\/uploads\/ZF.png","contentUrl":"https:\/\/espak.ee\/epood\/wp-content\/uploads\/ZF.png","width":1024,"height":1024},{"@type":"BreadcrumbList","@id":"https:\/\/espak.ee\/epood\/toode\/kulmumisvastase-lisandiga-muuri-ja-krohvisegu-sakret-zf-25kg\/#breadcrumb","itemListElement":[{"@type":"ListItem","position":1,"name":"Home","item":"https:\/\/espak.ee\/epood\/"},{"@type":"ListItem","position":2,"name":"Tootevalik","item":"https:\/\/espak.ee\/epood\/tootevalik\/"},{"@type":"ListItem","position":3,"name":"K\u00dcLMUMISVASTASE LISANDIGA M\u00dc\u00dcRI- JA KROHVISEGU SAKRET ZF 25KG"}]},{"@type":"WebSite","@id":"https:\/\/espak.ee\/epood\/#website","url":"https:\/\/espak.ee\/epood\/","name":"Espak E-pood","description":"","potentialAction":[{"@type":"SearchAction","target":{"@type":"EntryPoint","urlTemplate":"https:\/\/espak.ee\/epood\/?s={search_term_string}"},"query-input":{"@type":"PropertyValueSpecification","valueRequired":true,"valueName":"search_term_string"}}],"inLanguage":"et"}]}},"_links":{"self":[{"href":"https:\/\/espak.ee\/epood\/wp-json\/wp\/v2\/product\/11718","targetHints":{"allow":["GET"]}}],"collection":[{"href":"https:\/\/espak.ee\/epood\/wp-json\/wp\/v2\/product"}],"about":[{"href":"https:\/\/espak.ee\/epood\/wp-json\/wp\/v2\/types\/product"}],"replies":[{"embeddable":true,"href":"https:\/\/espak.ee\/epood\/wp-json\/wp\/v2\/comments?post=11718"}],"wp:featuredmedia":[{"embeddable":true,"href":"https:\/\/espak.ee\/epood\/wp-json\/wp\/v2\/media\/11936"}],"wp:attachment":[{"href":"https:\/\/espak.ee\/epood\/wp-json\/wp\/v2\/media?parent=11718"}],"wp:term":[{"taxonomy":"product_brand","embeddable":true,"href":"https:\/\/espak.ee\/epood\/wp-json\/wp\/v2\/product_brand?post=11718"},{"taxonomy":"product_cat","embeddable":true,"href":"https:\/\/espak.ee\/epood\/wp-json\/wp\/v2\/product_cat?post=11718"},{"taxonomy":"product_tag","embeddable":true,"href":"https:\/\/espak.ee\/epood\/wp-json\/wp\/v2\/product_tag?post=11718"}],"curies":[{"name":"wp","href":"https:\/\/api.w.org\/{rel}","templated":true}]}}