{"id":11703,"date":"2019-11-26T02:46:23","date_gmt":"2019-11-26T00:46:23","guid":{"rendered":"https:\/\/espak.ee\/hinnakiri\/?post_type=product&#038;p=11703"},"modified":"2024-03-23T00:09:34","modified_gmt":"2024-03-22T22:09:34","slug":"mineraalne-dekoratiivkrohv-sakret-sbp-25kg","status":"publish","type":"product","link":"https:\/\/espak.ee\/epood\/toode\/mineraalne-dekoratiivkrohv-sakret-sbp-25kg\/","title":{"rendered":"MINERAALNE DEKORATIIVKROHV SAKRET SBP 25KG"},"content":{"rendered":"<div class=\"row\"  id=\"row-2086326495\">\n\n\t<div id=\"col-1167797401\" class=\"col medium-9 small-12 large-9\"  >\n\t\t\t\t<div class=\"col-inner\"  >\n\t\t\t\n\t\t\t\n<h2>SBP mineraalne dekoratiivkrohv<\/h2>\n<div class=\"message-box relative\" style=\"padding-top:15px;padding-bottom:15px;\"><div class=\"message-box-bg-image bg-fill fill\" ><\/div><div class=\"message-box-bg-overlay bg-fill fill\" ><\/div><div class=\"container relative\"><div class=\"inner last-reset\">\n<div class=\"row align-middle align-center\"  id=\"row-464509823\">\n\n\t<div id=\"col-166234946\" class=\"col small-12 large-12\"  >\n\t\t\t\t<div class=\"col-inner text-left\"  >\n\t\t\t\n\t\t\t\n<h4>Omadused<\/h4>\n<div class=\"row\"  id=\"row-727316290\">\n\n\t<div id=\"col-645812226\" class=\"col medium-6 small-12 large-6\"  >\n\t\t\t\t<div class=\"col-inner\"  >\n\t\t\t\n\t\t\t\n<p><i class=\"fa fa-check fa-2x\"><\/i> <strong>Valge tsemendi ja lubja sideainel<\/strong><\/p>\n<p><i class=\"fa fa-check fa-2x\"><\/i> <strong>V\u00e4lis- ja siset\u00f6\u00f6deks<\/strong><\/p>\n\t\t<\/div>\n\t\t\t\t\n<style>\n#col-645812226 > .col-inner {\n  margin: 0px 0px 15px 0px;\n}\n<\/style>\n\t<\/div>\n\n\t\n\n\t<div id=\"col-648956363\" class=\"col medium-6 small-12 large-6\"  >\n\t\t\t\t<div class=\"col-inner\"  >\n\t\t\t\n\t\t\t\n<p><i class=\"fa fa-check fa-2x\"><\/i> <strong>V\u00f5imalik toonida mineraalsete kuivpigmentidega<\/strong><\/p>\n<p><i class=\"fa fa-check fa-2x\"><\/i> <strong>K\u00e4sitsi ja pihustiga pealekandmiseks<\/strong><\/p>\n\t\t<\/div>\n\t\t\t\t\n<style>\n#col-648956363 > .col-inner {\n  margin: 0px 0px 15px 0px;\n}\n<\/style>\n\t<\/div>\n\n\t\n<\/div>\n\t\t<\/div>\n\t\t\t\t\t<\/div>\n\n\t\n<\/div>\n<\/div><\/div><\/div>\n\t<div id=\"gap-2061727629\" class=\"gap-element clearfix\" style=\"display:block; height:auto;\">\n\t\t\n<style>\n#gap-2061727629 {\n  padding-top: 30px;\n}\n<\/style>\n\t<\/div>\n\t\n<h3>Kasutamise \u00fcksikasjad<\/h3>\n<p><strong>Aluspinna ettevalmistus:<\/strong> Pind peab olema puhas, tasane ja kuiv. T\u00e4ita praod ja augud. Eemaldada pudenev krohv, koorduv v\u00e4rv, samuti \u00f5lised v\u00f5i muud nakkumist takistavad pinnad puhastada. Aluspinnad kruntida krundiga Sakret PG. Krunti on v\u00f5imalik toonida krohvkatte v\u00e4rvimiseks m\u00f5eldud v\u00e4rviga samasse tooni.<\/p>\n<p><strong>Kasutamine:<\/strong> Krohv segada puhtas n\u00f5us puhta k\u00fclma veega t\u00fckivabaks massiks ning segamist korrata 5 minuti p\u00e4rast. Krohvi toonimiseks kuivpigmentidega juhinduda Sakreti kuivpigmentide kasutusjuhendist. Krohv kanda pinnale roostevabast pahtlilabidaga, tasandada ning h\u00f5\u00f5ruda krohvipinda plasth\u00f5\u00f5rutiga ringikujuliste liigutustega. Krohvi on v\u00f5imalik pinnale kanda ka kompressorpihusti abil. Krohvimise ajal v\u00e4ltida otsest p\u00e4ikesekiirte langemist krohvitavale pinnale. Krohvi kuivamisaeg (tolmukuiv) ca 30 min, vihmakindel v\u00e4hemalt 24 h m\u00f6\u00f6dudes. Optimaalne aluspinna ja v\u00e4lis\u00f5hu temperatuur kasutusajal +5\u00b0C kuni +25\u00b0C, v\u00e4ltida k\u00f5rgemaid, kui +30\u00b0C temperatuure ja miinuskraade. Krohvi on v\u00f5imalik \u00fcle v\u00e4rvida fassaadiv\u00e4rviga Sakret KS, FM, SKF ja FC, sisetingimustes k\u00f5ikide Sakreti sisev\u00e4rvidega.<\/p>\n\t\t<\/div>\n\t\t\t\t\t<\/div>\n\n\t\n\n\t<div id=\"col-747603666\" class=\"col medium-3 small-12 large-3\"  >\n\t\t\t\t<div class=\"col-inner\"  >\n\t\t\t\n\t\t\t\n\t<div id=\"gap-1941535099\" class=\"gap-element clearfix\" style=\"display:block; height:auto;\">\n\t\t\n<style>\n#gap-1941535099 {\n  padding-top: 30px;\n}\n<\/style>\n\t<\/div>\n\t\n<h3>Ohutusalane teave<\/h3>\n<p><a href=\"https:\/\/espak.ee\/epood\/wp-content\/uploads\/SBP-ohutuskaart.pdf\" target=\"_blank\" rel=\"noopener noreferrer\"><i class=\"far fa-file-pdf\"><\/i> Ohutusalane teave (PDF)<\/a><\/p>\n<div class=\"is-divider divider clearfix\" ><\/div>\n<p><strong>\u00dcksikasjalikuma n\u00f5u saamiseks v\u00f5tke \u00fchendust:<br \/><\/strong>Sakret O\u00dc<br \/>M\u00e4o k\u00fcla<br \/>Paide linn<br \/>J\u00e4rvamaa<br \/>72751<\/p>\n<div class=\"is-divider divider clearfix\" ><\/div>\n\t\t<\/div>\n\t\t\t\t\t<\/div>\n\n\t\n<\/div>\n","protected":false},"excerpt":{"rendered":"","protected":false},"featured_media":11952,"comment_status":"closed","ping_status":"open","template":"","meta":[],"product_brand":[],"product_cat":[2711,2810,2862,2697],"product_tag":[],"class_list":{"0":"post-11703","1":"product","2":"type-product","3":"status-publish","4":"has-post-thumbnail","6":"product_cat-fassaadimaterjalid","7":"product_cat-krohvid","8":"product_cat-mineraalkrohvid","9":"product_cat-uldehitus","10":"pa_kaubamark-sakret-ou","12":"first","13":"instock","14":"sale","15":"taxable","16":"shipping-taxable","17":"purchasable","18":"product-type-simple"},"yoast_head":"<!-- This site is optimized with the Yoast SEO plugin v26.9 - https:\/\/yoast.com\/product\/yoast-seo-wordpress\/ -->\n<title>MINERAALNE DEKORATIIVKROHV SAKRET SBP 25KG - Espak E-pood<\/title>\n<meta name=\"robots\" content=\"index, follow, max-snippet:-1, max-image-preview:large, max-video-preview:-1\" \/>\n<link rel=\"canonical\" href=\"https:\/\/espak.ee\/epood\/toode\/mineraalne-dekoratiivkrohv-sakret-sbp-25kg\/\" \/>\n<meta property=\"og:locale\" content=\"et_EE\" \/>\n<meta property=\"og:type\" content=\"article\" \/>\n<meta property=\"og:title\" content=\"MINERAALNE DEKORATIIVKROHV SAKRET SBP 25KG - Espak E-pood\" \/>\n<meta property=\"og:url\" content=\"https:\/\/espak.ee\/epood\/toode\/mineraalne-dekoratiivkrohv-sakret-sbp-25kg\/\" \/>\n<meta property=\"og:site_name\" content=\"Espak E-pood\" \/>\n<meta property=\"article:modified_time\" content=\"2024-03-22T22:09:34+00:00\" \/>\n<meta property=\"og:image\" content=\"https:\/\/espak.ee\/epood\/wp-content\/uploads\/SBP.png\" \/>\n\t<meta property=\"og:image:width\" content=\"1024\" \/>\n\t<meta property=\"og:image:height\" content=\"1024\" \/>\n\t<meta property=\"og:image:type\" content=\"image\/png\" \/>\n<meta name=\"twitter:card\" content=\"summary_large_image\" \/>\n<meta name=\"twitter:label1\" content=\"Est. reading time\" \/>\n\t<meta name=\"twitter:data1\" content=\"1 minut\" \/>\n<script type=\"application\/ld+json\" class=\"yoast-schema-graph\">{\"@context\":\"https:\/\/schema.org\",\"@graph\":[{\"@type\":\"WebPage\",\"@id\":\"https:\/\/espak.ee\/epood\/toode\/mineraalne-dekoratiivkrohv-sakret-sbp-25kg\/\",\"url\":\"https:\/\/espak.ee\/epood\/toode\/mineraalne-dekoratiivkrohv-sakret-sbp-25kg\/\",\"name\":\"MINERAALNE DEKORATIIVKROHV SAKRET SBP 25KG - Espak E-pood\",\"isPartOf\":{\"@id\":\"https:\/\/espak.ee\/epood\/#website\"},\"primaryImageOfPage\":{\"@id\":\"https:\/\/espak.ee\/epood\/toode\/mineraalne-dekoratiivkrohv-sakret-sbp-25kg\/#primaryimage\"},\"image\":{\"@id\":\"https:\/\/espak.ee\/epood\/toode\/mineraalne-dekoratiivkrohv-sakret-sbp-25kg\/#primaryimage\"},\"thumbnailUrl\":\"https:\/\/espak.ee\/epood\/wp-content\/uploads\/SBP.png\",\"datePublished\":\"2019-11-26T00:46:23+00:00\",\"dateModified\":\"2024-03-22T22:09:34+00:00\",\"breadcrumb\":{\"@id\":\"https:\/\/espak.ee\/epood\/toode\/mineraalne-dekoratiivkrohv-sakret-sbp-25kg\/#breadcrumb\"},\"inLanguage\":\"et\",\"potentialAction\":[{\"@type\":\"ReadAction\",\"target\":[\"https:\/\/espak.ee\/epood\/toode\/mineraalne-dekoratiivkrohv-sakret-sbp-25kg\/\"]}]},{\"@type\":\"ImageObject\",\"inLanguage\":\"et\",\"@id\":\"https:\/\/espak.ee\/epood\/toode\/mineraalne-dekoratiivkrohv-sakret-sbp-25kg\/#primaryimage\",\"url\":\"https:\/\/espak.ee\/epood\/wp-content\/uploads\/SBP.png\",\"contentUrl\":\"https:\/\/espak.ee\/epood\/wp-content\/uploads\/SBP.png\",\"width\":1024,\"height\":1024},{\"@type\":\"BreadcrumbList\",\"@id\":\"https:\/\/espak.ee\/epood\/toode\/mineraalne-dekoratiivkrohv-sakret-sbp-25kg\/#breadcrumb\",\"itemListElement\":[{\"@type\":\"ListItem\",\"position\":1,\"name\":\"Home\",\"item\":\"https:\/\/espak.ee\/epood\/\"},{\"@type\":\"ListItem\",\"position\":2,\"name\":\"Tootevalik\",\"item\":\"https:\/\/espak.ee\/epood\/tootevalik\/\"},{\"@type\":\"ListItem\",\"position\":3,\"name\":\"MINERAALNE DEKORATIIVKROHV SAKRET SBP 25KG\"}]},{\"@type\":\"WebSite\",\"@id\":\"https:\/\/espak.ee\/epood\/#website\",\"url\":\"https:\/\/espak.ee\/epood\/\",\"name\":\"Espak E-pood\",\"description\":\"\",\"potentialAction\":[{\"@type\":\"SearchAction\",\"target\":{\"@type\":\"EntryPoint\",\"urlTemplate\":\"https:\/\/espak.ee\/epood\/?s={search_term_string}\"},\"query-input\":{\"@type\":\"PropertyValueSpecification\",\"valueRequired\":true,\"valueName\":\"search_term_string\"}}],\"inLanguage\":\"et\"}]}<\/script>\n<!-- \/ Yoast SEO plugin. -->","yoast_head_json":{"title":"MINERAALNE DEKORATIIVKROHV SAKRET SBP 25KG - Espak E-pood","robots":{"index":"index","follow":"follow","max-snippet":"max-snippet:-1","max-image-preview":"max-image-preview:large","max-video-preview":"max-video-preview:-1"},"canonical":"https:\/\/espak.ee\/epood\/toode\/mineraalne-dekoratiivkrohv-sakret-sbp-25kg\/","og_locale":"et_EE","og_type":"article","og_title":"MINERAALNE DEKORATIIVKROHV SAKRET SBP 25KG - Espak E-pood","og_url":"https:\/\/espak.ee\/epood\/toode\/mineraalne-dekoratiivkrohv-sakret-sbp-25kg\/","og_site_name":"Espak E-pood","article_modified_time":"2024-03-22T22:09:34+00:00","og_image":[{"width":1024,"height":1024,"url":"https:\/\/espak.ee\/epood\/wp-content\/uploads\/SBP.png","type":"image\/png"}],"twitter_card":"summary_large_image","twitter_misc":{"Est. reading time":"1 minut"},"schema":{"@context":"https:\/\/schema.org","@graph":[{"@type":"WebPage","@id":"https:\/\/espak.ee\/epood\/toode\/mineraalne-dekoratiivkrohv-sakret-sbp-25kg\/","url":"https:\/\/espak.ee\/epood\/toode\/mineraalne-dekoratiivkrohv-sakret-sbp-25kg\/","name":"MINERAALNE DEKORATIIVKROHV SAKRET SBP 25KG - Espak E-pood","isPartOf":{"@id":"https:\/\/espak.ee\/epood\/#website"},"primaryImageOfPage":{"@id":"https:\/\/espak.ee\/epood\/toode\/mineraalne-dekoratiivkrohv-sakret-sbp-25kg\/#primaryimage"},"image":{"@id":"https:\/\/espak.ee\/epood\/toode\/mineraalne-dekoratiivkrohv-sakret-sbp-25kg\/#primaryimage"},"thumbnailUrl":"https:\/\/espak.ee\/epood\/wp-content\/uploads\/SBP.png","datePublished":"2019-11-26T00:46:23+00:00","dateModified":"2024-03-22T22:09:34+00:00","breadcrumb":{"@id":"https:\/\/espak.ee\/epood\/toode\/mineraalne-dekoratiivkrohv-sakret-sbp-25kg\/#breadcrumb"},"inLanguage":"et","potentialAction":[{"@type":"ReadAction","target":["https:\/\/espak.ee\/epood\/toode\/mineraalne-dekoratiivkrohv-sakret-sbp-25kg\/"]}]},{"@type":"ImageObject","inLanguage":"et","@id":"https:\/\/espak.ee\/epood\/toode\/mineraalne-dekoratiivkrohv-sakret-sbp-25kg\/#primaryimage","url":"https:\/\/espak.ee\/epood\/wp-content\/uploads\/SBP.png","contentUrl":"https:\/\/espak.ee\/epood\/wp-content\/uploads\/SBP.png","width":1024,"height":1024},{"@type":"BreadcrumbList","@id":"https:\/\/espak.ee\/epood\/toode\/mineraalne-dekoratiivkrohv-sakret-sbp-25kg\/#breadcrumb","itemListElement":[{"@type":"ListItem","position":1,"name":"Home","item":"https:\/\/espak.ee\/epood\/"},{"@type":"ListItem","position":2,"name":"Tootevalik","item":"https:\/\/espak.ee\/epood\/tootevalik\/"},{"@type":"ListItem","position":3,"name":"MINERAALNE DEKORATIIVKROHV SAKRET SBP 25KG"}]},{"@type":"WebSite","@id":"https:\/\/espak.ee\/epood\/#website","url":"https:\/\/espak.ee\/epood\/","name":"Espak E-pood","description":"","potentialAction":[{"@type":"SearchAction","target":{"@type":"EntryPoint","urlTemplate":"https:\/\/espak.ee\/epood\/?s={search_term_string}"},"query-input":{"@type":"PropertyValueSpecification","valueRequired":true,"valueName":"search_term_string"}}],"inLanguage":"et"}]}},"_links":{"self":[{"href":"https:\/\/espak.ee\/epood\/wp-json\/wp\/v2\/product\/11703","targetHints":{"allow":["GET"]}}],"collection":[{"href":"https:\/\/espak.ee\/epood\/wp-json\/wp\/v2\/product"}],"about":[{"href":"https:\/\/espak.ee\/epood\/wp-json\/wp\/v2\/types\/product"}],"replies":[{"embeddable":true,"href":"https:\/\/espak.ee\/epood\/wp-json\/wp\/v2\/comments?post=11703"}],"wp:featuredmedia":[{"embeddable":true,"href":"https:\/\/espak.ee\/epood\/wp-json\/wp\/v2\/media\/11952"}],"wp:attachment":[{"href":"https:\/\/espak.ee\/epood\/wp-json\/wp\/v2\/media?parent=11703"}],"wp:term":[{"taxonomy":"product_brand","embeddable":true,"href":"https:\/\/espak.ee\/epood\/wp-json\/wp\/v2\/product_brand?post=11703"},{"taxonomy":"product_cat","embeddable":true,"href":"https:\/\/espak.ee\/epood\/wp-json\/wp\/v2\/product_cat?post=11703"},{"taxonomy":"product_tag","embeddable":true,"href":"https:\/\/espak.ee\/epood\/wp-json\/wp\/v2\/product_tag?post=11703"}],"curies":[{"name":"wp","href":"https:\/\/api.w.org\/{rel}","templated":true}]}}