{"id":116381,"date":"2022-04-19T06:13:34","date_gmt":"2022-04-19T06:13:34","guid":{"rendered":"https:\/\/espak.ee\/epood\/?post_type=product&#038;p=116381"},"modified":"2024-08-07T11:23:32","modified_gmt":"2024-08-07T08:23:32","slug":"esmaabikohver-xl-tamrex","status":"publish","type":"product","link":"https:\/\/espak.ee\/epood\/toode\/esmaabikohver-xl-tamrex\/","title":{"rendered":"ESMAABIKOHVER XL TAMREX"},"content":{"rendered":"<div class=\"row\"  id=\"row-707353655\">\n\n\t<div id=\"col-1515773952\" class=\"col medium-9 small-12 large-9\"  >\n\t\t\t\t<div class=\"col-inner\"  >\n\t\t\t\n\t\t\t\n<h3>TAMREX esmaabikohver XL <\/h3>\n<p>Ettev\u00f5tetesse ja asutustesse m\u00f5eldud esmaabikohver sisaldab seadusega etten\u00e4htule lisaks hulgaliselt teisi vajalikke vahendeid lisaturvalisuse tagamiseks (silmasprei, p\u00f5letusvastane geel jpm). Kohvri saab seinale kinnitada (klambrid komplektis kaasas) ja \u00f5nnetuse korral kaasa haarata, et k\u00f5ikide vajalike vahenditega kiiresti abivajajani j\u00f5uda. Plastiklahtrid hoiavad kohvrisisu alati korras, nii on k\u00f5ik vajalik kergelt leitav.<\/p>\n<p><strong>Sisu loetelu: <\/strong><br \/>\n> Plaaster, v\u00e4ike 19 x 72 mm &#8211; 16 tk<br \/>\n> Plaaster, suur 6 x 9 cm &#8211; 8 tk<br \/>\n> Steriilne haavatampoon 5 x 5 cm (5 tk pakis) &#8211; 3 pk<br \/>\n> Steriilne haavatampoon 7,5 x 7,5cm (5 tk pakis) &#8211; 3 pk<br \/>\n> Steriilne haavapadi 10 x 10 cm (5 tk pakis) &#8211; 3 pk<br \/>\n> Steriiline side haavatampooniga &#8211; 2 tk<br \/>\n> Haavapuhastuslapp desinfitseeriva ainega &#8211; 12 tk<br \/>\n> Elastikside 10 cm &#8211; 2 rulli<br \/>\n> Elastikside 15 cm &#8211; 2 rulli<br \/>\n> Kinnitusplaaster 1,25 cm x 9,1 m &#8211; 2 rulli<br \/>\n> Kaitsekindad &#8211; 2 paari<br \/>\n> Kaitsemask Ambu &#8211; 1 tk<br \/>\n> Kolmnurkr\u00e4tik, roheline &#8211; 2 tk<br \/>\n> Turval\u00f5ikur &#8211; 1 tk<br \/>\n> Silmaloputussprei, 250 ml &#8211; 1 tk<br \/>\n> P\u00f5letusvastane geel (Burnshield 125 ml) &#8211; 1 tk<br \/>\n> K\u00fclmkompress &#8211; 1 tk<br \/>\n> Isekinnituv elastne tugiside (CO-side) 7,5cm &#8211; 2 rulli<br \/>\n> Elastne tugiside (tekstiilist, klambritega) 8 cm x 4 m &#8211; 2 rulli<br \/>\n> Plastikust kohver, oran\u017e 40 x 35 x 15 cm &#8211; 1 tk<br \/>\n> Esmaabi andmise juhend, EPR voldik &#8211; 1 tk<br \/>\n> Esmaabivahendite kasutusjuhend &#8211; 1 tk\n<\/p>\n\t\t<\/div>\n\t\t\t\t\t<\/div>\n\n\t\n\n\t<div id=\"col-803647666\" class=\"col medium-3 small-12 large-3\"  >\n\t\t\t\t<div class=\"col-inner\"  >\n\t\t\t\n\t\t\t\n\t<div id=\"gap-1708263772\" class=\"gap-element clearfix\" style=\"display:block; height:auto;\">\n\t\t\n<style>\n#gap-1708263772 {\n  padding-top: 30px;\n}\n<\/style>\n\t<\/div>\n\t\n<p><strong>\u00dcksikasjalikuma n\u00f5u saamiseks v\u00f5tke \u00fchendust:<br \/><\/strong>Tamrex Ohutuse O\u00dc<br \/>Laki 5<br \/>10621<br \/>Tallinn<br \/>+372 654 9900<\/p>\n\t\t<\/div>\n\t\t\t\t\t<\/div>\n\n\t\n<\/div>\n","protected":false},"excerpt":{"rendered":"","protected":false},"featured_media":207301,"comment_status":"closed","ping_status":"closed","template":"","meta":[],"product_brand":[],"product_cat":[2788,2973,3036,2972],"product_tag":[],"class_list":{"0":"post-116381","1":"product","2":"type-product","3":"status-publish","4":"has-post-thumbnail","6":"product_cat-aiatarbed-ja-kodukaubad","7":"product_cat-isikukaitsevahendid","8":"product_cat-muud-isikukaitsevahendid","9":"product_cat-tookaitsevahendid","10":"pa_kaubamark-tamrex-ohutuse-ou","12":"first","13":"instock","14":"sale","15":"taxable","16":"shipping-taxable","17":"purchasable","18":"product-type-simple"},"yoast_head":"<!-- This site is optimized with the Yoast SEO plugin v26.9 - https:\/\/yoast.com\/product\/yoast-seo-wordpress\/ -->\n<title>ESMAABIKOHVER XL TAMREX - Espak E-pood<\/title>\n<meta name=\"robots\" content=\"index, follow, max-snippet:-1, max-image-preview:large, max-video-preview:-1\" \/>\n<link rel=\"canonical\" href=\"https:\/\/espak.ee\/epood\/toode\/esmaabikohver-xl-tamrex\/\" \/>\n<meta property=\"og:locale\" content=\"et_EE\" \/>\n<meta property=\"og:type\" content=\"article\" \/>\n<meta property=\"og:title\" content=\"ESMAABIKOHVER XL TAMREX - Espak E-pood\" \/>\n<meta property=\"og:url\" content=\"https:\/\/espak.ee\/epood\/toode\/esmaabikohver-xl-tamrex\/\" \/>\n<meta property=\"og:site_name\" content=\"Espak E-pood\" \/>\n<meta property=\"article:modified_time\" content=\"2024-08-07T08:23:32+00:00\" \/>\n<meta property=\"og:image\" content=\"https:\/\/espak.ee\/epood\/wp-content\/uploads\/2022\/04\/tamrex-esmaabikohver-xl-2.jpg\" \/>\n\t<meta property=\"og:image:width\" content=\"1000\" \/>\n\t<meta property=\"og:image:height\" content=\"1000\" \/>\n\t<meta property=\"og:image:type\" content=\"image\/jpeg\" \/>\n<meta name=\"twitter:card\" content=\"summary_large_image\" \/>\n<meta name=\"twitter:label1\" content=\"Est. reading time\" \/>\n\t<meta name=\"twitter:data1\" content=\"1 minut\" \/>\n<script type=\"application\/ld+json\" class=\"yoast-schema-graph\">{\"@context\":\"https:\/\/schema.org\",\"@graph\":[{\"@type\":\"WebPage\",\"@id\":\"https:\/\/espak.ee\/epood\/toode\/esmaabikohver-xl-tamrex\/\",\"url\":\"https:\/\/espak.ee\/epood\/toode\/esmaabikohver-xl-tamrex\/\",\"name\":\"ESMAABIKOHVER XL TAMREX - Espak E-pood\",\"isPartOf\":{\"@id\":\"https:\/\/espak.ee\/epood\/#website\"},\"primaryImageOfPage\":{\"@id\":\"https:\/\/espak.ee\/epood\/toode\/esmaabikohver-xl-tamrex\/#primaryimage\"},\"image\":{\"@id\":\"https:\/\/espak.ee\/epood\/toode\/esmaabikohver-xl-tamrex\/#primaryimage\"},\"thumbnailUrl\":\"https:\/\/espak.ee\/epood\/wp-content\/uploads\/2022\/04\/tamrex-esmaabikohver-xl-2.jpg\",\"datePublished\":\"2022-04-19T06:13:34+00:00\",\"dateModified\":\"2024-08-07T08:23:32+00:00\",\"breadcrumb\":{\"@id\":\"https:\/\/espak.ee\/epood\/toode\/esmaabikohver-xl-tamrex\/#breadcrumb\"},\"inLanguage\":\"et\",\"potentialAction\":[{\"@type\":\"ReadAction\",\"target\":[\"https:\/\/espak.ee\/epood\/toode\/esmaabikohver-xl-tamrex\/\"]}]},{\"@type\":\"ImageObject\",\"inLanguage\":\"et\",\"@id\":\"https:\/\/espak.ee\/epood\/toode\/esmaabikohver-xl-tamrex\/#primaryimage\",\"url\":\"https:\/\/espak.ee\/epood\/wp-content\/uploads\/2022\/04\/tamrex-esmaabikohver-xl-2.jpg\",\"contentUrl\":\"https:\/\/espak.ee\/epood\/wp-content\/uploads\/2022\/04\/tamrex-esmaabikohver-xl-2.jpg\",\"width\":1000,\"height\":1000},{\"@type\":\"BreadcrumbList\",\"@id\":\"https:\/\/espak.ee\/epood\/toode\/esmaabikohver-xl-tamrex\/#breadcrumb\",\"itemListElement\":[{\"@type\":\"ListItem\",\"position\":1,\"name\":\"Home\",\"item\":\"https:\/\/espak.ee\/epood\/\"},{\"@type\":\"ListItem\",\"position\":2,\"name\":\"Tootevalik\",\"item\":\"https:\/\/espak.ee\/epood\/tootevalik\/\"},{\"@type\":\"ListItem\",\"position\":3,\"name\":\"ESMAABIKOHVER XL TAMREX\"}]},{\"@type\":\"WebSite\",\"@id\":\"https:\/\/espak.ee\/epood\/#website\",\"url\":\"https:\/\/espak.ee\/epood\/\",\"name\":\"Espak E-pood\",\"description\":\"\",\"potentialAction\":[{\"@type\":\"SearchAction\",\"target\":{\"@type\":\"EntryPoint\",\"urlTemplate\":\"https:\/\/espak.ee\/epood\/?s={search_term_string}\"},\"query-input\":{\"@type\":\"PropertyValueSpecification\",\"valueRequired\":true,\"valueName\":\"search_term_string\"}}],\"inLanguage\":\"et\"}]}<\/script>\n<!-- \/ Yoast SEO plugin. -->","yoast_head_json":{"title":"ESMAABIKOHVER XL TAMREX - Espak E-pood","robots":{"index":"index","follow":"follow","max-snippet":"max-snippet:-1","max-image-preview":"max-image-preview:large","max-video-preview":"max-video-preview:-1"},"canonical":"https:\/\/espak.ee\/epood\/toode\/esmaabikohver-xl-tamrex\/","og_locale":"et_EE","og_type":"article","og_title":"ESMAABIKOHVER XL TAMREX - Espak E-pood","og_url":"https:\/\/espak.ee\/epood\/toode\/esmaabikohver-xl-tamrex\/","og_site_name":"Espak E-pood","article_modified_time":"2024-08-07T08:23:32+00:00","og_image":[{"width":1000,"height":1000,"url":"https:\/\/espak.ee\/epood\/wp-content\/uploads\/2022\/04\/tamrex-esmaabikohver-xl-2.jpg","type":"image\/jpeg"}],"twitter_card":"summary_large_image","twitter_misc":{"Est. reading time":"1 minut"},"schema":{"@context":"https:\/\/schema.org","@graph":[{"@type":"WebPage","@id":"https:\/\/espak.ee\/epood\/toode\/esmaabikohver-xl-tamrex\/","url":"https:\/\/espak.ee\/epood\/toode\/esmaabikohver-xl-tamrex\/","name":"ESMAABIKOHVER XL TAMREX - Espak E-pood","isPartOf":{"@id":"https:\/\/espak.ee\/epood\/#website"},"primaryImageOfPage":{"@id":"https:\/\/espak.ee\/epood\/toode\/esmaabikohver-xl-tamrex\/#primaryimage"},"image":{"@id":"https:\/\/espak.ee\/epood\/toode\/esmaabikohver-xl-tamrex\/#primaryimage"},"thumbnailUrl":"https:\/\/espak.ee\/epood\/wp-content\/uploads\/2022\/04\/tamrex-esmaabikohver-xl-2.jpg","datePublished":"2022-04-19T06:13:34+00:00","dateModified":"2024-08-07T08:23:32+00:00","breadcrumb":{"@id":"https:\/\/espak.ee\/epood\/toode\/esmaabikohver-xl-tamrex\/#breadcrumb"},"inLanguage":"et","potentialAction":[{"@type":"ReadAction","target":["https:\/\/espak.ee\/epood\/toode\/esmaabikohver-xl-tamrex\/"]}]},{"@type":"ImageObject","inLanguage":"et","@id":"https:\/\/espak.ee\/epood\/toode\/esmaabikohver-xl-tamrex\/#primaryimage","url":"https:\/\/espak.ee\/epood\/wp-content\/uploads\/2022\/04\/tamrex-esmaabikohver-xl-2.jpg","contentUrl":"https:\/\/espak.ee\/epood\/wp-content\/uploads\/2022\/04\/tamrex-esmaabikohver-xl-2.jpg","width":1000,"height":1000},{"@type":"BreadcrumbList","@id":"https:\/\/espak.ee\/epood\/toode\/esmaabikohver-xl-tamrex\/#breadcrumb","itemListElement":[{"@type":"ListItem","position":1,"name":"Home","item":"https:\/\/espak.ee\/epood\/"},{"@type":"ListItem","position":2,"name":"Tootevalik","item":"https:\/\/espak.ee\/epood\/tootevalik\/"},{"@type":"ListItem","position":3,"name":"ESMAABIKOHVER XL TAMREX"}]},{"@type":"WebSite","@id":"https:\/\/espak.ee\/epood\/#website","url":"https:\/\/espak.ee\/epood\/","name":"Espak E-pood","description":"","potentialAction":[{"@type":"SearchAction","target":{"@type":"EntryPoint","urlTemplate":"https:\/\/espak.ee\/epood\/?s={search_term_string}"},"query-input":{"@type":"PropertyValueSpecification","valueRequired":true,"valueName":"search_term_string"}}],"inLanguage":"et"}]}},"_links":{"self":[{"href":"https:\/\/espak.ee\/epood\/wp-json\/wp\/v2\/product\/116381","targetHints":{"allow":["GET"]}}],"collection":[{"href":"https:\/\/espak.ee\/epood\/wp-json\/wp\/v2\/product"}],"about":[{"href":"https:\/\/espak.ee\/epood\/wp-json\/wp\/v2\/types\/product"}],"replies":[{"embeddable":true,"href":"https:\/\/espak.ee\/epood\/wp-json\/wp\/v2\/comments?post=116381"}],"wp:featuredmedia":[{"embeddable":true,"href":"https:\/\/espak.ee\/epood\/wp-json\/wp\/v2\/media\/207301"}],"wp:attachment":[{"href":"https:\/\/espak.ee\/epood\/wp-json\/wp\/v2\/media?parent=116381"}],"wp:term":[{"taxonomy":"product_brand","embeddable":true,"href":"https:\/\/espak.ee\/epood\/wp-json\/wp\/v2\/product_brand?post=116381"},{"taxonomy":"product_cat","embeddable":true,"href":"https:\/\/espak.ee\/epood\/wp-json\/wp\/v2\/product_cat?post=116381"},{"taxonomy":"product_tag","embeddable":true,"href":"https:\/\/espak.ee\/epood\/wp-json\/wp\/v2\/product_tag?post=116381"}],"curies":[{"name":"wp","href":"https:\/\/api.w.org\/{rel}","templated":true}]}}