{"id":112377,"date":"2022-03-18T05:22:47","date_gmt":"2022-03-18T05:22:47","guid":{"rendered":"https:\/\/espak.ee\/epood\/?post_type=product&#038;p=112377"},"modified":"2026-03-21T09:55:24","modified_gmt":"2026-03-21T07:55:24","slug":"fassaadivarv-forakril-must-36l","status":"publish","type":"product","link":"https:\/\/espak.ee\/epood\/toode\/fassaadivarv-forakril-must-36l\/","title":{"rendered":"FASSAADIV\u00c4RV FORAKRIL MUST 3,6L"},"content":{"rendered":"<div class=\"row\"  id=\"row-2106995443\">\n\n\t<div id=\"col-2009538559\" class=\"col medium-9 small-12 large-9\"  >\n\t\t\t\t<div class=\"col-inner\"  >\n\t\t\t\n\t\t\t\n<h3>Fassaadiv\u00e4rv Forakril must 3,6L<\/h3>\n<p>Ilmastikukindel vesidispersioon-akr\u00fc\u00fclv\u00e4rv. Hoonete ja rajatiste betoonist, krohvitud ja telliskivist pindade v\u00e4rvimiseks v\u00e4listingimustes. Baas \u0410 (valge p\u00f5hiv\u00e4rv) toonitakse heledatesse toonidesse. Baas \u0421 toonitakse tumedatesse toonidesse s\u00fcsteemis RILAKOLOR.<\/p>\n<div class=\"message-box relative\" style=\"padding-top:15px;padding-bottom:15px;\"><div class=\"message-box-bg-image bg-fill fill\" ><\/div><div class=\"message-box-bg-overlay bg-fill fill\" ><\/div><div class=\"container relative\"><div class=\"inner last-reset\">\n<div class=\"row align-middle align-center\"  id=\"row-1833777821\">\n\n\t<div id=\"col-1776073204\" class=\"col small-12 large-12\"  >\n\t\t\t\t<div class=\"col-inner text-left\"  >\n\t\t\t\n\t\t\t\n<h4>Omadused<\/h4>\n<div class=\"row\"  id=\"row-1859777527\">\n\n\t<div id=\"col-1991539627\" class=\"col medium-6 small-12 large-6\"  >\n\t\t\t\t<div class=\"col-inner\"  >\n\t\t\t\n\t\t\t\n<p><i class=\"fa fa-check fa-2x\"><\/i> <strong>Toodet v\u00f5ib toonida<\/strong><\/p>\n<p><i class=\"fa fa-check fa-2x\"><\/i> <strong>Toode on kasutatav v\u00e4list\u00f6\u00f6deks<\/strong><\/p>\n\t\t<\/div>\n\t\t\t\t\n<style>\n#col-1991539627 > .col-inner {\n  margin: 0px 0px 15px 0px;\n}\n<\/style>\n\t<\/div>\n\n\t\n<\/div>\n\t\t<\/div>\n\t\t\t\t\t<\/div>\n\n\t\n<\/div>\n<\/div><\/div><\/div>\n\t<div id=\"gap-111559075\" class=\"gap-element clearfix\" style=\"display:block; height:auto;\">\n\t\t\n<style>\n#gap-111559075 {\n  padding-top: 30px;\n}\n<\/style>\n\t<\/div>\n\t\n<h3>Kasutamise \u00fcksikasjad<\/h3>\n<p>V\u00e4rvitav pind tuleb puhastada kriidist, vanast kooruvast v\u00e4rvist ja mustusest. Soovitame poorsed pinnad kruntida kruntimisvahendiga FORAKRIL BASE. Kruntimiseks lubatakse kasutada ka v\u00e4rvi FORAKRIL ennast, mis on lahjendatud veega vahekorras kuni 25% mahust.<\/p>\n<p>Enne kasutamist tuleb v\u00e4rvi hoolikalt segada ja vajaduse korral veega lahjendada. V\u00e4rv kantakse peale pintsli, rulli v\u00f5i pihustiga kahes kihis. V\u00e4rvimisel peab \u00f5hutemperatuur ja v\u00e4rvitava pinna temperatuur olema v\u00e4hemalt +5 \u00ba\u0421 ja suhteline \u00f5huniiskus ei tohi olla \u00fcle 85%.<\/p>\n\t\t<\/div>\n\t\t\t\t\t<\/div>\n\n\t\n\n\t<div id=\"col-383794869\" class=\"col medium-3 small-12 large-3\"  >\n\t\t\t\t<div class=\"col-inner\"  >\n\t\t\t\n\t\t\t\n<h3>Tehniline informatsioon<\/h3>\n<p><a href=\"https:\/\/espak.ee\/epood\/wp-content\/uploads\/2022\/03\/forakril.pdf\" target=\"_blank\" rel=\"noopener noreferrer\"><i class=\"far fa-file-pdf\"><\/i> Tehniline info (PDF)<\/a><\/p>\n<div class=\"is-divider divider clearfix\" ><\/div>\n<p><strong>\u00dcksikasjalikuma n\u00f5u saamiseks v\u00f5tke \u00fchendust:<br \/><\/strong>RIIA LAKID O\u00dc<br \/>Kantsi 3<br \/>11415<br \/>Tallinn<br \/>+372 6335439<\/p>\n<div class=\"is-divider divider clearfix\" ><\/div>\n\t\t<\/div>\n\t\t\t\t\t<\/div>\n\n\t\n<\/div>\n","protected":false},"excerpt":{"rendered":"","protected":false},"featured_media":112453,"comment_status":"closed","ping_status":"closed","template":"","meta":[],"product_brand":[],"product_cat":[2688,2685,2684,2683],"product_tag":[],"class_list":{"0":"post-112377","1":"product","2":"type-product","3":"status-publish","4":"has-post-thumbnail","6":"product_cat-kivipindade-varvid","7":"product_cat-varvid","8":"product_cat-varvid-lakid-lahustid-puidukaitsed-olid","9":"product_cat-viimistluskaubad","10":"product_shipping_class-dpd-cold","11":"pa_kaubamark-riia-lakid-ou","13":"first","14":"instock","15":"sale","16":"taxable","17":"shipping-taxable","18":"purchasable","19":"product-type-simple"},"yoast_head":"<!-- This site is optimized with the Yoast SEO plugin v26.9 - https:\/\/yoast.com\/product\/yoast-seo-wordpress\/ -->\n<title>FASSAADIV\u00c4RV FORAKRIL MUST 3,6L - Espak E-pood<\/title>\n<meta name=\"robots\" content=\"index, follow, max-snippet:-1, max-image-preview:large, max-video-preview:-1\" \/>\n<link rel=\"canonical\" href=\"https:\/\/espak.ee\/epood\/toode\/fassaadivarv-forakril-must-36l\/\" \/>\n<meta property=\"og:locale\" content=\"et_EE\" \/>\n<meta property=\"og:type\" content=\"article\" \/>\n<meta property=\"og:title\" content=\"FASSAADIV\u00c4RV FORAKRIL MUST 3,6L - Espak E-pood\" \/>\n<meta property=\"og:url\" content=\"https:\/\/espak.ee\/epood\/toode\/fassaadivarv-forakril-must-36l\/\" \/>\n<meta property=\"og:site_name\" content=\"Espak E-pood\" \/>\n<meta property=\"article:modified_time\" content=\"2026-03-21T07:55:24+00:00\" \/>\n<meta property=\"og:image\" content=\"https:\/\/espak.ee\/epood\/wp-content\/uploads\/2022\/03\/forakrl-36-2.jpg\" \/>\n\t<meta property=\"og:image:width\" content=\"1000\" \/>\n\t<meta property=\"og:image:height\" content=\"1000\" \/>\n\t<meta property=\"og:image:type\" content=\"image\/jpeg\" \/>\n<meta name=\"twitter:card\" content=\"summary_large_image\" \/>\n<meta name=\"twitter:label1\" content=\"Est. reading time\" \/>\n\t<meta name=\"twitter:data1\" content=\"1 minut\" \/>\n<script type=\"application\/ld+json\" class=\"yoast-schema-graph\">{\"@context\":\"https:\/\/schema.org\",\"@graph\":[{\"@type\":\"WebPage\",\"@id\":\"https:\/\/espak.ee\/epood\/toode\/fassaadivarv-forakril-must-36l\/\",\"url\":\"https:\/\/espak.ee\/epood\/toode\/fassaadivarv-forakril-must-36l\/\",\"name\":\"FASSAADIV\u00c4RV FORAKRIL MUST 3,6L - Espak E-pood\",\"isPartOf\":{\"@id\":\"https:\/\/espak.ee\/epood\/#website\"},\"primaryImageOfPage\":{\"@id\":\"https:\/\/espak.ee\/epood\/toode\/fassaadivarv-forakril-must-36l\/#primaryimage\"},\"image\":{\"@id\":\"https:\/\/espak.ee\/epood\/toode\/fassaadivarv-forakril-must-36l\/#primaryimage\"},\"thumbnailUrl\":\"https:\/\/espak.ee\/epood\/wp-content\/uploads\/2022\/03\/forakrl-36-2.jpg\",\"datePublished\":\"2022-03-18T05:22:47+00:00\",\"dateModified\":\"2026-03-21T07:55:24+00:00\",\"breadcrumb\":{\"@id\":\"https:\/\/espak.ee\/epood\/toode\/fassaadivarv-forakril-must-36l\/#breadcrumb\"},\"inLanguage\":\"et\",\"potentialAction\":[{\"@type\":\"ReadAction\",\"target\":[\"https:\/\/espak.ee\/epood\/toode\/fassaadivarv-forakril-must-36l\/\"]}]},{\"@type\":\"ImageObject\",\"inLanguage\":\"et\",\"@id\":\"https:\/\/espak.ee\/epood\/toode\/fassaadivarv-forakril-must-36l\/#primaryimage\",\"url\":\"https:\/\/espak.ee\/epood\/wp-content\/uploads\/2022\/03\/forakrl-36-2.jpg\",\"contentUrl\":\"https:\/\/espak.ee\/epood\/wp-content\/uploads\/2022\/03\/forakrl-36-2.jpg\",\"width\":1000,\"height\":1000},{\"@type\":\"BreadcrumbList\",\"@id\":\"https:\/\/espak.ee\/epood\/toode\/fassaadivarv-forakril-must-36l\/#breadcrumb\",\"itemListElement\":[{\"@type\":\"ListItem\",\"position\":1,\"name\":\"Home\",\"item\":\"https:\/\/espak.ee\/epood\/\"},{\"@type\":\"ListItem\",\"position\":2,\"name\":\"Tootevalik\",\"item\":\"https:\/\/espak.ee\/epood\/tootevalik\/\"},{\"@type\":\"ListItem\",\"position\":3,\"name\":\"FASSAADIV\u00c4RV FORAKRIL MUST 3,6L\"}]},{\"@type\":\"WebSite\",\"@id\":\"https:\/\/espak.ee\/epood\/#website\",\"url\":\"https:\/\/espak.ee\/epood\/\",\"name\":\"Espak E-pood\",\"description\":\"\",\"potentialAction\":[{\"@type\":\"SearchAction\",\"target\":{\"@type\":\"EntryPoint\",\"urlTemplate\":\"https:\/\/espak.ee\/epood\/?s={search_term_string}\"},\"query-input\":{\"@type\":\"PropertyValueSpecification\",\"valueRequired\":true,\"valueName\":\"search_term_string\"}}],\"inLanguage\":\"et\"}]}<\/script>\n<!-- \/ Yoast SEO plugin. -->","yoast_head_json":{"title":"FASSAADIV\u00c4RV FORAKRIL MUST 3,6L - Espak E-pood","robots":{"index":"index","follow":"follow","max-snippet":"max-snippet:-1","max-image-preview":"max-image-preview:large","max-video-preview":"max-video-preview:-1"},"canonical":"https:\/\/espak.ee\/epood\/toode\/fassaadivarv-forakril-must-36l\/","og_locale":"et_EE","og_type":"article","og_title":"FASSAADIV\u00c4RV FORAKRIL MUST 3,6L - Espak E-pood","og_url":"https:\/\/espak.ee\/epood\/toode\/fassaadivarv-forakril-must-36l\/","og_site_name":"Espak E-pood","article_modified_time":"2026-03-21T07:55:24+00:00","og_image":[{"width":1000,"height":1000,"url":"https:\/\/espak.ee\/epood\/wp-content\/uploads\/2022\/03\/forakrl-36-2.jpg","type":"image\/jpeg"}],"twitter_card":"summary_large_image","twitter_misc":{"Est. reading time":"1 minut"},"schema":{"@context":"https:\/\/schema.org","@graph":[{"@type":"WebPage","@id":"https:\/\/espak.ee\/epood\/toode\/fassaadivarv-forakril-must-36l\/","url":"https:\/\/espak.ee\/epood\/toode\/fassaadivarv-forakril-must-36l\/","name":"FASSAADIV\u00c4RV FORAKRIL MUST 3,6L - Espak E-pood","isPartOf":{"@id":"https:\/\/espak.ee\/epood\/#website"},"primaryImageOfPage":{"@id":"https:\/\/espak.ee\/epood\/toode\/fassaadivarv-forakril-must-36l\/#primaryimage"},"image":{"@id":"https:\/\/espak.ee\/epood\/toode\/fassaadivarv-forakril-must-36l\/#primaryimage"},"thumbnailUrl":"https:\/\/espak.ee\/epood\/wp-content\/uploads\/2022\/03\/forakrl-36-2.jpg","datePublished":"2022-03-18T05:22:47+00:00","dateModified":"2026-03-21T07:55:24+00:00","breadcrumb":{"@id":"https:\/\/espak.ee\/epood\/toode\/fassaadivarv-forakril-must-36l\/#breadcrumb"},"inLanguage":"et","potentialAction":[{"@type":"ReadAction","target":["https:\/\/espak.ee\/epood\/toode\/fassaadivarv-forakril-must-36l\/"]}]},{"@type":"ImageObject","inLanguage":"et","@id":"https:\/\/espak.ee\/epood\/toode\/fassaadivarv-forakril-must-36l\/#primaryimage","url":"https:\/\/espak.ee\/epood\/wp-content\/uploads\/2022\/03\/forakrl-36-2.jpg","contentUrl":"https:\/\/espak.ee\/epood\/wp-content\/uploads\/2022\/03\/forakrl-36-2.jpg","width":1000,"height":1000},{"@type":"BreadcrumbList","@id":"https:\/\/espak.ee\/epood\/toode\/fassaadivarv-forakril-must-36l\/#breadcrumb","itemListElement":[{"@type":"ListItem","position":1,"name":"Home","item":"https:\/\/espak.ee\/epood\/"},{"@type":"ListItem","position":2,"name":"Tootevalik","item":"https:\/\/espak.ee\/epood\/tootevalik\/"},{"@type":"ListItem","position":3,"name":"FASSAADIV\u00c4RV FORAKRIL MUST 3,6L"}]},{"@type":"WebSite","@id":"https:\/\/espak.ee\/epood\/#website","url":"https:\/\/espak.ee\/epood\/","name":"Espak E-pood","description":"","potentialAction":[{"@type":"SearchAction","target":{"@type":"EntryPoint","urlTemplate":"https:\/\/espak.ee\/epood\/?s={search_term_string}"},"query-input":{"@type":"PropertyValueSpecification","valueRequired":true,"valueName":"search_term_string"}}],"inLanguage":"et"}]}},"_links":{"self":[{"href":"https:\/\/espak.ee\/epood\/wp-json\/wp\/v2\/product\/112377","targetHints":{"allow":["GET"]}}],"collection":[{"href":"https:\/\/espak.ee\/epood\/wp-json\/wp\/v2\/product"}],"about":[{"href":"https:\/\/espak.ee\/epood\/wp-json\/wp\/v2\/types\/product"}],"replies":[{"embeddable":true,"href":"https:\/\/espak.ee\/epood\/wp-json\/wp\/v2\/comments?post=112377"}],"wp:featuredmedia":[{"embeddable":true,"href":"https:\/\/espak.ee\/epood\/wp-json\/wp\/v2\/media\/112453"}],"wp:attachment":[{"href":"https:\/\/espak.ee\/epood\/wp-json\/wp\/v2\/media?parent=112377"}],"wp:term":[{"taxonomy":"product_brand","embeddable":true,"href":"https:\/\/espak.ee\/epood\/wp-json\/wp\/v2\/product_brand?post=112377"},{"taxonomy":"product_cat","embeddable":true,"href":"https:\/\/espak.ee\/epood\/wp-json\/wp\/v2\/product_cat?post=112377"},{"taxonomy":"product_tag","embeddable":true,"href":"https:\/\/espak.ee\/epood\/wp-json\/wp\/v2\/product_tag?post=112377"}],"curies":[{"name":"wp","href":"https:\/\/api.w.org\/{rel}","templated":true}]}}

FASSAADIVÄRV FORAKRIL MUST 3,6L

<div class="row"  id="row-2106995443">

	<div id="col-2009538559" class="col medium-9 small-12 large-9"  >
				<div class="col-inner"  >
			
			
<h3>Fassaadivärv Forakril must 3,6L</h3>
<p>Ilmastikukindel vesidispersioon-akrüülvärv. Hoonete ja rajatiste betoonist, krohvitud ja telliskivist pindade värvimiseks välistingimustes. Baas А (valge põhivärv) toonitakse heledatesse toonidesse. Baas С toonitakse tumedatesse toonidesse süsteemis RILAKOLOR.</p>
<div class="message-box relative" style="padding-top:15px;padding-bottom:15px;"><div class="message-box-bg-image bg-fill fill" ></div><div class="message-box-bg-overlay bg-fill fill" ></div><div class="container relative"><div class="inner last-reset">
<div class="row align-middle align-center"  id="row-1833777821">

	<div id="col-1776073204" class="col small-12 large-12"  >
				<div class="col-inner text-left"  >
			
			
<h4>Omadused</h4>
<div class="row"  id="row-1859777527">

	<div id="col-1991539627" class="col medium-6 small-12 large-6"  >
				<div class="col-inner"  >
			
			
<p><i class="fa fa-check fa-2x"></i> <strong>Toodet võib toonida</strong></p>
<p><i class="fa fa-check fa-2x"></i> <strong>Toode on kasutatav välistöödeks</strong></p>
		</div>
				
<style>
#col-1991539627 > .col-inner {
  margin: 0px 0px 15px 0px;
}
</style>
	</div>

	
</div>
		</div>
					</div>

	
</div>
</div></div></div>
	<div id="gap-111559075" class="gap-element clearfix" style="display:block; height:auto;">
		
<style>
#gap-111559075 {
  padding-top: 30px;
}
</style>
	</div>
	
<h3>Kasutamise üksikasjad</h3>
<p>Värvitav pind tuleb puhastada kriidist, vanast kooruvast värvist ja mustusest. Soovitame poorsed pinnad kruntida kruntimisvahendiga FORAKRIL BASE. Kruntimiseks lubatakse kasutada ka värvi FORAKRIL ennast, mis on lahjendatud veega vahekorras kuni 25% mahust.</p>
<p>Enne kasutamist tuleb värvi hoolikalt segada ja vajaduse korral veega lahjendada. Värv kantakse peale pintsli, rulli või pihustiga kahes kihis. Värvimisel peab õhutemperatuur ja värvitava pinna temperatuur olema vähemalt +5 ºС ja suhteline õhuniiskus ei tohi olla üle 85%.</p>
		</div>
					</div>

	

	<div id="col-383794869" class="col medium-3 small-12 large-3"  >
				<div class="col-inner"  >
			
			
<h3>Tehniline informatsioon</h3>
<p><a href="https://espak.ee/epood/wp-content/uploads/2022/03/forakril.pdf" target="_blank" rel="noopener noreferrer"><i class="far fa-file-pdf"></i> Tehniline info (PDF)</a></p>
<div class="is-divider divider clearfix" ></div>
<p><strong>Üksikasjalikuma nõu saamiseks võtke ühendust:<br /></strong>RIIA LAKID OÜ<br />Kantsi 3<br />11415<br />Tallinn<br />+372 6335439</p>
<div class="is-divider divider clearfix" ></div>
		</div>
					</div>

	
</div>

<!-- This site is optimized with the Yoast SEO plugin v26.9 - https://yoast.com/product/yoast-seo-wordpress/ -->
<title>FASSAADIVÄRV FORAKRIL MUST 3,6L - Espak E-pood</title>
<meta name="robots" content="index, follow, max-snippet:-1, max-image-preview:large, max-video-preview:-1" />
<link rel="canonical" href="https://espak.ee/epood/toode/fassaadivarv-forakril-must-36l/" />
<meta property="og:locale" content="et_EE" />
<meta property="og:type" content="article" />
<meta property="og:title" content="FASSAADIVÄRV FORAKRIL MUST 3,6L - Espak E-pood" />
<meta property="og:url" content="https://espak.ee/epood/toode/fassaadivarv-forakril-must-36l/" />
<meta property="og:site_name" content="Espak E-pood" />
<meta property="article:modified_time" content="2026-03-21T07:55:24+00:00" />
<meta property="og:image" content="https://espak.ee/epood/wp-content/uploads/2022/03/forakrl-36-2.jpg" />
	<meta property="og:image:width" content="1000" />
	<meta property="og:image:height" content="1000" />
	<meta property="og:image:type" content="image/jpeg" />
<meta name="twitter:card" content="summary_large_image" />
<meta name="twitter:label1" content="Est. reading time" />
	<meta name="twitter:data1" content="1 minut" />
<script type="application/ld+json" class="yoast-schema-graph">{"@context":"https://schema.org","@graph":[{"@type":"WebPage","@id":"https://espak.ee/epood/toode/fassaadivarv-forakril-must-36l/","url":"https://espak.ee/epood/toode/fassaadivarv-forakril-must-36l/","name":"FASSAADIVÄRV FORAKRIL MUST 3,6L - Espak E-pood","isPartOf":{"@id":"https://espak.ee/epood/#website"},"primaryImageOfPage":{"@id":"https://espak.ee/epood/toode/fassaadivarv-forakril-must-36l/#primaryimage"},"image":{"@id":"https://espak.ee/epood/toode/fassaadivarv-forakril-must-36l/#primaryimage"},"thumbnailUrl":"https://espak.ee/epood/wp-content/uploads/2022/03/forakrl-36-2.jpg","datePublished":"2022-03-18T05:22:47+00:00","dateModified":"2026-03-21T07:55:24+00:00","breadcrumb":{"@id":"https://espak.ee/epood/toode/fassaadivarv-forakril-must-36l/#breadcrumb"},"inLanguage":"et","potentialAction":[{"@type":"ReadAction","target":["https://espak.ee/epood/toode/fassaadivarv-forakril-must-36l/"]}]},{"@type":"ImageObject","inLanguage":"et","@id":"https://espak.ee/epood/toode/fassaadivarv-forakril-must-36l/#primaryimage","url":"https://espak.ee/epood/wp-content/uploads/2022/03/forakrl-36-2.jpg","contentUrl":"https://espak.ee/epood/wp-content/uploads/2022/03/forakrl-36-2.jpg","width":1000,"height":1000},{"@type":"BreadcrumbList","@id":"https://espak.ee/epood/toode/fassaadivarv-forakril-must-36l/#breadcrumb","itemListElement":[{"@type":"ListItem","position":1,"name":"Home","item":"https://espak.ee/epood/"},{"@type":"ListItem","position":2,"name":"Tootevalik","item":"https://espak.ee/epood/tootevalik/"},{"@type":"ListItem","position":3,"name":"FASSAADIVÄRV FORAKRIL MUST 3,6L"}]},{"@type":"WebSite","@id":"https://espak.ee/epood/#website","url":"https://espak.ee/epood/","name":"Espak E-pood","description":"","potentialAction":[{"@type":"SearchAction","target":{"@type":"EntryPoint","urlTemplate":"https://espak.ee/epood/?s={search_term_string}"},"query-input":{"@type":"PropertyValueSpecification","valueRequired":true,"valueName":"search_term_string"}}],"inLanguage":"et"}]}</script>
<!-- / Yoast SEO plugin. -->

FASSAADIVÄRV FORAKRIL MUST 3,6L - Espak E-pood
