{"id":11044,"date":"2019-11-14T02:41:10","date_gmt":"2019-11-14T00:41:10","guid":{"rendered":"https:\/\/espak.ee\/hinnakiri\/?post_type=product&#038;p=11044"},"modified":"2025-09-24T07:57:06","modified_gmt":"2025-09-24T04:57:06","slug":"kiirestikivinev-porandavalumass-kiilto-70-5-100mm-20kg","status":"publish","type":"product","link":"https:\/\/espak.ee\/epood\/toode\/kiirestikivinev-porandavalumass-kiilto-70-5-100mm-20kg\/","title":{"rendered":"KIIRESTIKIVINEV P\u00d5RANDAVALUMASS KIILTO 70 5-100MM 20KG"},"content":{"rendered":"<div class=\"row\"  id=\"row-922472839\">\n\n\t<div id=\"col-1952018725\" class=\"col medium-9 small-12 large-9\"  >\n\t\t\t\t<div class=\"col-inner\"  >\n\t\t\t\n\t\t\t\n<h3>Kiirkivinev p\u00f5randavalumass 5\u2013100 mm Kiilto 70<\/h3>\n<p>V\u00e4ga tugev p\u00f5randamass p\u00f5randate valamiseks, aukude t\u00e4itmiseks ja kallete tegemiseks sise- ja v\u00e4listingimustes.<br \/>\n Lihtne laotada.<br \/>\n U 11 l massi kotis.<br \/>\n Madala leeliselisusega.<br \/>\n Tsemendibaasil.<\/p>\n<div class=\"message-box relative\" style=\"padding-top:15px;padding-bottom:15px;\"><div class=\"message-box-bg-image bg-fill fill\" ><\/div><div class=\"message-box-bg-overlay bg-fill fill\" ><\/div><div class=\"container relative\"><div class=\"inner last-reset\">\n<div class=\"row align-middle align-center\"  id=\"row-313728538\">\n\n\t<div id=\"col-700548115\" class=\"col small-12 large-12\"  >\n\t\t\t\t<div class=\"col-inner text-left\"  >\n\t\t\t\n\t\t\t\n<h4>Omadused<\/h4>\n<div class=\"row\"  id=\"row-1144645038\">\n\n\t<div id=\"col-1221304662\" class=\"col medium-6 small-12 large-6\"  >\n\t\t\t\t<div class=\"col-inner\"  >\n\t\t\t\n\t\t\t\n<p><i class=\"fa fa-check fa-2x\"><\/i> <strong>Mitmeotstarbeline, lihtne peale kanda<\/strong><\/p>\n<p><i class=\"fa fa-check fa-2x\"><\/i> <strong>Valamiseks, aukude t\u00e4itmiseks, kallete tegemiseks, p\u00f5randak\u00fcttega p\u00f5randatele <\/strong><\/p>\n<p><i class=\"fa fa-check fa-2x\"><\/i> <strong>Kasutamiseks sise- ja v\u00e4listingimustes<\/strong><\/p>\n\t\t<\/div>\n\t\t\t\t\n<style>\n#col-1221304662 > .col-inner {\n  margin: 0px 0px 15px 0px;\n}\n<\/style>\n\t<\/div>\n\n\t\n\n\t<div id=\"col-482755019\" class=\"col medium-6 small-12 large-6\"  >\n\t\t\t\t<div class=\"col-inner\"  >\n\t\t\t\n\t\t\t\n<p><i class=\"fa fa-check fa-2x\"><\/i> <strong>K\u00e4imiskuiv u 2 tunni p\u00e4rast<\/strong><\/p>\n<p><i class=\"fa fa-check fa-2x\"><\/i> <strong>P\u00f5randakatte saab paigaldada 50 mm\/1\u20133 p\u00e4eva m\u00f6\u00f6dudes , 100 mm \/ 5 p\u00e4eva m\u00f6\u00f6dudes<\/strong><\/p>\n\t\t<\/div>\n\t\t\t\t\n<style>\n#col-482755019 > .col-inner {\n  margin: 0px 0px 15px 0px;\n}\n<\/style>\n\t<\/div>\n\n\t\n<\/div>\n\t\t<\/div>\n\t\t\t\t\t<\/div>\n\n\t\n<\/div>\n<\/div><\/div><\/div>\n\t<div id=\"gap-1554162922\" class=\"gap-element clearfix\" style=\"display:block; height:auto;\">\n\t\t\n<style>\n#gap-1554162922 {\n  padding-top: 30px;\n}\n<\/style>\n\t<\/div>\n\t\n<h3>Kasutamise \u00fcksikasjad<\/h3>\n<p><strong>Rakendus:<\/strong> Spetsiaaltsemendi baasil, kiirkivinev ja -kuivav p\u00f5randamass p\u00f5randate valamiseks, aukude t\u00e4itmiseks ja kallete tegemiseks. Kihi paksus: 5-100 mm. Sobib kasutamiseks sise- ja v\u00e4listingimustes. Tasandatud pinna saab h\u00fcdroisoleerida. Vajadusel soovitame kasutada p\u00f5randapinna viimistlemiseks enne p\u00f5randakatte paigaldamist Kiilto peeneteralist p\u00f5randatasandussegu.<br \/>\n1. Aluspinnal tugevasti kinni olev valu \/ tugev betoonpind v\u00f5i ehitusplaat: aluspind peab olema puhas, kuiv ja j\u00e4ik. Eemaldage tsemendiliim, v\u00e4rvipritsmed, liimij\u00e4\u00e4gid ja muu mustus ning puhastage p\u00f5rand korralikult harja v\u00f5i tolmuimejaga.<br \/>\nBetoonist aluspinda tuleb enne tasandamist eelt\u00f6\u00f6delda lahjendatud nakkedispersiooniga Kiilto Start Primer (10\u201320% nakkedispersiooni \/ 80\u201390% vett). Plaataluspinnad krunditakse lahjendamata Kiilto Start Primer nakkedispersiooniga.<br \/>\nAluspinnal tugevasti kinni oleva valu puhul soovitame kasutada maksimaalset veehulka (2,8 l \/ 20 kg), et tagada hea nake tasanduskihi ja aluspinna vahel.<br \/>\nP\u00f5randak\u00fctte v\u00f5ib paigaldada otse Kiilto Start Primeriga krunditud, piisava tugevusega betoonile v\u00f5i kipslaadile. P\u00f5randak\u00fcttekaabel\/-torud paigaldatakse aluspinnale n\u00e4iteks kuumliimiga v\u00f5i. sobivate kinnitusklambritega. Klaaskiudv\u00f5rgule kinnitatud p\u00f5randak\u00fcttekaabli puhul, nt remonti tehes, tuleb kasutada paremini valguvat Kiilto p\u00f5randak\u00fcttetasandussegu.<br \/>\nOptimaalse nakke tagamiseks v\u00e4listingimustes ja mitteimavate aluspindade puhul kasutage nakkekihi loomiseks n\u00e4iteks Kiilto Flexfix plaatimisssegu ja kandke see pinnale segukammiga.<br \/>\nUjuv konstruktsioon\/n\u00f5rk betoonpind:<br \/>\nvalu eraldatakse alusp\u00f5randast n\u00e4iteks Kiilto Eraldusribaga v\u00f5i ehituspaberiga. Valu eraldatakse seintest ja torul\u00e4biviikudest eraldusribadega \/ elastse massiga. Valukiht peab olema armeeritud ning paksusega v\u00e4hemalt 50 mm (nt. # 150 \u00d8 5). P\u00f5randak\u00fctte kaablid\/torud tuleb kinnitada armatuur-v\u00f5rgu k\u00fclge.<\/p>\n\t\t<\/div>\n\t\t\t\t\t<\/div>\n\n\t\n\n\t<div id=\"col-1904283754\" class=\"col medium-3 small-12 large-3\"  >\n\t\t\t\t<div class=\"col-inner\"  >\n\t\t\t\n\t\t\t\n\t<div id=\"gap-1366159749\" class=\"gap-element clearfix\" style=\"display:block; height:auto;\">\n\t\t\n<style>\n#gap-1366159749 {\n  padding-top: 30px;\n}\n<\/style>\n\t<\/div>\n\t\n<h3>Tehniline informatsioon<\/h3>\n<p><a href=\"https:\/\/espak.ee\/epood\/wp-content\/uploads\/2019\/11\/product_brochure_T2327_2023-10-25_et_EE.pdf\"target=\"_blank\" rel=\"noopener noreferrer\"><i class=\"far fa-file-pdf\"><\/i> Tehniline info (PDF)<\/a><\/p>\n<h3>Ohutusalane teave<\/h3>\n<p><a href=\"https:\/\/espak.ee\/epood\/wp-content\/uploads\/2019\/11\/ktt-kiilto-70.pdf\"target=\"_blank\" rel=\"noopener noreferrer\"><i class=\"far fa-file-pdf\"><\/i> Ohutuskaart (PDF)<\/a><\/p>\n<div class=\"is-divider divider clearfix\" ><\/div>\n<p><strong>\u00dcksikasjalikuma n\u00f5u saamiseks v\u00f5tke \u00fchendust:<br \/><\/strong>Kiilto Eesti O\u00dc<br \/>L\u00e4ike tee 4<br \/>75312<br \/>Rae vald<br \/>(+372) 60 31 900<\/p>\n<div class=\"is-divider divider clearfix\" ><\/div>\n\t\t<\/div>\n\t\t\t\t\t<\/div>\n\n\t\n<\/div>\n","protected":false},"excerpt":{"rendered":"","protected":false},"featured_media":177569,"comment_status":"closed","ping_status":"closed","template":"","meta":[],"product_brand":[],"product_cat":[2804,2698,2803,2697],"product_tag":[],"class_list":{"0":"post-11044","1":"product","2":"type-product","3":"status-publish","4":"has-post-thumbnail","6":"product_cat-kasitasandussegud","7":"product_cat-pahtlid-ja-kuivsegud","8":"product_cat-porandasegud","9":"product_cat-uldehitus","10":"pa_kaubamark-kiilto-eesti-ou","12":"first","13":"instock","14":"sale","15":"taxable","16":"shipping-taxable","17":"purchasable","18":"product-type-simple"},"yoast_head":"<!-- This site is optimized with the Yoast SEO plugin v26.9 - https:\/\/yoast.com\/product\/yoast-seo-wordpress\/ -->\n<title>KIIRESTIKIVINEV P\u00d5RANDAVALUMASS KIILTO 70 5-100MM 20KG - Espak E-pood<\/title>\n<meta name=\"robots\" content=\"index, follow, max-snippet:-1, max-image-preview:large, max-video-preview:-1\" \/>\n<link rel=\"canonical\" href=\"https:\/\/espak.ee\/epood\/toode\/kiirestikivinev-porandavalumass-kiilto-70-5-100mm-20kg\/\" \/>\n<meta property=\"og:locale\" content=\"et_EE\" \/>\n<meta property=\"og:type\" content=\"article\" \/>\n<meta property=\"og:title\" content=\"KIIRESTIKIVINEV P\u00d5RANDAVALUMASS KIILTO 70 5-100MM 20KG - Espak E-pood\" \/>\n<meta property=\"og:url\" content=\"https:\/\/espak.ee\/epood\/toode\/kiirestikivinev-porandavalumass-kiilto-70-5-100mm-20kg\/\" \/>\n<meta property=\"og:site_name\" content=\"Espak E-pood\" \/>\n<meta property=\"article:modified_time\" content=\"2025-09-24T04:57:06+00:00\" \/>\n<meta property=\"og:image\" content=\"https:\/\/espak.ee\/epood\/wp-content\/uploads\/2019\/11\/kiilto-70.jpg\" \/>\n\t<meta property=\"og:image:width\" content=\"800\" \/>\n\t<meta property=\"og:image:height\" content=\"800\" \/>\n\t<meta property=\"og:image:type\" content=\"image\/jpeg\" \/>\n<meta name=\"twitter:card\" content=\"summary_large_image\" \/>\n<meta name=\"twitter:label1\" content=\"Est. reading time\" \/>\n\t<meta name=\"twitter:data1\" content=\"2 minutit\" \/>\n<script type=\"application\/ld+json\" class=\"yoast-schema-graph\">{\"@context\":\"https:\/\/schema.org\",\"@graph\":[{\"@type\":\"WebPage\",\"@id\":\"https:\/\/espak.ee\/epood\/toode\/kiirestikivinev-porandavalumass-kiilto-70-5-100mm-20kg\/\",\"url\":\"https:\/\/espak.ee\/epood\/toode\/kiirestikivinev-porandavalumass-kiilto-70-5-100mm-20kg\/\",\"name\":\"KIIRESTIKIVINEV P\u00d5RANDAVALUMASS KIILTO 70 5-100MM 20KG - Espak E-pood\",\"isPartOf\":{\"@id\":\"https:\/\/espak.ee\/epood\/#website\"},\"primaryImageOfPage\":{\"@id\":\"https:\/\/espak.ee\/epood\/toode\/kiirestikivinev-porandavalumass-kiilto-70-5-100mm-20kg\/#primaryimage\"},\"image\":{\"@id\":\"https:\/\/espak.ee\/epood\/toode\/kiirestikivinev-porandavalumass-kiilto-70-5-100mm-20kg\/#primaryimage\"},\"thumbnailUrl\":\"https:\/\/espak.ee\/epood\/wp-content\/uploads\/2019\/11\/kiilto-70.jpg\",\"datePublished\":\"2019-11-14T00:41:10+00:00\",\"dateModified\":\"2025-09-24T04:57:06+00:00\",\"breadcrumb\":{\"@id\":\"https:\/\/espak.ee\/epood\/toode\/kiirestikivinev-porandavalumass-kiilto-70-5-100mm-20kg\/#breadcrumb\"},\"inLanguage\":\"et\",\"potentialAction\":[{\"@type\":\"ReadAction\",\"target\":[\"https:\/\/espak.ee\/epood\/toode\/kiirestikivinev-porandavalumass-kiilto-70-5-100mm-20kg\/\"]}]},{\"@type\":\"ImageObject\",\"inLanguage\":\"et\",\"@id\":\"https:\/\/espak.ee\/epood\/toode\/kiirestikivinev-porandavalumass-kiilto-70-5-100mm-20kg\/#primaryimage\",\"url\":\"https:\/\/espak.ee\/epood\/wp-content\/uploads\/2019\/11\/kiilto-70.jpg\",\"contentUrl\":\"https:\/\/espak.ee\/epood\/wp-content\/uploads\/2019\/11\/kiilto-70.jpg\",\"width\":800,\"height\":800},{\"@type\":\"BreadcrumbList\",\"@id\":\"https:\/\/espak.ee\/epood\/toode\/kiirestikivinev-porandavalumass-kiilto-70-5-100mm-20kg\/#breadcrumb\",\"itemListElement\":[{\"@type\":\"ListItem\",\"position\":1,\"name\":\"Home\",\"item\":\"https:\/\/espak.ee\/epood\/\"},{\"@type\":\"ListItem\",\"position\":2,\"name\":\"Tootevalik\",\"item\":\"https:\/\/espak.ee\/epood\/tootevalik\/\"},{\"@type\":\"ListItem\",\"position\":3,\"name\":\"KIIRESTIKIVINEV P\u00d5RANDAVALUMASS KIILTO 70 5-100MM 20KG\"}]},{\"@type\":\"WebSite\",\"@id\":\"https:\/\/espak.ee\/epood\/#website\",\"url\":\"https:\/\/espak.ee\/epood\/\",\"name\":\"Espak E-pood\",\"description\":\"\",\"potentialAction\":[{\"@type\":\"SearchAction\",\"target\":{\"@type\":\"EntryPoint\",\"urlTemplate\":\"https:\/\/espak.ee\/epood\/?s={search_term_string}\"},\"query-input\":{\"@type\":\"PropertyValueSpecification\",\"valueRequired\":true,\"valueName\":\"search_term_string\"}}],\"inLanguage\":\"et\"}]}<\/script>\n<!-- \/ Yoast SEO plugin. -->","yoast_head_json":{"title":"KIIRESTIKIVINEV P\u00d5RANDAVALUMASS KIILTO 70 5-100MM 20KG - Espak E-pood","robots":{"index":"index","follow":"follow","max-snippet":"max-snippet:-1","max-image-preview":"max-image-preview:large","max-video-preview":"max-video-preview:-1"},"canonical":"https:\/\/espak.ee\/epood\/toode\/kiirestikivinev-porandavalumass-kiilto-70-5-100mm-20kg\/","og_locale":"et_EE","og_type":"article","og_title":"KIIRESTIKIVINEV P\u00d5RANDAVALUMASS KIILTO 70 5-100MM 20KG - Espak E-pood","og_url":"https:\/\/espak.ee\/epood\/toode\/kiirestikivinev-porandavalumass-kiilto-70-5-100mm-20kg\/","og_site_name":"Espak E-pood","article_modified_time":"2025-09-24T04:57:06+00:00","og_image":[{"width":800,"height":800,"url":"https:\/\/espak.ee\/epood\/wp-content\/uploads\/2019\/11\/kiilto-70.jpg","type":"image\/jpeg"}],"twitter_card":"summary_large_image","twitter_misc":{"Est. reading time":"2 minutit"},"schema":{"@context":"https:\/\/schema.org","@graph":[{"@type":"WebPage","@id":"https:\/\/espak.ee\/epood\/toode\/kiirestikivinev-porandavalumass-kiilto-70-5-100mm-20kg\/","url":"https:\/\/espak.ee\/epood\/toode\/kiirestikivinev-porandavalumass-kiilto-70-5-100mm-20kg\/","name":"KIIRESTIKIVINEV P\u00d5RANDAVALUMASS KIILTO 70 5-100MM 20KG - Espak E-pood","isPartOf":{"@id":"https:\/\/espak.ee\/epood\/#website"},"primaryImageOfPage":{"@id":"https:\/\/espak.ee\/epood\/toode\/kiirestikivinev-porandavalumass-kiilto-70-5-100mm-20kg\/#primaryimage"},"image":{"@id":"https:\/\/espak.ee\/epood\/toode\/kiirestikivinev-porandavalumass-kiilto-70-5-100mm-20kg\/#primaryimage"},"thumbnailUrl":"https:\/\/espak.ee\/epood\/wp-content\/uploads\/2019\/11\/kiilto-70.jpg","datePublished":"2019-11-14T00:41:10+00:00","dateModified":"2025-09-24T04:57:06+00:00","breadcrumb":{"@id":"https:\/\/espak.ee\/epood\/toode\/kiirestikivinev-porandavalumass-kiilto-70-5-100mm-20kg\/#breadcrumb"},"inLanguage":"et","potentialAction":[{"@type":"ReadAction","target":["https:\/\/espak.ee\/epood\/toode\/kiirestikivinev-porandavalumass-kiilto-70-5-100mm-20kg\/"]}]},{"@type":"ImageObject","inLanguage":"et","@id":"https:\/\/espak.ee\/epood\/toode\/kiirestikivinev-porandavalumass-kiilto-70-5-100mm-20kg\/#primaryimage","url":"https:\/\/espak.ee\/epood\/wp-content\/uploads\/2019\/11\/kiilto-70.jpg","contentUrl":"https:\/\/espak.ee\/epood\/wp-content\/uploads\/2019\/11\/kiilto-70.jpg","width":800,"height":800},{"@type":"BreadcrumbList","@id":"https:\/\/espak.ee\/epood\/toode\/kiirestikivinev-porandavalumass-kiilto-70-5-100mm-20kg\/#breadcrumb","itemListElement":[{"@type":"ListItem","position":1,"name":"Home","item":"https:\/\/espak.ee\/epood\/"},{"@type":"ListItem","position":2,"name":"Tootevalik","item":"https:\/\/espak.ee\/epood\/tootevalik\/"},{"@type":"ListItem","position":3,"name":"KIIRESTIKIVINEV P\u00d5RANDAVALUMASS KIILTO 70 5-100MM 20KG"}]},{"@type":"WebSite","@id":"https:\/\/espak.ee\/epood\/#website","url":"https:\/\/espak.ee\/epood\/","name":"Espak E-pood","description":"","potentialAction":[{"@type":"SearchAction","target":{"@type":"EntryPoint","urlTemplate":"https:\/\/espak.ee\/epood\/?s={search_term_string}"},"query-input":{"@type":"PropertyValueSpecification","valueRequired":true,"valueName":"search_term_string"}}],"inLanguage":"et"}]}},"_links":{"self":[{"href":"https:\/\/espak.ee\/epood\/wp-json\/wp\/v2\/product\/11044","targetHints":{"allow":["GET"]}}],"collection":[{"href":"https:\/\/espak.ee\/epood\/wp-json\/wp\/v2\/product"}],"about":[{"href":"https:\/\/espak.ee\/epood\/wp-json\/wp\/v2\/types\/product"}],"replies":[{"embeddable":true,"href":"https:\/\/espak.ee\/epood\/wp-json\/wp\/v2\/comments?post=11044"}],"wp:featuredmedia":[{"embeddable":true,"href":"https:\/\/espak.ee\/epood\/wp-json\/wp\/v2\/media\/177569"}],"wp:attachment":[{"href":"https:\/\/espak.ee\/epood\/wp-json\/wp\/v2\/media?parent=11044"}],"wp:term":[{"taxonomy":"product_brand","embeddable":true,"href":"https:\/\/espak.ee\/epood\/wp-json\/wp\/v2\/product_brand?post=11044"},{"taxonomy":"product_cat","embeddable":true,"href":"https:\/\/espak.ee\/epood\/wp-json\/wp\/v2\/product_cat?post=11044"},{"taxonomy":"product_tag","embeddable":true,"href":"https:\/\/espak.ee\/epood\/wp-json\/wp\/v2\/product_tag?post=11044"}],"curies":[{"name":"wp","href":"https:\/\/api.w.org\/{rel}","templated":true}]}}