{"id":10818,"date":"2019-11-12T02:35:29","date_gmt":"2019-11-12T00:35:29","guid":{"rendered":"https:\/\/espak.ee\/hinnakiri\/?post_type=product&#038;p=10818"},"modified":"2024-04-02T10:27:11","modified_gmt":"2024-04-02T07:27:11","slug":"fliistapeediliim-kiilto-nowo-1l","status":"publish","type":"product","link":"https:\/\/espak.ee\/epood\/toode\/fliistapeediliim-kiilto-nowo-1l\/","title":{"rendered":"FLIISTAPEEDILIIM KIILTO NOWO 1L"},"content":{"rendered":"<div class=\"row\"  id=\"row-1063643018\">\n\n\t<div id=\"col-1942535958\" class=\"col medium-9 small-12 large-9\"  >\n\t\t\t\t<div class=\"col-inner\"  >\n\t\t\t\n\t\t\t\n<h2>Kiilto NoWo Fliistapeediliim<\/h2>\n<p>Fliistapeetide liimimiseks imavate v\u00f5i v\u00e4rvitud aluspindadele. Sobib pealekandmiseks nii k\u00e4sitsi kui ka masinaga.<\/p>\n<div class=\"message-box relative\" style=\"padding-top:15px;padding-bottom:15px;\"><div class=\"message-box-bg-image bg-fill fill\" ><\/div><div class=\"message-box-bg-overlay bg-fill fill\" ><\/div><div class=\"container relative\"><div class=\"inner last-reset\">\n<div class=\"row align-middle align-center\"  id=\"row-1158971836\">\n\n\t<div id=\"col-1113462916\" class=\"col small-12 large-12\"  >\n\t\t\t\t<div class=\"col-inner text-left\"  >\n\t\t\t\n\t\t\t\n<h4>Omadused<\/h4>\n<div class=\"row\"  id=\"row-2144406088\">\n\n\t<div id=\"col-1819759738\" class=\"col medium-6 small-12 large-6\"  >\n\t\t\t\t<div class=\"col-inner\"  >\n\t\t\t\n\t\t\t\n<p><i class=\"fa fa-check fa-2x\"><\/i> <strong>Fliistapeetide liimimiseks<\/strong><\/p>\n<p><i class=\"fa fa-check fa-2x\"><\/i> <strong>Kasutusvalmis<\/strong><\/p>\n\t\t<\/div>\n\t\t\t\t\n<style>\n#col-1819759738 > .col-inner {\n  margin: 0px 0px 15px 0px;\n}\n<\/style>\n\t<\/div>\n\n\t\n<\/div>\n\t\t<\/div>\n\t\t\t\t\t<\/div>\n\n\t\n<\/div>\n<\/div><\/div><\/div>\n\t<div id=\"gap-650496806\" class=\"gap-element clearfix\" style=\"display:block; height:auto;\">\n\t\t\n<style>\n#gap-650496806 {\n  padding-top: 30px;\n}\n<\/style>\n\t<\/div>\n\t\n<h3>Kasutamise \u00fcksikasjad<\/h3>\n<p><strong>Kasutusalad:<\/strong> Ette n\u00e4htud m\u00f5\u00f5tudelt stabiilsete mittekootud tapeetide liimimiseks absorbeerivatele v\u00f5i v\u00e4rvitud aluspindadele. Sobib pealekandmiseks nii k\u00e4sitsi kui ka masinaga. Sobib kasutamiseks ka eelleotusmeetodiga paberalusel tapeetide korral. Mitte t\u00e4isplastist materjalidele v\u00f5i plastalustele. Ehitusmaterjalide M1 emissiooniklassifikatsiooniga materjal.<\/p>\n<p><strong>Kasutusjuhis:<\/strong> Tehke t\u00f6\u00f6d tavalisel toatemperatuuril. Nii tapeedil kui ka pastal tuleb lasta kohaneda toatemperatuuriga. Pind peab olema kuiv, sile, k\u00f5va ja puhas. Eemaldage vana tapeet ja lahtine v\u00e4rv. Tasandage ja lihvige k\u00f5ik ebatasasused. Kruntige v\u00f5i katke eelnevalt pastaga tugevalt absorbeerivad pinnad. Kasutage kruntimiseks niiskuskindlat matti kruntv\u00e4rvi v\u00f5i veega vahekorras 1:1 lahjendatud liimi. Peske v\u00e4rvitud pinnad n\u00e4iteks vahendiga Kiilto Maalarinpesu (maalripuhasti) ja loputage hoolikalt. Stabiilsete m\u00f5\u00f5tudega mittekootud tapeedid ei tursu niiskuse k\u00e4es ja ei vaja eelleotamist. Kandke pasta nt rulliga v\u00f5i pastamasinaga \u00fchtlaselt seinale ja tapeedi tagak\u00fcljele. Alustage laejoonest, vajutage tapeet kogu pikkuses vastu seina ja h\u00f5\u00f5ruge mullide eemaldamiseks j\u00e4iga harjaga v\u00f5i tavalise spaatliga keskelt servade poole. V\u00e4ltige tapeedi pinna m\u00e4\u00e4rdumist pastaga. Eemaldage \u00fchenduskohtadest kohe liigne pasta nt niiske lapi v\u00f5i k\u00e4snaga. J\u00f5uline h\u00f5\u00f5rumine v\u00f5ib kahjustada tapeedi v\u00e4rvi v\u00f5i l\u00e4iget. Sobib ka v\u00e4rvitavatele stabiilsete m\u00f5\u00f5tudega tapeetidele ja paberalusel tapeetidele p\u00e4rast eelleotamist. Kuid mitte v\u00f5rgutaolistele (fiiberklaasist) kootud materjalidele. Tagage t\u00f6\u00f6piirkonnas t\u00f5hus ventilatsioon. Paigaldamisel j\u00e4rgige ennek\u00f5ige tapeedi tootja juhiseid.<\/p>\n<p><strong>Keskkond ja ohutus:<\/strong> V\u00e4ltige kuivamata toote kokkupuudet nahaga, kasutage kaitsekindaid. Tutvuge tooteohutuskaardiga.<\/p>\n\t\t<\/div>\n\t\t\t\t\t<\/div>\n\n\t\n\n\t<div id=\"col-185583307\" class=\"col medium-3 small-12 large-3\"  >\n\t\t\t\t<div class=\"col-inner\"  >\n\t\t\t\n\t\t\t\n\t<div id=\"gap-1208058741\" class=\"gap-element clearfix\" style=\"display:block; height:auto;\">\n\t\t\n<style>\n#gap-1208058741 {\n  padding-top: 30px;\n}\n<\/style>\n\t<\/div>\n\t\n<h3>Tehniline informatsioon<\/h3>\n<p><a href=\"https:\/\/espak.ee\/epood\/wp-content\/uploads\/nowo-tooteleht.pdf\" target=\"_blank\" rel=\"noopener noreferrer\"><i class=\"far fa-file-pdf\"><\/i> Tehniline info (PDF)<\/a><\/p>\n<h3>Ohutusalane teave<\/h3>\n<p><a href=\"https:\/\/espak.ee\/epood\/wp-content\/uploads\/nowo-ohutuskaart.pdf\" target=\"_blank\" rel=\"noopener noreferrer\"><i class=\"far fa-file-pdf\"><\/i> Ohutusalane teave (PDF)<\/a><\/p>\n<div class=\"is-divider divider clearfix\" ><\/div>\n<p><strong>\u00dcksikasjalikuma n\u00f5u saamiseks v\u00f5tke \u00fchendust:<br \/><\/strong>Kiilto Eesti O\u00dc<br \/>L\u00e4ike tee 4<br \/>75312<br \/>Rae vald<br \/>(+372) 60 31 900<\/p>\n<div class=\"is-divider divider clearfix\" ><\/div>\n\t\t<\/div>\n\t\t\t\t\t<\/div>\n\n\t\n<\/div>\n","protected":false},"excerpt":{"rendered":"","protected":false},"featured_media":10980,"comment_status":"closed","ping_status":"open","template":"","meta":[],"product_brand":[],"product_cat":[2703,2706,2731,2683],"product_tag":[],"class_list":{"0":"post-10818","1":"product","2":"type-product","3":"status-publish","4":"has-post-thumbnail","6":"product_cat-ehituskeemia","7":"product_cat-liimid","8":"product_cat-seina-ja-porandaliimid","9":"product_cat-viimistluskaubad","10":"pa_kaubamark-kiilto-eesti-ou","12":"first","13":"instock","14":"sale","15":"taxable","16":"shipping-taxable","17":"purchasable","18":"product-type-simple"},"yoast_head":"<!-- This site is optimized with the Yoast SEO plugin v26.9 - https:\/\/yoast.com\/product\/yoast-seo-wordpress\/ -->\n<title>FLIISTAPEEDILIIM KIILTO NOWO 1L - Espak E-pood<\/title>\n<meta name=\"robots\" content=\"index, follow, max-snippet:-1, max-image-preview:large, max-video-preview:-1\" \/>\n<link rel=\"canonical\" href=\"https:\/\/espak.ee\/epood\/toode\/fliistapeediliim-kiilto-nowo-1l\/\" \/>\n<meta property=\"og:locale\" content=\"et_EE\" \/>\n<meta property=\"og:type\" content=\"article\" \/>\n<meta property=\"og:title\" content=\"FLIISTAPEEDILIIM KIILTO NOWO 1L - Espak E-pood\" \/>\n<meta property=\"og:url\" content=\"https:\/\/espak.ee\/epood\/toode\/fliistapeediliim-kiilto-nowo-1l\/\" \/>\n<meta property=\"og:site_name\" content=\"Espak E-pood\" \/>\n<meta property=\"article:modified_time\" content=\"2024-04-02T07:27:11+00:00\" \/>\n<meta property=\"og:image\" content=\"https:\/\/espak.ee\/epood\/wp-content\/uploads\/nowo.png\" \/>\n\t<meta property=\"og:image:width\" content=\"800\" \/>\n\t<meta property=\"og:image:height\" content=\"800\" \/>\n\t<meta property=\"og:image:type\" content=\"image\/png\" \/>\n<meta name=\"twitter:card\" content=\"summary_large_image\" \/>\n<meta name=\"twitter:label1\" content=\"Est. reading time\" \/>\n\t<meta name=\"twitter:data1\" content=\"2 minutit\" \/>\n<script type=\"application\/ld+json\" class=\"yoast-schema-graph\">{\"@context\":\"https:\/\/schema.org\",\"@graph\":[{\"@type\":\"WebPage\",\"@id\":\"https:\/\/espak.ee\/epood\/toode\/fliistapeediliim-kiilto-nowo-1l\/\",\"url\":\"https:\/\/espak.ee\/epood\/toode\/fliistapeediliim-kiilto-nowo-1l\/\",\"name\":\"FLIISTAPEEDILIIM KIILTO NOWO 1L - Espak E-pood\",\"isPartOf\":{\"@id\":\"https:\/\/espak.ee\/epood\/#website\"},\"primaryImageOfPage\":{\"@id\":\"https:\/\/espak.ee\/epood\/toode\/fliistapeediliim-kiilto-nowo-1l\/#primaryimage\"},\"image\":{\"@id\":\"https:\/\/espak.ee\/epood\/toode\/fliistapeediliim-kiilto-nowo-1l\/#primaryimage\"},\"thumbnailUrl\":\"https:\/\/espak.ee\/epood\/wp-content\/uploads\/nowo.png\",\"datePublished\":\"2019-11-12T00:35:29+00:00\",\"dateModified\":\"2024-04-02T07:27:11+00:00\",\"breadcrumb\":{\"@id\":\"https:\/\/espak.ee\/epood\/toode\/fliistapeediliim-kiilto-nowo-1l\/#breadcrumb\"},\"inLanguage\":\"et\",\"potentialAction\":[{\"@type\":\"ReadAction\",\"target\":[\"https:\/\/espak.ee\/epood\/toode\/fliistapeediliim-kiilto-nowo-1l\/\"]}]},{\"@type\":\"ImageObject\",\"inLanguage\":\"et\",\"@id\":\"https:\/\/espak.ee\/epood\/toode\/fliistapeediliim-kiilto-nowo-1l\/#primaryimage\",\"url\":\"https:\/\/espak.ee\/epood\/wp-content\/uploads\/nowo.png\",\"contentUrl\":\"https:\/\/espak.ee\/epood\/wp-content\/uploads\/nowo.png\",\"width\":800,\"height\":800},{\"@type\":\"BreadcrumbList\",\"@id\":\"https:\/\/espak.ee\/epood\/toode\/fliistapeediliim-kiilto-nowo-1l\/#breadcrumb\",\"itemListElement\":[{\"@type\":\"ListItem\",\"position\":1,\"name\":\"Home\",\"item\":\"https:\/\/espak.ee\/epood\/\"},{\"@type\":\"ListItem\",\"position\":2,\"name\":\"Tootevalik\",\"item\":\"https:\/\/espak.ee\/epood\/tootevalik\/\"},{\"@type\":\"ListItem\",\"position\":3,\"name\":\"FLIISTAPEEDILIIM KIILTO NOWO 1L\"}]},{\"@type\":\"WebSite\",\"@id\":\"https:\/\/espak.ee\/epood\/#website\",\"url\":\"https:\/\/espak.ee\/epood\/\",\"name\":\"Espak E-pood\",\"description\":\"\",\"potentialAction\":[{\"@type\":\"SearchAction\",\"target\":{\"@type\":\"EntryPoint\",\"urlTemplate\":\"https:\/\/espak.ee\/epood\/?s={search_term_string}\"},\"query-input\":{\"@type\":\"PropertyValueSpecification\",\"valueRequired\":true,\"valueName\":\"search_term_string\"}}],\"inLanguage\":\"et\"}]}<\/script>\n<!-- \/ Yoast SEO plugin. -->","yoast_head_json":{"title":"FLIISTAPEEDILIIM KIILTO NOWO 1L - Espak E-pood","robots":{"index":"index","follow":"follow","max-snippet":"max-snippet:-1","max-image-preview":"max-image-preview:large","max-video-preview":"max-video-preview:-1"},"canonical":"https:\/\/espak.ee\/epood\/toode\/fliistapeediliim-kiilto-nowo-1l\/","og_locale":"et_EE","og_type":"article","og_title":"FLIISTAPEEDILIIM KIILTO NOWO 1L - Espak E-pood","og_url":"https:\/\/espak.ee\/epood\/toode\/fliistapeediliim-kiilto-nowo-1l\/","og_site_name":"Espak E-pood","article_modified_time":"2024-04-02T07:27:11+00:00","og_image":[{"width":800,"height":800,"url":"https:\/\/espak.ee\/epood\/wp-content\/uploads\/nowo.png","type":"image\/png"}],"twitter_card":"summary_large_image","twitter_misc":{"Est. reading time":"2 minutit"},"schema":{"@context":"https:\/\/schema.org","@graph":[{"@type":"WebPage","@id":"https:\/\/espak.ee\/epood\/toode\/fliistapeediliim-kiilto-nowo-1l\/","url":"https:\/\/espak.ee\/epood\/toode\/fliistapeediliim-kiilto-nowo-1l\/","name":"FLIISTAPEEDILIIM KIILTO NOWO 1L - Espak E-pood","isPartOf":{"@id":"https:\/\/espak.ee\/epood\/#website"},"primaryImageOfPage":{"@id":"https:\/\/espak.ee\/epood\/toode\/fliistapeediliim-kiilto-nowo-1l\/#primaryimage"},"image":{"@id":"https:\/\/espak.ee\/epood\/toode\/fliistapeediliim-kiilto-nowo-1l\/#primaryimage"},"thumbnailUrl":"https:\/\/espak.ee\/epood\/wp-content\/uploads\/nowo.png","datePublished":"2019-11-12T00:35:29+00:00","dateModified":"2024-04-02T07:27:11+00:00","breadcrumb":{"@id":"https:\/\/espak.ee\/epood\/toode\/fliistapeediliim-kiilto-nowo-1l\/#breadcrumb"},"inLanguage":"et","potentialAction":[{"@type":"ReadAction","target":["https:\/\/espak.ee\/epood\/toode\/fliistapeediliim-kiilto-nowo-1l\/"]}]},{"@type":"ImageObject","inLanguage":"et","@id":"https:\/\/espak.ee\/epood\/toode\/fliistapeediliim-kiilto-nowo-1l\/#primaryimage","url":"https:\/\/espak.ee\/epood\/wp-content\/uploads\/nowo.png","contentUrl":"https:\/\/espak.ee\/epood\/wp-content\/uploads\/nowo.png","width":800,"height":800},{"@type":"BreadcrumbList","@id":"https:\/\/espak.ee\/epood\/toode\/fliistapeediliim-kiilto-nowo-1l\/#breadcrumb","itemListElement":[{"@type":"ListItem","position":1,"name":"Home","item":"https:\/\/espak.ee\/epood\/"},{"@type":"ListItem","position":2,"name":"Tootevalik","item":"https:\/\/espak.ee\/epood\/tootevalik\/"},{"@type":"ListItem","position":3,"name":"FLIISTAPEEDILIIM KIILTO NOWO 1L"}]},{"@type":"WebSite","@id":"https:\/\/espak.ee\/epood\/#website","url":"https:\/\/espak.ee\/epood\/","name":"Espak E-pood","description":"","potentialAction":[{"@type":"SearchAction","target":{"@type":"EntryPoint","urlTemplate":"https:\/\/espak.ee\/epood\/?s={search_term_string}"},"query-input":{"@type":"PropertyValueSpecification","valueRequired":true,"valueName":"search_term_string"}}],"inLanguage":"et"}]}},"_links":{"self":[{"href":"https:\/\/espak.ee\/epood\/wp-json\/wp\/v2\/product\/10818","targetHints":{"allow":["GET"]}}],"collection":[{"href":"https:\/\/espak.ee\/epood\/wp-json\/wp\/v2\/product"}],"about":[{"href":"https:\/\/espak.ee\/epood\/wp-json\/wp\/v2\/types\/product"}],"replies":[{"embeddable":true,"href":"https:\/\/espak.ee\/epood\/wp-json\/wp\/v2\/comments?post=10818"}],"wp:featuredmedia":[{"embeddable":true,"href":"https:\/\/espak.ee\/epood\/wp-json\/wp\/v2\/media\/10980"}],"wp:attachment":[{"href":"https:\/\/espak.ee\/epood\/wp-json\/wp\/v2\/media?parent=10818"}],"wp:term":[{"taxonomy":"product_brand","embeddable":true,"href":"https:\/\/espak.ee\/epood\/wp-json\/wp\/v2\/product_brand?post=10818"},{"taxonomy":"product_cat","embeddable":true,"href":"https:\/\/espak.ee\/epood\/wp-json\/wp\/v2\/product_cat?post=10818"},{"taxonomy":"product_tag","embeddable":true,"href":"https:\/\/espak.ee\/epood\/wp-json\/wp\/v2\/product_tag?post=10818"}],"curies":[{"name":"wp","href":"https:\/\/api.w.org\/{rel}","templated":true}]}}