{"id":10784,"date":"2019-11-12T02:35:13","date_gmt":"2019-11-12T00:35:13","guid":{"rendered":"https:\/\/espak.ee\/hinnakiri\/?post_type=product&#038;p=10784"},"modified":"2024-03-23T00:11:41","modified_gmt":"2024-03-22T22:11:41","slug":"liim-kiilto-floor-plus-15l","status":"publish","type":"product","link":"https:\/\/espak.ee\/epood\/toode\/liim-kiilto-floor-plus-15l\/","title":{"rendered":"LIIM KIILTO FLOOR PLUS 15L"},"content":{"rendered":"<div class=\"row\"  id=\"row-1666654196\">\n\n\t<div id=\"col-1892895000\" class=\"col medium-9 small-12 large-9\"  >\n\t\t\t\t<div class=\"col-inner\"  >\n\t\t\t\n\t\t\t\n<h2>Kiilto Floor Plus liim<\/h2>\n<p>Mitmeotstarbeline p\u00f5randakatteliim peaaegu igat t\u00fc\u00fcpi p\u00f5randakatete jaoks. T\u00e4nu heale nakkuvusele ja k\u00f5rgele l\u00f5pptugevusele sobib Kiilto Floor Plus ideaalselt LVT-plaatidele. Toode ei sisalda 2-et\u00fc\u00fclhaksanooli ega APEO-\u00fchendeid, ftalaate ega plastifikaatoreid.<\/p>\n<div class=\"message-box relative\" style=\"padding-top:15px;padding-bottom:15px;\"><div class=\"message-box-bg-image bg-fill fill\" ><\/div><div class=\"message-box-bg-overlay bg-fill fill\" ><\/div><div class=\"container relative\"><div class=\"inner last-reset\">\n<div class=\"row align-middle align-center\"  id=\"row-1134407330\">\n\n\t<div id=\"col-38935502\" class=\"col small-12 large-12\"  >\n\t\t\t\t<div class=\"col-inner text-left\"  >\n\t\t\t\n\t\t\t\n<h4>Omadused<\/h4>\n<div class=\"row\"  id=\"row-2017155148\">\n\n\t<div id=\"col-991327244\" class=\"col medium-6 small-12 large-6\"  >\n\t\t\t\t<div class=\"col-inner\"  >\n\t\t\t\n\t\t\t\n<p><i class=\"fa fa-check fa-2x\"><\/i> <strong>Tugev kleepuvus<\/strong><\/p>\n<p><i class=\"fa fa-check fa-2x\"><\/i> <strong>Kerge peale kanda <\/strong><\/p>\n\t\t<\/div>\n\t\t\t\t\n<style>\n#col-991327244 > .col-inner {\n  margin: 0px 0px 15px 0px;\n}\n<\/style>\n\t<\/div>\n\n\t\n<\/div>\n\t\t<\/div>\n\t\t\t\t\t<\/div>\n\n\t\n<\/div>\n<\/div><\/div><\/div>\n\t<div id=\"gap-1181099720\" class=\"gap-element clearfix\" style=\"display:block; height:auto;\">\n\t\t\n<style>\n#gap-1181099720 {\n  padding-top: 30px;\n}\n<\/style>\n\t<\/div>\n\t\n<h3>Kasutamise \u00fcksikasjad<\/h3>\n<p><strong>Kasutusalad:<\/strong> Veebaasil p\u00f5randa- ja seinakatteliim vin\u00fc\u00fclkatetele ja -plaatidele, linoleumile, kummi- ja tekstiilkatetele ning raskete, \u00fcle 0,6 mm paksuste vin\u00fc\u00fclseinakatete kinnitamiseks imavatele ja mitteimavatele pindadele kuivades ja niisketes ruumides. T\u00e4nu suurele l\u00f5pptugevusele heale nakkele on Floor Plus ideaalne LVT-plaatidele. V\u00f5ib kasutada p\u00f5randak\u00fctte korral.<\/p>\n<p><strong>Kasutusjuhis:<\/strong> Aluspind peab olema kuiv, tahke, sile, tolmu- ja rasvavaba. Ebatasasused tasandada sobiva Kiilto p\u00f5randatasandusseguga. Plaatide j\u00e4tkukohad peavad olema samuti tasandatud. Ehitusplaatpindade puhul j\u00e4rgida plaadi tootja juhiseid.Liim segada vajadusel enne kasutamist ning kanda seej\u00e4rel liimikammiga v\u00f5i rulliga \u00fchtlase kihina aluspinnale. Poorsetel pindadel toimub liimimine \u00fcldjuhul m\u00e4rgliimimisena: vajutage kate vahetult vastu aluspinda ja h\u00f5\u00f5ruge see tugevalt aluspinnale. J\u00e4iga v\u00f5i murdekohtadega p\u00f5randakatte puhul on soovitatav lasta liimil kuivada \u00f5hu k\u00e4es 10\u201330 min enne kinnivajutamist. T\u00e4ielikult mitteimavale pinnale j\u00e4iga katte paigaldamise puhul tuleb liimil enne katte asetamist lasta kuivada \u00f5hu k\u00e4es \u00fcle 60 minuti. V\u00f5i alternatiivselt h\u00f5\u00f5ruge kate v\u00e4rskele liimile, siis t\u00f5stke lahti ja laske \u00f5hu k\u00e4es seista 20\u201330 minutit. P\u00e4rast seda h\u00f5\u00f5ruge kate hoolikalt aluspinnale. V\u00e4rsked liimi plekid eemaldada veega. Kuivanud liim eemaldada tugevalt leeliselise pesuaine v\u00f5i ks\u00fcleeniga. Paigaldamisel j\u00e4rgige ka p\u00f5randakatte tootja juhiseid.<br \/>\nBetoonaluspind on soovitatav \u00fcle tasandada p\u00f5randatasandusseguga. Tasandussegu madal leeliselisus v\u00e4hendab liimi\u00fchenduse ja katte kahjustumise riski, mis tuleneb betooni k\u00f5rgest leeliselisusest.<\/p>\n<p><strong>Keskkond ja ohutus:<\/strong> V\u00e4ltige kuivamata toote kokkupuudet nahaga, kasutage kaitsekindaid. Tutvuge tooteohutuskaardiga.<\/p>\n\t\t<\/div>\n\t\t\t\t\t<\/div>\n\n\t\n\n\t<div id=\"col-637330101\" class=\"col medium-3 small-12 large-3\"  >\n\t\t\t\t<div class=\"col-inner\"  >\n\t\t\t\n\t\t\t\n\t<div id=\"gap-58896194\" class=\"gap-element clearfix\" style=\"display:block; height:auto;\">\n\t\t\n<style>\n#gap-58896194 {\n  padding-top: 30px;\n}\n<\/style>\n\t<\/div>\n\t\n<h3>Tehniline informatsioon<\/h3>\n<p><a href=\"https:\/\/espak.ee\/epood\/wp-content\/uploads\/floor-plus-tooteleht.pdf\" target=\"_blank\" rel=\"noopener noreferrer\"><i class=\"far fa-file-pdf\"><\/i> Tehniline info (PDF)<\/a><\/p>\n<h3>Ohutusalane teave<\/h3>\n<p><a href=\"https:\/\/espak.ee\/epood\/wp-content\/uploads\/floor-plus-ohutuskaart.pdf\" target=\"_blank\" rel=\"noopener noreferrer\"><i class=\"far fa-file-pdf\"><\/i> Ohutusalane teave (PDF)<\/a><\/p>\n<div class=\"is-divider divider clearfix\" ><\/div>\n<p><strong>\u00dcksikasjalikuma n\u00f5u saamiseks v\u00f5tke \u00fchendust:<br \/><\/strong>Kiilto Eesti O\u00dc<br \/>L\u00e4ike tee 4<br \/>75312<br \/>Rae vald<br \/>(+372) 60 31 900<\/p>\n<div class=\"is-divider divider clearfix\" ><\/div>\n\t\t<\/div>\n\t\t\t\t\t<\/div>\n\n\t\n<\/div>\n","protected":false},"excerpt":{"rendered":"","protected":false},"featured_media":11167,"comment_status":"closed","ping_status":"closed","template":"","meta":[],"product_brand":[],"product_cat":[2703,2706,2843,2683],"product_tag":[],"class_list":{"0":"post-10784","1":"product","2":"type-product","3":"status-publish","4":"has-post-thumbnail","6":"product_cat-ehituskeemia","7":"product_cat-liimid","8":"product_cat-puidu-ja-parketiliimid","9":"product_cat-viimistluskaubad","10":"pa_kaubamark-kiilto-eesti-ou","12":"first","13":"instock","14":"sale","15":"taxable","16":"shipping-taxable","17":"purchasable","18":"product-type-simple"},"yoast_head":"<!-- This site is optimized with the Yoast SEO plugin v26.9 - https:\/\/yoast.com\/product\/yoast-seo-wordpress\/ -->\n<title>LIIM KIILTO FLOOR PLUS 15L - Espak E-pood<\/title>\n<meta name=\"robots\" content=\"index, follow, max-snippet:-1, max-image-preview:large, max-video-preview:-1\" \/>\n<link rel=\"canonical\" href=\"https:\/\/espak.ee\/epood\/toode\/liim-kiilto-floor-plus-15l\/\" \/>\n<meta property=\"og:locale\" content=\"et_EE\" \/>\n<meta property=\"og:type\" content=\"article\" \/>\n<meta property=\"og:title\" content=\"LIIM KIILTO FLOOR PLUS 15L - Espak E-pood\" \/>\n<meta property=\"og:url\" content=\"https:\/\/espak.ee\/epood\/toode\/liim-kiilto-floor-plus-15l\/\" \/>\n<meta property=\"og:site_name\" content=\"Espak E-pood\" \/>\n<meta property=\"article:modified_time\" content=\"2024-03-22T22:11:41+00:00\" \/>\n<meta property=\"og:image\" content=\"https:\/\/espak.ee\/epood\/wp-content\/uploads\/floor-plus.png\" \/>\n\t<meta property=\"og:image:width\" content=\"800\" \/>\n\t<meta property=\"og:image:height\" content=\"800\" \/>\n\t<meta property=\"og:image:type\" content=\"image\/png\" \/>\n<meta name=\"twitter:card\" content=\"summary_large_image\" \/>\n<meta name=\"twitter:label1\" content=\"Est. reading time\" \/>\n\t<meta name=\"twitter:data1\" content=\"2 minutit\" \/>\n<script type=\"application\/ld+json\" class=\"yoast-schema-graph\">{\"@context\":\"https:\/\/schema.org\",\"@graph\":[{\"@type\":\"WebPage\",\"@id\":\"https:\/\/espak.ee\/epood\/toode\/liim-kiilto-floor-plus-15l\/\",\"url\":\"https:\/\/espak.ee\/epood\/toode\/liim-kiilto-floor-plus-15l\/\",\"name\":\"LIIM KIILTO FLOOR PLUS 15L - Espak E-pood\",\"isPartOf\":{\"@id\":\"https:\/\/espak.ee\/epood\/#website\"},\"primaryImageOfPage\":{\"@id\":\"https:\/\/espak.ee\/epood\/toode\/liim-kiilto-floor-plus-15l\/#primaryimage\"},\"image\":{\"@id\":\"https:\/\/espak.ee\/epood\/toode\/liim-kiilto-floor-plus-15l\/#primaryimage\"},\"thumbnailUrl\":\"https:\/\/espak.ee\/epood\/wp-content\/uploads\/floor-plus.png\",\"datePublished\":\"2019-11-12T00:35:13+00:00\",\"dateModified\":\"2024-03-22T22:11:41+00:00\",\"breadcrumb\":{\"@id\":\"https:\/\/espak.ee\/epood\/toode\/liim-kiilto-floor-plus-15l\/#breadcrumb\"},\"inLanguage\":\"et\",\"potentialAction\":[{\"@type\":\"ReadAction\",\"target\":[\"https:\/\/espak.ee\/epood\/toode\/liim-kiilto-floor-plus-15l\/\"]}]},{\"@type\":\"ImageObject\",\"inLanguage\":\"et\",\"@id\":\"https:\/\/espak.ee\/epood\/toode\/liim-kiilto-floor-plus-15l\/#primaryimage\",\"url\":\"https:\/\/espak.ee\/epood\/wp-content\/uploads\/floor-plus.png\",\"contentUrl\":\"https:\/\/espak.ee\/epood\/wp-content\/uploads\/floor-plus.png\",\"width\":800,\"height\":800},{\"@type\":\"BreadcrumbList\",\"@id\":\"https:\/\/espak.ee\/epood\/toode\/liim-kiilto-floor-plus-15l\/#breadcrumb\",\"itemListElement\":[{\"@type\":\"ListItem\",\"position\":1,\"name\":\"Home\",\"item\":\"https:\/\/espak.ee\/epood\/\"},{\"@type\":\"ListItem\",\"position\":2,\"name\":\"Tootevalik\",\"item\":\"https:\/\/espak.ee\/epood\/tootevalik\/\"},{\"@type\":\"ListItem\",\"position\":3,\"name\":\"LIIM KIILTO FLOOR PLUS 15L\"}]},{\"@type\":\"WebSite\",\"@id\":\"https:\/\/espak.ee\/epood\/#website\",\"url\":\"https:\/\/espak.ee\/epood\/\",\"name\":\"Espak E-pood\",\"description\":\"\",\"potentialAction\":[{\"@type\":\"SearchAction\",\"target\":{\"@type\":\"EntryPoint\",\"urlTemplate\":\"https:\/\/espak.ee\/epood\/?s={search_term_string}\"},\"query-input\":{\"@type\":\"PropertyValueSpecification\",\"valueRequired\":true,\"valueName\":\"search_term_string\"}}],\"inLanguage\":\"et\"}]}<\/script>\n<!-- \/ Yoast SEO plugin. -->","yoast_head_json":{"title":"LIIM KIILTO FLOOR PLUS 15L - Espak E-pood","robots":{"index":"index","follow":"follow","max-snippet":"max-snippet:-1","max-image-preview":"max-image-preview:large","max-video-preview":"max-video-preview:-1"},"canonical":"https:\/\/espak.ee\/epood\/toode\/liim-kiilto-floor-plus-15l\/","og_locale":"et_EE","og_type":"article","og_title":"LIIM KIILTO FLOOR PLUS 15L - Espak E-pood","og_url":"https:\/\/espak.ee\/epood\/toode\/liim-kiilto-floor-plus-15l\/","og_site_name":"Espak E-pood","article_modified_time":"2024-03-22T22:11:41+00:00","og_image":[{"width":800,"height":800,"url":"https:\/\/espak.ee\/epood\/wp-content\/uploads\/floor-plus.png","type":"image\/png"}],"twitter_card":"summary_large_image","twitter_misc":{"Est. reading time":"2 minutit"},"schema":{"@context":"https:\/\/schema.org","@graph":[{"@type":"WebPage","@id":"https:\/\/espak.ee\/epood\/toode\/liim-kiilto-floor-plus-15l\/","url":"https:\/\/espak.ee\/epood\/toode\/liim-kiilto-floor-plus-15l\/","name":"LIIM KIILTO FLOOR PLUS 15L - Espak E-pood","isPartOf":{"@id":"https:\/\/espak.ee\/epood\/#website"},"primaryImageOfPage":{"@id":"https:\/\/espak.ee\/epood\/toode\/liim-kiilto-floor-plus-15l\/#primaryimage"},"image":{"@id":"https:\/\/espak.ee\/epood\/toode\/liim-kiilto-floor-plus-15l\/#primaryimage"},"thumbnailUrl":"https:\/\/espak.ee\/epood\/wp-content\/uploads\/floor-plus.png","datePublished":"2019-11-12T00:35:13+00:00","dateModified":"2024-03-22T22:11:41+00:00","breadcrumb":{"@id":"https:\/\/espak.ee\/epood\/toode\/liim-kiilto-floor-plus-15l\/#breadcrumb"},"inLanguage":"et","potentialAction":[{"@type":"ReadAction","target":["https:\/\/espak.ee\/epood\/toode\/liim-kiilto-floor-plus-15l\/"]}]},{"@type":"ImageObject","inLanguage":"et","@id":"https:\/\/espak.ee\/epood\/toode\/liim-kiilto-floor-plus-15l\/#primaryimage","url":"https:\/\/espak.ee\/epood\/wp-content\/uploads\/floor-plus.png","contentUrl":"https:\/\/espak.ee\/epood\/wp-content\/uploads\/floor-plus.png","width":800,"height":800},{"@type":"BreadcrumbList","@id":"https:\/\/espak.ee\/epood\/toode\/liim-kiilto-floor-plus-15l\/#breadcrumb","itemListElement":[{"@type":"ListItem","position":1,"name":"Home","item":"https:\/\/espak.ee\/epood\/"},{"@type":"ListItem","position":2,"name":"Tootevalik","item":"https:\/\/espak.ee\/epood\/tootevalik\/"},{"@type":"ListItem","position":3,"name":"LIIM KIILTO FLOOR PLUS 15L"}]},{"@type":"WebSite","@id":"https:\/\/espak.ee\/epood\/#website","url":"https:\/\/espak.ee\/epood\/","name":"Espak E-pood","description":"","potentialAction":[{"@type":"SearchAction","target":{"@type":"EntryPoint","urlTemplate":"https:\/\/espak.ee\/epood\/?s={search_term_string}"},"query-input":{"@type":"PropertyValueSpecification","valueRequired":true,"valueName":"search_term_string"}}],"inLanguage":"et"}]}},"_links":{"self":[{"href":"https:\/\/espak.ee\/epood\/wp-json\/wp\/v2\/product\/10784","targetHints":{"allow":["GET"]}}],"collection":[{"href":"https:\/\/espak.ee\/epood\/wp-json\/wp\/v2\/product"}],"about":[{"href":"https:\/\/espak.ee\/epood\/wp-json\/wp\/v2\/types\/product"}],"replies":[{"embeddable":true,"href":"https:\/\/espak.ee\/epood\/wp-json\/wp\/v2\/comments?post=10784"}],"wp:featuredmedia":[{"embeddable":true,"href":"https:\/\/espak.ee\/epood\/wp-json\/wp\/v2\/media\/11167"}],"wp:attachment":[{"href":"https:\/\/espak.ee\/epood\/wp-json\/wp\/v2\/media?parent=10784"}],"wp:term":[{"taxonomy":"product_brand","embeddable":true,"href":"https:\/\/espak.ee\/epood\/wp-json\/wp\/v2\/product_brand?post=10784"},{"taxonomy":"product_cat","embeddable":true,"href":"https:\/\/espak.ee\/epood\/wp-json\/wp\/v2\/product_cat?post=10784"},{"taxonomy":"product_tag","embeddable":true,"href":"https:\/\/espak.ee\/epood\/wp-json\/wp\/v2\/product_tag?post=10784"}],"curies":[{"name":"wp","href":"https:\/\/api.w.org\/{rel}","templated":true}]}}