{"id":107714,"date":"2022-02-03T02:01:43","date_gmt":"2022-02-03T02:01:43","guid":{"rendered":"https:\/\/espak.ee\/epood\/?post_type=product&#038;p=107714"},"modified":"2024-09-21T06:31:25","modified_gmt":"2024-09-21T03:31:25","slug":"harjatihend-standard-roll-310mm5m-pruun-8019","status":"publish","type":"product","link":"https:\/\/espak.ee\/epood\/toode\/harjatihend-standard-roll-310mm5m-pruun-8019\/","title":{"rendered":"HARJATIHEND STANDARD ROLL 310MM*5M PRUUN 8019"},"content":{"rendered":"<div class=\"row\"  id=\"row-380590473\">\n\n\t<div id=\"col-769849734\" class=\"col medium-9 small-12 large-9\"  >\n\t\t\t\t<div class=\"col-inner\"  >\n\t\t\t\n\t\t\t\n<h3>Harjatihend Standard Roll 310mm x 5m pruun<\/h3>\n<p>Katuse harjatihend nii horisontaal- kui ka kaldharjadele. Valmistatud volditud alumiiniumist, tehnilisest pol\u00fcprop\u00fcleenist kangast ja but\u00fc\u00fclteibist. Toote parema vastupidavuse tagamiseks on alumiinium ja kangas omavahel kokku liimitud ning lisaks ka \u00f5mmeldud. <\/p>\n<div class=\"message-box relative\" style=\"padding-top:15px;padding-bottom:15px;\"><div class=\"message-box-bg-image bg-fill fill\" ><\/div><div class=\"message-box-bg-overlay bg-fill fill\" ><\/div><div class=\"container relative\"><div class=\"inner last-reset\">\n<div class=\"row align-middle align-center\"  id=\"row-275740850\">\n\n\t<div id=\"col-1960226952\" class=\"col small-12 large-12\"  >\n\t\t\t\t<div class=\"col-inner text-left\"  >\n\t\t\t\n\t\t\t\n<h4>Omadused<\/h4>\n<div class=\"row\"  id=\"row-1298703186\">\n\n\t<div id=\"col-762099694\" class=\"col medium-6 small-12 large-6\"  >\n\t\t\t\t<div class=\"col-inner\"  >\n\t\t\t\n\t\t\t\n<p><i class=\"fa fa-check fa-2x\"><\/i> <strong>Auru l\u00e4bilaskvus<\/strong><\/p>\n\t\t<\/div>\n\t\t\t\t\n<style>\n#col-762099694 > .col-inner {\n  margin: 0px 0px 15px 0px;\n}\n<\/style>\n\t<\/div>\n\n\t\n\n\t<div id=\"col-1299097705\" class=\"col medium-6 small-12 large-6\"  >\n\t\t\t\t<div class=\"col-inner\"  >\n\t\t\t\n\t\t\t\n<p><i class=\"fa fa-check fa-2x\"><\/i> <strong>Kiire ja lihtne paigaldada<\/strong><\/p>\n<p><i class=\"fa fa-check fa-2x\"><\/i> <strong>UV vastupidav<\/strong><\/p>\n\t\t<\/div>\n\t\t\t\t\n<style>\n#col-1299097705 > .col-inner {\n  margin: 0px 0px 15px 0px;\n}\n<\/style>\n\t<\/div>\n\n\t\n<\/div>\n\t\t<\/div>\n\t\t\t\t\t<\/div>\n\n\t\n<\/div>\n<\/div><\/div><\/div>\n\t<div id=\"gap-1963174823\" class=\"gap-element clearfix\" style=\"display:block; height:auto;\">\n\t\t\n<style>\n#gap-1963174823 {\n  padding-top: 30px;\n}\n<\/style>\n\t<\/div>\n\t\n<h3>Kasutamise \u00fcksikasjad<\/h3>\n<p><strong>Rakendus:<\/strong> Katuse harjatihend on sobiv kasutada nii horisontaal- kui ka kaldharjadele. Kasutatakse tihendus- ja ventilatsioonielemendina. Kaitseb katusekonstruktsiooni lume, vee, niiskuse ja tolmu eest, tagades samal ajal n\u00f5uetekohase ventilatsiooni. Soovitatav kasutada betoonist ja savist katusekividele, samuti teraskatustele.<\/p>\n<p><strong>Hoiustamine\/ transport:<\/strong> Toodet tuleb hoida niiskuse ja UV-kiirguse eest, kuivas ruumis, suletud ja kahjustamata pakendis. Rulle v\u00f5ib transportida kaetud\/suletud transpordivahendites. Need peavad olema pakitud transportimiseks viisil, mis kaitseb neid kahjustuste eest. Toodet tuleb kaitsta keemiliste m\u00f5jurite eest, eelk\u00f5ige lahustip\u00f5hised ained, kuna need v\u00f5ivad v\u00e4hendada toote tehnilisi parameetreid v\u00f5i kahjustada seda p\u00fcsivalt.<\/p>\n<p><strong>Paigaldus:<\/strong> Rulli harjatihend piki harja lahti ja fikseeri see klambrip\u00fcstoliga. Seej\u00e4rel eemalda kleeplindi kaitsekile. Esmalt vajuta kinni lainelisel kivil k\u00f5rgemad osad. P\u00e4rast seda vajuta kogu \u00e4\u00e4r kinni kas k\u00e4sitsi v\u00f5i spetsiaalse rulliga rullides. \u00dcleminekul j\u00e4rgmisele rullile peab paanide kattuvus olema v\u00e4hemalt 5 cm. Enne rulltihendi paigaldamist tuleb j\u00e4lgida, et kivide pind oleks puhas ja kuiv. Kui temperatuur on v\u00e4iksem kui +5 \u00b0C, tuleb kivi pinda soojendada elektrilise f\u00f6\u00f6niga. Keelatud on kasutada bensiini- v\u00f5i gaasip\u00f5letit. Harjatihend peab olema liimitud tihedalt vastu reakive.<\/p>\n\t\t<\/div>\n\t\t\t\t\t<\/div>\n\n\t\n\n\t<div id=\"col-697967713\" class=\"col medium-3 small-12 large-3\"  >\n\t\t\t\t<div class=\"col-inner\"  >\n\t\t\t\n\t\t\t\n<h3>Tehniline informatsioon<\/h3>\n<p><a href=\"https:\/\/espak.ee\/epood\/wp-content\/uploads\/2022\/02\/Eurovent-ROLL-STANDARD_Tehnilised-Andmed-EE.pdf\"target=\"_blank\" rel=\"noopener noreferrer\"><i class=\"far fa-file-pdf\"><\/i> Tehniline info (PDF)<\/a><\/p>\n<div class=\"is-divider divider clearfix\" ><\/div>\n<p><strong>\u00dcksikasjalikuma n\u00f5u saamiseks v\u00f5tke \u00fchendust:<br \/><\/strong>Tektum O\u00dc<br \/>Peterburi tee 2<br \/>11415<br \/>Tallinn<br \/>+372 657 1117 <\/p>\n\t\t<\/div>\n\t\t\t\t\t<\/div>\n\n\t\n<\/div>\n","protected":false},"excerpt":{"rendered":"","protected":false},"featured_media":108770,"comment_status":"closed","ping_status":"closed","template":"","meta":[],"product_brand":[],"product_cat":[3495,4116,4117,2697],"product_tag":[],"class_list":{"0":"post-107714","1":"product","2":"type-product","3":"status-publish","4":"has-post-thumbnail","6":"product_cat-katusematerjalid","7":"product_cat-katuste-lisatarvikud","8":"product_cat-tihendid-katuste-lisatarvikud","9":"product_cat-uldehitus","10":"pa_kaubamark-tektum-ou","12":"first","13":"instock","14":"sale","15":"taxable","16":"shipping-taxable","17":"purchasable","18":"product-type-simple"},"yoast_head":"<!-- This site is optimized with the Yoast SEO plugin v26.9 - https:\/\/yoast.com\/product\/yoast-seo-wordpress\/ -->\n<title>HARJATIHEND STANDARD ROLL 310MM*5M PRUUN 8019 - Espak E-pood<\/title>\n<meta name=\"robots\" content=\"index, follow, max-snippet:-1, max-image-preview:large, max-video-preview:-1\" \/>\n<link rel=\"canonical\" href=\"https:\/\/espak.ee\/epood\/toode\/harjatihend-standard-roll-310mm5m-pruun-8019\/\" \/>\n<meta property=\"og:locale\" content=\"et_EE\" \/>\n<meta property=\"og:type\" content=\"article\" \/>\n<meta property=\"og:title\" content=\"HARJATIHEND STANDARD ROLL 310MM*5M PRUUN 8019 - Espak E-pood\" \/>\n<meta property=\"og:url\" content=\"https:\/\/espak.ee\/epood\/toode\/harjatihend-standard-roll-310mm5m-pruun-8019\/\" \/>\n<meta property=\"og:site_name\" content=\"Espak E-pood\" \/>\n<meta property=\"article:modified_time\" content=\"2024-09-21T03:31:25+00:00\" \/>\n<meta property=\"og:image\" content=\"https:\/\/espak.ee\/epood\/wp-content\/uploads\/2022\/02\/EUROVENT-Roll-Standard-8019.jpg\" \/>\n\t<meta property=\"og:image:width\" content=\"1000\" \/>\n\t<meta property=\"og:image:height\" content=\"1000\" \/>\n\t<meta property=\"og:image:type\" content=\"image\/jpeg\" \/>\n<meta name=\"twitter:card\" content=\"summary_large_image\" \/>\n<meta name=\"twitter:label1\" content=\"Est. reading time\" \/>\n\t<meta name=\"twitter:data1\" content=\"2 minutit\" \/>\n<script type=\"application\/ld+json\" class=\"yoast-schema-graph\">{\"@context\":\"https:\/\/schema.org\",\"@graph\":[{\"@type\":\"WebPage\",\"@id\":\"https:\/\/espak.ee\/epood\/toode\/harjatihend-standard-roll-310mm5m-pruun-8019\/\",\"url\":\"https:\/\/espak.ee\/epood\/toode\/harjatihend-standard-roll-310mm5m-pruun-8019\/\",\"name\":\"HARJATIHEND STANDARD ROLL 310MM*5M PRUUN 8019 - Espak E-pood\",\"isPartOf\":{\"@id\":\"https:\/\/espak.ee\/epood\/#website\"},\"primaryImageOfPage\":{\"@id\":\"https:\/\/espak.ee\/epood\/toode\/harjatihend-standard-roll-310mm5m-pruun-8019\/#primaryimage\"},\"image\":{\"@id\":\"https:\/\/espak.ee\/epood\/toode\/harjatihend-standard-roll-310mm5m-pruun-8019\/#primaryimage\"},\"thumbnailUrl\":\"https:\/\/espak.ee\/epood\/wp-content\/uploads\/2022\/02\/EUROVENT-Roll-Standard-8019.jpg\",\"datePublished\":\"2022-02-03T02:01:43+00:00\",\"dateModified\":\"2024-09-21T03:31:25+00:00\",\"breadcrumb\":{\"@id\":\"https:\/\/espak.ee\/epood\/toode\/harjatihend-standard-roll-310mm5m-pruun-8019\/#breadcrumb\"},\"inLanguage\":\"et\",\"potentialAction\":[{\"@type\":\"ReadAction\",\"target\":[\"https:\/\/espak.ee\/epood\/toode\/harjatihend-standard-roll-310mm5m-pruun-8019\/\"]}]},{\"@type\":\"ImageObject\",\"inLanguage\":\"et\",\"@id\":\"https:\/\/espak.ee\/epood\/toode\/harjatihend-standard-roll-310mm5m-pruun-8019\/#primaryimage\",\"url\":\"https:\/\/espak.ee\/epood\/wp-content\/uploads\/2022\/02\/EUROVENT-Roll-Standard-8019.jpg\",\"contentUrl\":\"https:\/\/espak.ee\/epood\/wp-content\/uploads\/2022\/02\/EUROVENT-Roll-Standard-8019.jpg\",\"width\":1000,\"height\":1000},{\"@type\":\"BreadcrumbList\",\"@id\":\"https:\/\/espak.ee\/epood\/toode\/harjatihend-standard-roll-310mm5m-pruun-8019\/#breadcrumb\",\"itemListElement\":[{\"@type\":\"ListItem\",\"position\":1,\"name\":\"Home\",\"item\":\"https:\/\/espak.ee\/epood\/\"},{\"@type\":\"ListItem\",\"position\":2,\"name\":\"Tootevalik\",\"item\":\"https:\/\/espak.ee\/epood\/tootevalik\/\"},{\"@type\":\"ListItem\",\"position\":3,\"name\":\"HARJATIHEND STANDARD ROLL 310MM*5M PRUUN 8019\"}]},{\"@type\":\"WebSite\",\"@id\":\"https:\/\/espak.ee\/epood\/#website\",\"url\":\"https:\/\/espak.ee\/epood\/\",\"name\":\"Espak E-pood\",\"description\":\"\",\"potentialAction\":[{\"@type\":\"SearchAction\",\"target\":{\"@type\":\"EntryPoint\",\"urlTemplate\":\"https:\/\/espak.ee\/epood\/?s={search_term_string}\"},\"query-input\":{\"@type\":\"PropertyValueSpecification\",\"valueRequired\":true,\"valueName\":\"search_term_string\"}}],\"inLanguage\":\"et\"}]}<\/script>\n<!-- \/ Yoast SEO plugin. -->","yoast_head_json":{"title":"HARJATIHEND STANDARD ROLL 310MM*5M PRUUN 8019 - Espak E-pood","robots":{"index":"index","follow":"follow","max-snippet":"max-snippet:-1","max-image-preview":"max-image-preview:large","max-video-preview":"max-video-preview:-1"},"canonical":"https:\/\/espak.ee\/epood\/toode\/harjatihend-standard-roll-310mm5m-pruun-8019\/","og_locale":"et_EE","og_type":"article","og_title":"HARJATIHEND STANDARD ROLL 310MM*5M PRUUN 8019 - Espak E-pood","og_url":"https:\/\/espak.ee\/epood\/toode\/harjatihend-standard-roll-310mm5m-pruun-8019\/","og_site_name":"Espak E-pood","article_modified_time":"2024-09-21T03:31:25+00:00","og_image":[{"width":1000,"height":1000,"url":"https:\/\/espak.ee\/epood\/wp-content\/uploads\/2022\/02\/EUROVENT-Roll-Standard-8019.jpg","type":"image\/jpeg"}],"twitter_card":"summary_large_image","twitter_misc":{"Est. reading time":"2 minutit"},"schema":{"@context":"https:\/\/schema.org","@graph":[{"@type":"WebPage","@id":"https:\/\/espak.ee\/epood\/toode\/harjatihend-standard-roll-310mm5m-pruun-8019\/","url":"https:\/\/espak.ee\/epood\/toode\/harjatihend-standard-roll-310mm5m-pruun-8019\/","name":"HARJATIHEND STANDARD ROLL 310MM*5M PRUUN 8019 - Espak E-pood","isPartOf":{"@id":"https:\/\/espak.ee\/epood\/#website"},"primaryImageOfPage":{"@id":"https:\/\/espak.ee\/epood\/toode\/harjatihend-standard-roll-310mm5m-pruun-8019\/#primaryimage"},"image":{"@id":"https:\/\/espak.ee\/epood\/toode\/harjatihend-standard-roll-310mm5m-pruun-8019\/#primaryimage"},"thumbnailUrl":"https:\/\/espak.ee\/epood\/wp-content\/uploads\/2022\/02\/EUROVENT-Roll-Standard-8019.jpg","datePublished":"2022-02-03T02:01:43+00:00","dateModified":"2024-09-21T03:31:25+00:00","breadcrumb":{"@id":"https:\/\/espak.ee\/epood\/toode\/harjatihend-standard-roll-310mm5m-pruun-8019\/#breadcrumb"},"inLanguage":"et","potentialAction":[{"@type":"ReadAction","target":["https:\/\/espak.ee\/epood\/toode\/harjatihend-standard-roll-310mm5m-pruun-8019\/"]}]},{"@type":"ImageObject","inLanguage":"et","@id":"https:\/\/espak.ee\/epood\/toode\/harjatihend-standard-roll-310mm5m-pruun-8019\/#primaryimage","url":"https:\/\/espak.ee\/epood\/wp-content\/uploads\/2022\/02\/EUROVENT-Roll-Standard-8019.jpg","contentUrl":"https:\/\/espak.ee\/epood\/wp-content\/uploads\/2022\/02\/EUROVENT-Roll-Standard-8019.jpg","width":1000,"height":1000},{"@type":"BreadcrumbList","@id":"https:\/\/espak.ee\/epood\/toode\/harjatihend-standard-roll-310mm5m-pruun-8019\/#breadcrumb","itemListElement":[{"@type":"ListItem","position":1,"name":"Home","item":"https:\/\/espak.ee\/epood\/"},{"@type":"ListItem","position":2,"name":"Tootevalik","item":"https:\/\/espak.ee\/epood\/tootevalik\/"},{"@type":"ListItem","position":3,"name":"HARJATIHEND STANDARD ROLL 310MM*5M PRUUN 8019"}]},{"@type":"WebSite","@id":"https:\/\/espak.ee\/epood\/#website","url":"https:\/\/espak.ee\/epood\/","name":"Espak E-pood","description":"","potentialAction":[{"@type":"SearchAction","target":{"@type":"EntryPoint","urlTemplate":"https:\/\/espak.ee\/epood\/?s={search_term_string}"},"query-input":{"@type":"PropertyValueSpecification","valueRequired":true,"valueName":"search_term_string"}}],"inLanguage":"et"}]}},"_links":{"self":[{"href":"https:\/\/espak.ee\/epood\/wp-json\/wp\/v2\/product\/107714","targetHints":{"allow":["GET"]}}],"collection":[{"href":"https:\/\/espak.ee\/epood\/wp-json\/wp\/v2\/product"}],"about":[{"href":"https:\/\/espak.ee\/epood\/wp-json\/wp\/v2\/types\/product"}],"replies":[{"embeddable":true,"href":"https:\/\/espak.ee\/epood\/wp-json\/wp\/v2\/comments?post=107714"}],"wp:featuredmedia":[{"embeddable":true,"href":"https:\/\/espak.ee\/epood\/wp-json\/wp\/v2\/media\/108770"}],"wp:attachment":[{"href":"https:\/\/espak.ee\/epood\/wp-json\/wp\/v2\/media?parent=107714"}],"wp:term":[{"taxonomy":"product_brand","embeddable":true,"href":"https:\/\/espak.ee\/epood\/wp-json\/wp\/v2\/product_brand?post=107714"},{"taxonomy":"product_cat","embeddable":true,"href":"https:\/\/espak.ee\/epood\/wp-json\/wp\/v2\/product_cat?post=107714"},{"taxonomy":"product_tag","embeddable":true,"href":"https:\/\/espak.ee\/epood\/wp-json\/wp\/v2\/product_tag?post=107714"}],"curies":[{"name":"wp","href":"https:\/\/api.w.org\/{rel}","templated":true}]}}