{"id":10576,"date":"2019-11-09T02:37:04","date_gmt":"2019-11-09T00:37:04","guid":{"rendered":"https:\/\/espak.ee\/hinnakiri\/?post_type=product&#038;p=10576"},"modified":"2026-04-07T07:56:34","modified_gmt":"2026-04-07T04:56:34","slug":"sanitaarsilikoon-kestosil-33-kakaopruun-310ml","status":"publish","type":"product","link":"https:\/\/espak.ee\/epood\/toode\/sanitaarsilikoon-kestosil-33-kakaopruun-310ml\/","title":{"rendered":"SANITAARSILIKOON KIILTO 33 KAKAOPRUUN 310ML"},"content":{"rendered":"<div class=\"row\"  id=\"row-664737134\">\n\n\t<div id=\"col-354967772\" class=\"col medium-9 small-12 large-9\"  >\n\t\t\t\t<div class=\"col-inner\"  >\n\t\t\t\n\t\t\t\n<h2>Kiilto Sanitaarsilikoon<\/h2>\n<p>L\u00f5hnatu, neutraalne, hallitusvastast lisaainet sisaldav silikoon nihkevuukide ja muude \u00fchenduste tihendamiseks. Silikooni toonid vastavad Kiilto vuugit\u00e4idise v\u00e4rvidele. Sobib ka v\u00e4listingimustes kasutamiseks. Ei sobi akvaariumite jaoks.<\/p>\n<div class=\"message-box relative\" style=\"padding-top:15px;padding-bottom:15px;\"><div class=\"message-box-bg-image bg-fill fill\" ><\/div><div class=\"message-box-bg-overlay bg-fill fill\" ><\/div><div class=\"container relative\"><div class=\"inner last-reset\">\n<div class=\"row align-middle align-center\"  id=\"row-640774026\">\n\n\t<div id=\"col-1213013078\" class=\"col small-12 large-12\"  >\n\t\t\t\t<div class=\"col-inner text-left\"  >\n\t\t\t\n\t\t\t\n<h4>Omadused<\/h4>\n<div class=\"row\"  id=\"row-1840595014\">\n\n\t<div id=\"col-458651617\" class=\"col medium-6 small-12 large-6\"  >\n\t\t\t\t<div class=\"col-inner\"  >\n\t\t\t\n\t\t\t\n<p><i class=\"fa fa-temperature-high fa-2x\"><\/i> <strong>Temperatuurikindlus 150 \u00b0C<\/strong><\/p>\n<p><i class=\"fa fa-check fa-2x\"><\/i> <strong>Kasutamiseks sise- ja v\u00e4listingimustes<\/strong><\/p>\n\t\t<\/div>\n\t\t\t\t\n<style>\n#col-458651617 > .col-inner {\n  margin: 0px 0px 15px 0px;\n}\n<\/style>\n\t<\/div>\n\n\t\n<\/div>\n\t\t<\/div>\n\t\t\t\t\t<\/div>\n\n\t\n<\/div>\n<\/div><\/div><\/div>\n\t<div id=\"gap-1221669405\" class=\"gap-element clearfix\" style=\"display:block; height:auto;\">\n\t\t\n<style>\n#gap-1221669405 {\n  padding-top: 30px;\n}\n<\/style>\n\t<\/div>\n\t\n<h3>Kasutamise \u00fcksikasjad<\/h3>\n<p><strong>Kasutusalad:<\/strong> Kiilto Sanitaarsilikoon on \u00fchekomponentne, neutraalne silikoonhermeetik. Vastab standardi EN 15651:-3:2012 n\u00f5uetele. Ei sobi kasutamiseks akvaariumides v\u00f5i koos loodusliku kiviga, nt marmoriga. Peegli v\u00f5i tualetipoti paigaldamiseks soovitame liimi Kiilto Masa. Kui paigaldate v\u00e4ikeseid plaate v\u00f5i kui on vaja suuremat temperatuurikindlust (150 \u00b0C), v\u00f5ite kasutada halli silikooni.<\/p>\n<p><strong>Kasutusjuhis:<\/strong>Tihendatav pind peab olema kuiv ning tolmu- ja mustusevaba. Vuugi p\u00f5hja t\u00e4itmiseks v\u00f5ib kasutada tahkest vahtplastist profiili.<br \/>\nKeerake otsiku kork maha. L\u00f5igake tuubi koonusots lahti. Paigaldage kaasas olev otsik ja l\u00f5igake selle ots soovitud m\u00f5\u00f5tu. Suruge silikoon vuuki ja tasandage kohe puhta veega niisutatud pahtlilabidaga v\u00f5i s\u00f5rmeotsaga. P\u00e4rast kasutamist j\u00e4tke otsik tuubi k\u00fclge ja sulgege see korralikult korgiga. Puhastamise lihtsustamiseks pange m\u00f5lemale poole vuuki n\u00e4iteks maalriteip. Eemaldage teip kohe p\u00e4rast silikooni pealekandmist.<br \/>\n\u00dchenduskohtade silikooni vahetamisel tuleb vana silikoon eemaldada. Eemaldage ka hallituselaigud, kui neid on, kasutades Kiilto Kodin Klorite\u2019i vastavalt juhistele.<\/p>\n<p><strong>Keskkond ja ohutus:<\/strong> V\u00e4ltige kuivamata toote kokkupuudet nahaga, kasutage kaitsekindaid. Tutvuge tooteohutuskaardiga.<\/p>\n\t\t<\/div>\n\t\t\t\t\t<\/div>\n\n\t\n\n\t<div id=\"col-2080176777\" class=\"col medium-3 small-12 large-3\"  >\n\t\t\t\t<div class=\"col-inner\"  >\n\t\t\t\n\t\t\t\n\t<div id=\"gap-759556518\" class=\"gap-element clearfix\" style=\"display:block; height:auto;\">\n\t\t\n<style>\n#gap-759556518 {\n  padding-top: 30px;\n}\n<\/style>\n\t<\/div>\n\t\n<h3>Tehniline informatsioon<\/h3>\n<p><a href=\"https:\/\/espak.ee\/epood\/wp-content\/uploads\/Sanitaarsilikoon-tooteleht.pdf\" target=\"_blank\" rel=\"noopener noreferrer\"><i class=\"far fa-file-pdf\"><\/i> Tehniline info (PDF)<\/a><\/p>\n<h3>Ohutusalane teave<\/h3>\n<p><a href=\"https:\/\/espak.ee\/epood\/wp-content\/uploads\/sanitaarsilikoon-ohutuskaart.pdf\" target=\"_blank\" rel=\"noopener noreferrer\"><i class=\"far fa-file-pdf\"><\/i> Ohutusalane teave (PDF)<\/a><\/p>\n<div class=\"is-divider divider clearfix\" ><\/div>\n<p><strong>\u00dcksikasjalikuma n\u00f5u saamiseks v\u00f5tke \u00fchendust:<br \/><\/strong>Kiilto Eesti O\u00dc<br \/>L\u00e4ike tee 4<br \/>75312<br \/>Rae vald<br \/>(+372) 60 31 900<\/p>\n<div class=\"is-divider divider clearfix\" ><\/div>\n\t\t<\/div>\n\t\t\t\t\t<\/div>\n\n\t\n<\/div>\n","protected":false},"excerpt":{"rendered":"","protected":false},"featured_media":10642,"comment_status":"closed","ping_status":"open","template":"","meta":[],"product_brand":[],"product_cat":[2703,2708,2714,2683],"product_tag":[],"class_list":{"0":"post-10576","1":"product","2":"type-product","3":"status-publish","4":"has-post-thumbnail","6":"product_cat-ehituskeemia","7":"product_cat-hermeetikud","8":"product_cat-silikoonid","9":"product_cat-viimistluskaubad","10":"pa_kaubamark-kiilto-eesti-ou","12":"first","13":"instock","14":"sale","15":"taxable","16":"shipping-taxable","17":"purchasable","18":"product-type-simple"},"yoast_head":"<!-- This site is optimized with the Yoast SEO plugin v26.9 - https:\/\/yoast.com\/product\/yoast-seo-wordpress\/ -->\n<title>SANITAARSILIKOON KIILTO 33 KAKAOPRUUN 310ML - Espak E-pood<\/title>\n<meta name=\"robots\" content=\"index, follow, max-snippet:-1, max-image-preview:large, max-video-preview:-1\" \/>\n<link rel=\"canonical\" href=\"https:\/\/espak.ee\/epood\/toode\/sanitaarsilikoon-kestosil-33-kakaopruun-310ml\/\" \/>\n<meta property=\"og:locale\" content=\"et_EE\" \/>\n<meta property=\"og:type\" content=\"article\" \/>\n<meta property=\"og:title\" content=\"SANITAARSILIKOON KIILTO 33 KAKAOPRUUN 310ML - Espak E-pood\" \/>\n<meta property=\"og:url\" content=\"https:\/\/espak.ee\/epood\/toode\/sanitaarsilikoon-kestosil-33-kakaopruun-310ml\/\" \/>\n<meta property=\"og:site_name\" content=\"Espak E-pood\" \/>\n<meta property=\"article:modified_time\" content=\"2026-04-07T04:56:34+00:00\" \/>\n<meta property=\"og:image\" content=\"https:\/\/espak.ee\/epood\/wp-content\/uploads\/sanitaarsilikoon.png\" \/>\n\t<meta property=\"og:image:width\" content=\"800\" \/>\n\t<meta property=\"og:image:height\" content=\"800\" \/>\n\t<meta property=\"og:image:type\" content=\"image\/png\" \/>\n<meta name=\"twitter:card\" content=\"summary_large_image\" \/>\n<meta name=\"twitter:label1\" content=\"Est. reading time\" \/>\n\t<meta name=\"twitter:data1\" content=\"1 minut\" \/>\n<script type=\"application\/ld+json\" class=\"yoast-schema-graph\">{\"@context\":\"https:\/\/schema.org\",\"@graph\":[{\"@type\":\"WebPage\",\"@id\":\"https:\/\/espak.ee\/epood\/toode\/sanitaarsilikoon-kestosil-33-kakaopruun-310ml\/\",\"url\":\"https:\/\/espak.ee\/epood\/toode\/sanitaarsilikoon-kestosil-33-kakaopruun-310ml\/\",\"name\":\"SANITAARSILIKOON KIILTO 33 KAKAOPRUUN 310ML - Espak E-pood\",\"isPartOf\":{\"@id\":\"https:\/\/espak.ee\/epood\/#website\"},\"primaryImageOfPage\":{\"@id\":\"https:\/\/espak.ee\/epood\/toode\/sanitaarsilikoon-kestosil-33-kakaopruun-310ml\/#primaryimage\"},\"image\":{\"@id\":\"https:\/\/espak.ee\/epood\/toode\/sanitaarsilikoon-kestosil-33-kakaopruun-310ml\/#primaryimage\"},\"thumbnailUrl\":\"https:\/\/espak.ee\/epood\/wp-content\/uploads\/sanitaarsilikoon.png\",\"datePublished\":\"2019-11-09T00:37:04+00:00\",\"dateModified\":\"2026-04-07T04:56:34+00:00\",\"breadcrumb\":{\"@id\":\"https:\/\/espak.ee\/epood\/toode\/sanitaarsilikoon-kestosil-33-kakaopruun-310ml\/#breadcrumb\"},\"inLanguage\":\"et\",\"potentialAction\":[{\"@type\":\"ReadAction\",\"target\":[\"https:\/\/espak.ee\/epood\/toode\/sanitaarsilikoon-kestosil-33-kakaopruun-310ml\/\"]}]},{\"@type\":\"ImageObject\",\"inLanguage\":\"et\",\"@id\":\"https:\/\/espak.ee\/epood\/toode\/sanitaarsilikoon-kestosil-33-kakaopruun-310ml\/#primaryimage\",\"url\":\"https:\/\/espak.ee\/epood\/wp-content\/uploads\/sanitaarsilikoon.png\",\"contentUrl\":\"https:\/\/espak.ee\/epood\/wp-content\/uploads\/sanitaarsilikoon.png\",\"width\":800,\"height\":800},{\"@type\":\"BreadcrumbList\",\"@id\":\"https:\/\/espak.ee\/epood\/toode\/sanitaarsilikoon-kestosil-33-kakaopruun-310ml\/#breadcrumb\",\"itemListElement\":[{\"@type\":\"ListItem\",\"position\":1,\"name\":\"Home\",\"item\":\"https:\/\/espak.ee\/epood\/\"},{\"@type\":\"ListItem\",\"position\":2,\"name\":\"Tootevalik\",\"item\":\"https:\/\/espak.ee\/epood\/tootevalik\/\"},{\"@type\":\"ListItem\",\"position\":3,\"name\":\"SANITAARSILIKOON KIILTO 33 KAKAOPRUUN 310ML\"}]},{\"@type\":\"WebSite\",\"@id\":\"https:\/\/espak.ee\/epood\/#website\",\"url\":\"https:\/\/espak.ee\/epood\/\",\"name\":\"Espak E-pood\",\"description\":\"\",\"potentialAction\":[{\"@type\":\"SearchAction\",\"target\":{\"@type\":\"EntryPoint\",\"urlTemplate\":\"https:\/\/espak.ee\/epood\/?s={search_term_string}\"},\"query-input\":{\"@type\":\"PropertyValueSpecification\",\"valueRequired\":true,\"valueName\":\"search_term_string\"}}],\"inLanguage\":\"et\"}]}<\/script>\n<!-- \/ Yoast SEO plugin. -->","yoast_head_json":{"title":"SANITAARSILIKOON KIILTO 33 KAKAOPRUUN 310ML - Espak E-pood","robots":{"index":"index","follow":"follow","max-snippet":"max-snippet:-1","max-image-preview":"max-image-preview:large","max-video-preview":"max-video-preview:-1"},"canonical":"https:\/\/espak.ee\/epood\/toode\/sanitaarsilikoon-kestosil-33-kakaopruun-310ml\/","og_locale":"et_EE","og_type":"article","og_title":"SANITAARSILIKOON KIILTO 33 KAKAOPRUUN 310ML - Espak E-pood","og_url":"https:\/\/espak.ee\/epood\/toode\/sanitaarsilikoon-kestosil-33-kakaopruun-310ml\/","og_site_name":"Espak E-pood","article_modified_time":"2026-04-07T04:56:34+00:00","og_image":[{"width":800,"height":800,"url":"https:\/\/espak.ee\/epood\/wp-content\/uploads\/sanitaarsilikoon.png","type":"image\/png"}],"twitter_card":"summary_large_image","twitter_misc":{"Est. reading time":"1 minut"},"schema":{"@context":"https:\/\/schema.org","@graph":[{"@type":"WebPage","@id":"https:\/\/espak.ee\/epood\/toode\/sanitaarsilikoon-kestosil-33-kakaopruun-310ml\/","url":"https:\/\/espak.ee\/epood\/toode\/sanitaarsilikoon-kestosil-33-kakaopruun-310ml\/","name":"SANITAARSILIKOON KIILTO 33 KAKAOPRUUN 310ML - Espak E-pood","isPartOf":{"@id":"https:\/\/espak.ee\/epood\/#website"},"primaryImageOfPage":{"@id":"https:\/\/espak.ee\/epood\/toode\/sanitaarsilikoon-kestosil-33-kakaopruun-310ml\/#primaryimage"},"image":{"@id":"https:\/\/espak.ee\/epood\/toode\/sanitaarsilikoon-kestosil-33-kakaopruun-310ml\/#primaryimage"},"thumbnailUrl":"https:\/\/espak.ee\/epood\/wp-content\/uploads\/sanitaarsilikoon.png","datePublished":"2019-11-09T00:37:04+00:00","dateModified":"2026-04-07T04:56:34+00:00","breadcrumb":{"@id":"https:\/\/espak.ee\/epood\/toode\/sanitaarsilikoon-kestosil-33-kakaopruun-310ml\/#breadcrumb"},"inLanguage":"et","potentialAction":[{"@type":"ReadAction","target":["https:\/\/espak.ee\/epood\/toode\/sanitaarsilikoon-kestosil-33-kakaopruun-310ml\/"]}]},{"@type":"ImageObject","inLanguage":"et","@id":"https:\/\/espak.ee\/epood\/toode\/sanitaarsilikoon-kestosil-33-kakaopruun-310ml\/#primaryimage","url":"https:\/\/espak.ee\/epood\/wp-content\/uploads\/sanitaarsilikoon.png","contentUrl":"https:\/\/espak.ee\/epood\/wp-content\/uploads\/sanitaarsilikoon.png","width":800,"height":800},{"@type":"BreadcrumbList","@id":"https:\/\/espak.ee\/epood\/toode\/sanitaarsilikoon-kestosil-33-kakaopruun-310ml\/#breadcrumb","itemListElement":[{"@type":"ListItem","position":1,"name":"Home","item":"https:\/\/espak.ee\/epood\/"},{"@type":"ListItem","position":2,"name":"Tootevalik","item":"https:\/\/espak.ee\/epood\/tootevalik\/"},{"@type":"ListItem","position":3,"name":"SANITAARSILIKOON KIILTO 33 KAKAOPRUUN 310ML"}]},{"@type":"WebSite","@id":"https:\/\/espak.ee\/epood\/#website","url":"https:\/\/espak.ee\/epood\/","name":"Espak E-pood","description":"","potentialAction":[{"@type":"SearchAction","target":{"@type":"EntryPoint","urlTemplate":"https:\/\/espak.ee\/epood\/?s={search_term_string}"},"query-input":{"@type":"PropertyValueSpecification","valueRequired":true,"valueName":"search_term_string"}}],"inLanguage":"et"}]}},"_links":{"self":[{"href":"https:\/\/espak.ee\/epood\/wp-json\/wp\/v2\/product\/10576","targetHints":{"allow":["GET"]}}],"collection":[{"href":"https:\/\/espak.ee\/epood\/wp-json\/wp\/v2\/product"}],"about":[{"href":"https:\/\/espak.ee\/epood\/wp-json\/wp\/v2\/types\/product"}],"replies":[{"embeddable":true,"href":"https:\/\/espak.ee\/epood\/wp-json\/wp\/v2\/comments?post=10576"}],"wp:featuredmedia":[{"embeddable":true,"href":"https:\/\/espak.ee\/epood\/wp-json\/wp\/v2\/media\/10642"}],"wp:attachment":[{"href":"https:\/\/espak.ee\/epood\/wp-json\/wp\/v2\/media?parent=10576"}],"wp:term":[{"taxonomy":"product_brand","embeddable":true,"href":"https:\/\/espak.ee\/epood\/wp-json\/wp\/v2\/product_brand?post=10576"},{"taxonomy":"product_cat","embeddable":true,"href":"https:\/\/espak.ee\/epood\/wp-json\/wp\/v2\/product_cat?post=10576"},{"taxonomy":"product_tag","embeddable":true,"href":"https:\/\/espak.ee\/epood\/wp-json\/wp\/v2\/product_tag?post=10576"}],"curies":[{"name":"wp","href":"https:\/\/api.w.org\/{rel}","templated":true}]}}