{"id":10567,"date":"2019-11-09T02:37:04","date_gmt":"2019-11-09T00:37:04","guid":{"rendered":"https:\/\/espak.ee\/hinnakiri\/?post_type=product&#038;p=10567"},"modified":"2025-03-10T23:06:57","modified_gmt":"2025-03-10T21:06:57","slug":"niiskuskindel-seinapahtel-kestonit-tt-20kg","status":"publish","type":"product","link":"https:\/\/espak.ee\/epood\/toode\/niiskuskindel-seinapahtel-kestonit-tt-20kg\/","title":{"rendered":"NIISKUSKINDEL SEINAPAHTEL KIILTO TT 20KG"},"content":{"rendered":"<div class=\"row\"  id=\"row-310189259\">\n\n\t<div id=\"col-955311880\" class=\"col medium-9 small-12 large-9\"  >\n\t\t\t\t<div class=\"col-inner\"  >\n\t\t\t\n\t\t\t\n<h2>Kiilto TT Niiskuskindel seinapahtel<\/h2>\n<p>Tasandus- ja t\u00e4itepahtel kivimaterjalist- ja plokkeinte tasandamiseks niisketes ja kuivades ruumides. Osaline tasandamine 1\u201330 mm, laustasandamine 1\u20135 mm. Sobib ka v\u00e4listingimustes kasutamiseks. Tsemendialusel.<\/p>\n<div class=\"message-box relative\" style=\"padding-top:15px;padding-bottom:15px;\"><div class=\"message-box-bg-image bg-fill fill\" ><\/div><div class=\"message-box-bg-overlay bg-fill fill\" ><\/div><div class=\"container relative\"><div class=\"inner last-reset\">\n<div class=\"row align-middle align-center\"  id=\"row-368157429\">\n\n\t<div id=\"col-2111705512\" class=\"col small-12 large-12\"  >\n\t\t\t\t<div class=\"col-inner text-left\"  >\n\t\t\t\n\t\t\t\n<h4>Omadused<\/h4>\n<div class=\"row\"  id=\"row-1828615203\">\n\n\t<div id=\"col-1207996916\" class=\"col medium-6 small-12 large-6\"  >\n\t\t\t\t<div class=\"col-inner\"  >\n\t\t\t\n\t\t\t\n<p><i class=\"fa fa-clock-four fa-2x\"><\/i> <strong>Kuivamisaeg: laustasandus 1 p\u00e4ev, kohttasandus 1\u20134 p\u00e4eva<\/strong><\/p>\n<p><i class=\"fa fa-check fa-2x\"><\/i> <strong>Kulu 1,4 kg\/m\u00b2\/mm<\/strong><\/p>\n\t\t<\/div>\n\t\t\t\t\n<style>\n#col-1207996916 > .col-inner {\n  margin: 0px 0px 15px 0px;\n}\n<\/style>\n\t<\/div>\n\n\t\n<\/div>\n\t\t<\/div>\n\t\t\t\t\t<\/div>\n\n\t\n<\/div>\n<\/div><\/div><\/div>\n\t<div id=\"gap-1183077027\" class=\"gap-element clearfix\" style=\"display:block; height:auto;\">\n\t\t\n<style>\n#gap-1183077027 {\n  padding-top: 30px;\n}\n<\/style>\n\t<\/div>\n\t\n<h3>Kasutamise \u00fcksikasjad<\/h3>\n<p><strong>Kasutusalad:<\/strong> Kiilto TT on seinapahtel kasutamiseks sise- ja v\u00e4listingimustes. Sobib kivimaterjalist pindade tasandamiseks ja t\u00e4itmiseks. Tasandatud pinna v\u00f5ib plaatida v\u00f5i h\u00fcdroisoleerida Kiilto h\u00fcdroisolatsioonimastiksiga. Samuti saab pinna \u00fcle pahteldada muude Kiilto seinapahtlitega kasutuskohast s\u00f5ltuvalt.<\/p>\n<p><strong>Kasutusjuhis:<\/strong>Pahteldatav pind peab olema tugev, puhas ja tolmuvaba. Imavad pinnad tuleb enne pealekandmist kergelt niisutada. Uue kihi v\u00f5ib peale kanda alles siis, kui eelmine on kuivanud. Vajadusel tuleb pinda enne uue kihi pealekandmist hoolikalt lihvida ja puhastada.<br \/>\nPuistake Kiilto TT pulber aeglaselt jahedasse (18\u201320 \u00b0C), puhtasse vette pidevalt segades, kuni moodustub \u00fchtlane mass. Laske segul seista u 10\u201315 minutit ja segage uuesti. Kandke pahtel pinnale k\u00e4sitsi teraspahtlilabidaga v\u00f5i pritsiga. Pritsiga peale kantud kiht tuleb k\u00e4sitsi \u00fcle siluda.<\/p>\n<p><strong>Keskkond ja ohutus:<\/strong> V\u00e4ltige kuivamata toote kokkupuudet nahaga, kasutage kaitsekindaid. Tutvuge tooteohutuskaardiga.<\/p>\n\t\t<\/div>\n\t\t\t\t\t<\/div>\n\n\t\n\n\t<div id=\"col-344111535\" class=\"col medium-3 small-12 large-3\"  >\n\t\t\t\t<div class=\"col-inner\"  >\n\t\t\t\n\t\t\t\n\t<div id=\"gap-1920301259\" class=\"gap-element clearfix\" style=\"display:block; height:auto;\">\n\t\t\n<style>\n#gap-1920301259 {\n  padding-top: 30px;\n}\n<\/style>\n\t<\/div>\n\t\n<h3>Tehniline informatsioon<\/h3>\n<p><a href=\"https:\/\/espak.ee\/epood\/wp-content\/uploads\/TT-pahtel-tooteleht.pdf\" target=\"_blank\" rel=\"noopener noreferrer\"><i class=\"far fa-file-pdf\"><\/i> Tehniline info (PDF)<\/a><\/p>\n<h3>Ohutusalane teave<\/h3>\n<p><a href=\"https:\/\/espak.ee\/epood\/wp-content\/uploads\/TT-pahtel-ohutuskaart.pdf\" target=\"_blank\" rel=\"noopener noreferrer\"><i class=\"far fa-file-pdf\"><\/i> Ohutusalane teave (PDF)<\/a><\/p>\n<div class=\"is-divider divider clearfix\" ><\/div>\n<p><strong>\u00dcksikasjalikuma n\u00f5u saamiseks v\u00f5tke \u00fchendust:<br \/><\/strong>Kiilto Eesti O\u00dc<br \/>L\u00e4ike tee 4<br \/>75312<br \/>Rae vald<br \/>(+372) 60 31 900<\/p>\n<div class=\"is-divider divider clearfix\" ><\/div>\n\t\t<\/div>\n\t\t\t\t\t<\/div>\n\n\t\n<\/div>\n","protected":false},"excerpt":{"rendered":"","protected":false},"featured_media":10634,"comment_status":"closed","ping_status":"closed","template":"","meta":[],"product_brand":[],"product_cat":[2817,2698,2816,2697],"product_tag":[],"class_list":{"0":"post-10567","1":"product","2":"type-product","3":"status-publish","4":"has-post-thumbnail","6":"product_cat-aluspahtlid","7":"product_cat-pahtlid-ja-kuivsegud","8":"product_cat-seinatasandussegud","9":"product_cat-uldehitus","10":"pa_kaubamark-kiilto-eesti-ou","12":"first","13":"instock","14":"sale","15":"taxable","16":"shipping-taxable","17":"purchasable","18":"product-type-simple"},"yoast_head":"<!-- This site is optimized with the Yoast SEO plugin v26.9 - https:\/\/yoast.com\/product\/yoast-seo-wordpress\/ -->\n<title>NIISKUSKINDEL SEINAPAHTEL KIILTO TT 20KG - Espak E-pood<\/title>\n<meta name=\"robots\" content=\"index, follow, max-snippet:-1, max-image-preview:large, max-video-preview:-1\" \/>\n<link rel=\"canonical\" href=\"https:\/\/espak.ee\/epood\/toode\/niiskuskindel-seinapahtel-kestonit-tt-20kg\/\" \/>\n<meta property=\"og:locale\" content=\"et_EE\" \/>\n<meta property=\"og:type\" content=\"article\" \/>\n<meta property=\"og:title\" content=\"NIISKUSKINDEL SEINAPAHTEL KIILTO TT 20KG - Espak E-pood\" \/>\n<meta property=\"og:url\" content=\"https:\/\/espak.ee\/epood\/toode\/niiskuskindel-seinapahtel-kestonit-tt-20kg\/\" \/>\n<meta property=\"og:site_name\" content=\"Espak E-pood\" \/>\n<meta property=\"article:modified_time\" content=\"2025-03-10T21:06:57+00:00\" \/>\n<meta property=\"og:image\" content=\"https:\/\/espak.ee\/epood\/wp-content\/uploads\/TT-pahtel.png\" \/>\n\t<meta property=\"og:image:width\" content=\"800\" \/>\n\t<meta property=\"og:image:height\" content=\"800\" \/>\n\t<meta property=\"og:image:type\" content=\"image\/png\" \/>\n<meta name=\"twitter:card\" content=\"summary_large_image\" \/>\n<meta name=\"twitter:label1\" content=\"Est. reading time\" \/>\n\t<meta name=\"twitter:data1\" content=\"1 minut\" \/>\n<script type=\"application\/ld+json\" class=\"yoast-schema-graph\">{\"@context\":\"https:\/\/schema.org\",\"@graph\":[{\"@type\":\"WebPage\",\"@id\":\"https:\/\/espak.ee\/epood\/toode\/niiskuskindel-seinapahtel-kestonit-tt-20kg\/\",\"url\":\"https:\/\/espak.ee\/epood\/toode\/niiskuskindel-seinapahtel-kestonit-tt-20kg\/\",\"name\":\"NIISKUSKINDEL SEINAPAHTEL KIILTO TT 20KG - Espak E-pood\",\"isPartOf\":{\"@id\":\"https:\/\/espak.ee\/epood\/#website\"},\"primaryImageOfPage\":{\"@id\":\"https:\/\/espak.ee\/epood\/toode\/niiskuskindel-seinapahtel-kestonit-tt-20kg\/#primaryimage\"},\"image\":{\"@id\":\"https:\/\/espak.ee\/epood\/toode\/niiskuskindel-seinapahtel-kestonit-tt-20kg\/#primaryimage\"},\"thumbnailUrl\":\"https:\/\/espak.ee\/epood\/wp-content\/uploads\/TT-pahtel.png\",\"datePublished\":\"2019-11-09T00:37:04+00:00\",\"dateModified\":\"2025-03-10T21:06:57+00:00\",\"breadcrumb\":{\"@id\":\"https:\/\/espak.ee\/epood\/toode\/niiskuskindel-seinapahtel-kestonit-tt-20kg\/#breadcrumb\"},\"inLanguage\":\"et\",\"potentialAction\":[{\"@type\":\"ReadAction\",\"target\":[\"https:\/\/espak.ee\/epood\/toode\/niiskuskindel-seinapahtel-kestonit-tt-20kg\/\"]}]},{\"@type\":\"ImageObject\",\"inLanguage\":\"et\",\"@id\":\"https:\/\/espak.ee\/epood\/toode\/niiskuskindel-seinapahtel-kestonit-tt-20kg\/#primaryimage\",\"url\":\"https:\/\/espak.ee\/epood\/wp-content\/uploads\/TT-pahtel.png\",\"contentUrl\":\"https:\/\/espak.ee\/epood\/wp-content\/uploads\/TT-pahtel.png\",\"width\":800,\"height\":800},{\"@type\":\"BreadcrumbList\",\"@id\":\"https:\/\/espak.ee\/epood\/toode\/niiskuskindel-seinapahtel-kestonit-tt-20kg\/#breadcrumb\",\"itemListElement\":[{\"@type\":\"ListItem\",\"position\":1,\"name\":\"Home\",\"item\":\"https:\/\/espak.ee\/epood\/\"},{\"@type\":\"ListItem\",\"position\":2,\"name\":\"Tootevalik\",\"item\":\"https:\/\/espak.ee\/epood\/tootevalik\/\"},{\"@type\":\"ListItem\",\"position\":3,\"name\":\"NIISKUSKINDEL SEINAPAHTEL KIILTO TT 20KG\"}]},{\"@type\":\"WebSite\",\"@id\":\"https:\/\/espak.ee\/epood\/#website\",\"url\":\"https:\/\/espak.ee\/epood\/\",\"name\":\"Espak E-pood\",\"description\":\"\",\"potentialAction\":[{\"@type\":\"SearchAction\",\"target\":{\"@type\":\"EntryPoint\",\"urlTemplate\":\"https:\/\/espak.ee\/epood\/?s={search_term_string}\"},\"query-input\":{\"@type\":\"PropertyValueSpecification\",\"valueRequired\":true,\"valueName\":\"search_term_string\"}}],\"inLanguage\":\"et\"}]}<\/script>\n<!-- \/ Yoast SEO plugin. -->","yoast_head_json":{"title":"NIISKUSKINDEL SEINAPAHTEL KIILTO TT 20KG - Espak E-pood","robots":{"index":"index","follow":"follow","max-snippet":"max-snippet:-1","max-image-preview":"max-image-preview:large","max-video-preview":"max-video-preview:-1"},"canonical":"https:\/\/espak.ee\/epood\/toode\/niiskuskindel-seinapahtel-kestonit-tt-20kg\/","og_locale":"et_EE","og_type":"article","og_title":"NIISKUSKINDEL SEINAPAHTEL KIILTO TT 20KG - Espak E-pood","og_url":"https:\/\/espak.ee\/epood\/toode\/niiskuskindel-seinapahtel-kestonit-tt-20kg\/","og_site_name":"Espak E-pood","article_modified_time":"2025-03-10T21:06:57+00:00","og_image":[{"width":800,"height":800,"url":"https:\/\/espak.ee\/epood\/wp-content\/uploads\/TT-pahtel.png","type":"image\/png"}],"twitter_card":"summary_large_image","twitter_misc":{"Est. reading time":"1 minut"},"schema":{"@context":"https:\/\/schema.org","@graph":[{"@type":"WebPage","@id":"https:\/\/espak.ee\/epood\/toode\/niiskuskindel-seinapahtel-kestonit-tt-20kg\/","url":"https:\/\/espak.ee\/epood\/toode\/niiskuskindel-seinapahtel-kestonit-tt-20kg\/","name":"NIISKUSKINDEL SEINAPAHTEL KIILTO TT 20KG - Espak E-pood","isPartOf":{"@id":"https:\/\/espak.ee\/epood\/#website"},"primaryImageOfPage":{"@id":"https:\/\/espak.ee\/epood\/toode\/niiskuskindel-seinapahtel-kestonit-tt-20kg\/#primaryimage"},"image":{"@id":"https:\/\/espak.ee\/epood\/toode\/niiskuskindel-seinapahtel-kestonit-tt-20kg\/#primaryimage"},"thumbnailUrl":"https:\/\/espak.ee\/epood\/wp-content\/uploads\/TT-pahtel.png","datePublished":"2019-11-09T00:37:04+00:00","dateModified":"2025-03-10T21:06:57+00:00","breadcrumb":{"@id":"https:\/\/espak.ee\/epood\/toode\/niiskuskindel-seinapahtel-kestonit-tt-20kg\/#breadcrumb"},"inLanguage":"et","potentialAction":[{"@type":"ReadAction","target":["https:\/\/espak.ee\/epood\/toode\/niiskuskindel-seinapahtel-kestonit-tt-20kg\/"]}]},{"@type":"ImageObject","inLanguage":"et","@id":"https:\/\/espak.ee\/epood\/toode\/niiskuskindel-seinapahtel-kestonit-tt-20kg\/#primaryimage","url":"https:\/\/espak.ee\/epood\/wp-content\/uploads\/TT-pahtel.png","contentUrl":"https:\/\/espak.ee\/epood\/wp-content\/uploads\/TT-pahtel.png","width":800,"height":800},{"@type":"BreadcrumbList","@id":"https:\/\/espak.ee\/epood\/toode\/niiskuskindel-seinapahtel-kestonit-tt-20kg\/#breadcrumb","itemListElement":[{"@type":"ListItem","position":1,"name":"Home","item":"https:\/\/espak.ee\/epood\/"},{"@type":"ListItem","position":2,"name":"Tootevalik","item":"https:\/\/espak.ee\/epood\/tootevalik\/"},{"@type":"ListItem","position":3,"name":"NIISKUSKINDEL SEINAPAHTEL KIILTO TT 20KG"}]},{"@type":"WebSite","@id":"https:\/\/espak.ee\/epood\/#website","url":"https:\/\/espak.ee\/epood\/","name":"Espak E-pood","description":"","potentialAction":[{"@type":"SearchAction","target":{"@type":"EntryPoint","urlTemplate":"https:\/\/espak.ee\/epood\/?s={search_term_string}"},"query-input":{"@type":"PropertyValueSpecification","valueRequired":true,"valueName":"search_term_string"}}],"inLanguage":"et"}]}},"_links":{"self":[{"href":"https:\/\/espak.ee\/epood\/wp-json\/wp\/v2\/product\/10567","targetHints":{"allow":["GET"]}}],"collection":[{"href":"https:\/\/espak.ee\/epood\/wp-json\/wp\/v2\/product"}],"about":[{"href":"https:\/\/espak.ee\/epood\/wp-json\/wp\/v2\/types\/product"}],"replies":[{"embeddable":true,"href":"https:\/\/espak.ee\/epood\/wp-json\/wp\/v2\/comments?post=10567"}],"wp:featuredmedia":[{"embeddable":true,"href":"https:\/\/espak.ee\/epood\/wp-json\/wp\/v2\/media\/10634"}],"wp:attachment":[{"href":"https:\/\/espak.ee\/epood\/wp-json\/wp\/v2\/media?parent=10567"}],"wp:term":[{"taxonomy":"product_brand","embeddable":true,"href":"https:\/\/espak.ee\/epood\/wp-json\/wp\/v2\/product_brand?post=10567"},{"taxonomy":"product_cat","embeddable":true,"href":"https:\/\/espak.ee\/epood\/wp-json\/wp\/v2\/product_cat?post=10567"},{"taxonomy":"product_tag","embeddable":true,"href":"https:\/\/espak.ee\/epood\/wp-json\/wp\/v2\/product_tag?post=10567"}],"curies":[{"name":"wp","href":"https:\/\/api.w.org\/{rel}","templated":true}]}}