{"id":105651,"date":"2022-01-19T04:22:35","date_gmt":"2022-01-19T04:22:35","guid":{"rendered":"https:\/\/espak.ee\/epood\/?post_type=product&#038;p=105651"},"modified":"2024-03-23T04:41:32","modified_gmt":"2024-03-23T02:41:32","slug":"hambapasta-colgate-advanced-white-charcoal-100ml","status":"publish","type":"product","link":"https:\/\/espak.ee\/epood\/toode\/hambapasta-colgate-advanced-white-charcoal-100ml\/","title":{"rendered":"HAMBAPASTA COLGATE ADVANCED WHITE CHARCOAL 100ML"},"content":{"rendered":"<div class=\"row\"  id=\"row-956638431\">\n\n\t<div id=\"col-1236569696\" class=\"col medium-9 small-12 large-9\"  >\n\t\t\t\t<div class=\"col-inner\"  >\n\t\t\t\n\t\t\t\n<h3>Hambapasta Colgate Advanced White Charcoal 100ml<\/h3>\n<p>Kliiniliselt on t\u00f5estatud, et hambapasta Colgate Advanced White Charcoal, mis sisaldab Smartfoami ja aktiivs\u00fctt, eemaldab t\u00f5husalt pindmised plekid, taastades teie hammaste loomuliku valge v\u00e4rvi, et teie hambad oleksid valgemad juba k\u00fcmne p\u00e4eva p\u00e4rast. Samuti aitab see v\u00e4ltida uute plekkide tekkimist, et teie hambad p\u00fcsiksid kauem valged.<br \/>\n Peske hambaid 2 korda p\u00e4evas. Kandke hambaharjale v\u00e4ike kogus hambapastat ning harjake hambaid 2 minuti jooksul. Loputage suu p\u00e4rast harjamist veega.<br \/>\n \u00c4ra neela hambapastat alla.<br \/>\nEi sobi alla 7-aastastele lastele.<br \/>\n Fluoriidide saamisel muudest allikatest konsulteerida hambaarsti v\u00f5i arstiga. <\/p>\n<p><strong>Koostis: <\/strong><br \/>\nAqua, Sorbitol, Hydrated Silica, PEG-12, Tetrapotassium Pyrophosphate, Sodium Lauryl Sulfate, Aroma, Potassium Hydroxide, Cellulose Gum, Phosphoric Acid, Cocamidopropyl Betaine, Sodium Fluoride, Sodium Saccharin, Xanthan Gum, Mica, Charcoal Powder, Limonene, CI 77891, Contains: Sodium Fluoride (1450 ppm F\u00af)<\/p>\n\t\t<\/div>\n\t\t\t\t\t<\/div>\n\n\t\n\n\t<div id=\"col-718162420\" class=\"col medium-3 small-12 large-3\"  >\n\t\t\t\t<div class=\"col-inner\"  >\n\t\t\t\n\t\t\t\n<div class=\"is-divider divider clearfix\" ><\/div>\n<p><strong>\u00dcksikasjalikuma n\u00f5u saamiseks v\u00f5tke \u00fchendust:<br \/><\/strong>Jungent Estonia O\u00dc<br \/>Paldiski mnt.11<br \/>10137<br \/>Tallinn<br \/>+372 666 3800<\/p>\n\t\t<\/div>\n\t\t\t\t\t<\/div>\n\n\t\n<\/div>\n","protected":false},"excerpt":{"rendered":"","protected":false},"featured_media":105759,"comment_status":"closed","ping_status":"closed","template":"","meta":[],"product_brand":[],"product_cat":[2788,4239,4233,4234],"product_tag":[],"class_list":{"0":"post-105651","1":"product","2":"type-product","3":"status-publish","4":"has-post-thumbnail","6":"product_cat-aiatarbed-ja-kodukaubad","7":"product_cat-hugieenitooted","8":"product_cat-kosmeetika","9":"product_cat-kosmeetika-kosmeetika","10":"pa_kaubamark-jungent-estonia-ou","12":"first","13":"outofstock","14":"sale","15":"taxable","16":"shipping-taxable","17":"purchasable","18":"product-type-simple"},"yoast_head":"<!-- This site is optimized with the Yoast SEO plugin v26.9 - https:\/\/yoast.com\/product\/yoast-seo-wordpress\/ -->\n<title>HAMBAPASTA COLGATE ADVANCED WHITE CHARCOAL 100ML - Espak E-pood<\/title>\n<meta name=\"robots\" content=\"index, follow, max-snippet:-1, max-image-preview:large, max-video-preview:-1\" \/>\n<link rel=\"canonical\" href=\"https:\/\/espak.ee\/epood\/toode\/hambapasta-colgate-advanced-white-charcoal-100ml\/\" \/>\n<meta property=\"og:locale\" content=\"et_EE\" \/>\n<meta property=\"og:type\" content=\"article\" \/>\n<meta property=\"og:title\" content=\"HAMBAPASTA COLGATE ADVANCED WHITE CHARCOAL 100ML - Espak E-pood\" \/>\n<meta property=\"og:url\" content=\"https:\/\/espak.ee\/epood\/toode\/hambapasta-colgate-advanced-white-charcoal-100ml\/\" \/>\n<meta property=\"og:site_name\" content=\"Espak E-pood\" \/>\n<meta property=\"article:modified_time\" content=\"2024-03-23T02:41:32+00:00\" \/>\n<meta property=\"og:image\" content=\"https:\/\/espak.ee\/epood\/wp-content\/uploads\/2022\/01\/8718951278851-X3.jpg\" \/>\n\t<meta property=\"og:image:width\" content=\"1000\" \/>\n\t<meta property=\"og:image:height\" content=\"1000\" \/>\n\t<meta property=\"og:image:type\" content=\"image\/jpeg\" \/>\n<meta name=\"twitter:card\" content=\"summary_large_image\" \/>\n<meta name=\"twitter:label1\" content=\"Est. reading time\" \/>\n\t<meta name=\"twitter:data1\" content=\"1 minut\" \/>\n<script type=\"application\/ld+json\" class=\"yoast-schema-graph\">{\"@context\":\"https:\/\/schema.org\",\"@graph\":[{\"@type\":\"WebPage\",\"@id\":\"https:\/\/espak.ee\/epood\/toode\/hambapasta-colgate-advanced-white-charcoal-100ml\/\",\"url\":\"https:\/\/espak.ee\/epood\/toode\/hambapasta-colgate-advanced-white-charcoal-100ml\/\",\"name\":\"HAMBAPASTA COLGATE ADVANCED WHITE CHARCOAL 100ML - Espak E-pood\",\"isPartOf\":{\"@id\":\"https:\/\/espak.ee\/epood\/#website\"},\"primaryImageOfPage\":{\"@id\":\"https:\/\/espak.ee\/epood\/toode\/hambapasta-colgate-advanced-white-charcoal-100ml\/#primaryimage\"},\"image\":{\"@id\":\"https:\/\/espak.ee\/epood\/toode\/hambapasta-colgate-advanced-white-charcoal-100ml\/#primaryimage\"},\"thumbnailUrl\":\"https:\/\/espak.ee\/epood\/wp-content\/uploads\/2022\/01\/8718951278851-X3.jpg\",\"datePublished\":\"2022-01-19T04:22:35+00:00\",\"dateModified\":\"2024-03-23T02:41:32+00:00\",\"breadcrumb\":{\"@id\":\"https:\/\/espak.ee\/epood\/toode\/hambapasta-colgate-advanced-white-charcoal-100ml\/#breadcrumb\"},\"inLanguage\":\"et\",\"potentialAction\":[{\"@type\":\"ReadAction\",\"target\":[\"https:\/\/espak.ee\/epood\/toode\/hambapasta-colgate-advanced-white-charcoal-100ml\/\"]}]},{\"@type\":\"ImageObject\",\"inLanguage\":\"et\",\"@id\":\"https:\/\/espak.ee\/epood\/toode\/hambapasta-colgate-advanced-white-charcoal-100ml\/#primaryimage\",\"url\":\"https:\/\/espak.ee\/epood\/wp-content\/uploads\/2022\/01\/8718951278851-X3.jpg\",\"contentUrl\":\"https:\/\/espak.ee\/epood\/wp-content\/uploads\/2022\/01\/8718951278851-X3.jpg\",\"width\":1000,\"height\":1000},{\"@type\":\"BreadcrumbList\",\"@id\":\"https:\/\/espak.ee\/epood\/toode\/hambapasta-colgate-advanced-white-charcoal-100ml\/#breadcrumb\",\"itemListElement\":[{\"@type\":\"ListItem\",\"position\":1,\"name\":\"Home\",\"item\":\"https:\/\/espak.ee\/epood\/\"},{\"@type\":\"ListItem\",\"position\":2,\"name\":\"Tootevalik\",\"item\":\"https:\/\/espak.ee\/epood\/tootevalik\/\"},{\"@type\":\"ListItem\",\"position\":3,\"name\":\"HAMBAPASTA COLGATE ADVANCED WHITE CHARCOAL 100ML\"}]},{\"@type\":\"WebSite\",\"@id\":\"https:\/\/espak.ee\/epood\/#website\",\"url\":\"https:\/\/espak.ee\/epood\/\",\"name\":\"Espak E-pood\",\"description\":\"\",\"potentialAction\":[{\"@type\":\"SearchAction\",\"target\":{\"@type\":\"EntryPoint\",\"urlTemplate\":\"https:\/\/espak.ee\/epood\/?s={search_term_string}\"},\"query-input\":{\"@type\":\"PropertyValueSpecification\",\"valueRequired\":true,\"valueName\":\"search_term_string\"}}],\"inLanguage\":\"et\"}]}<\/script>\n<!-- \/ Yoast SEO plugin. -->","yoast_head_json":{"title":"HAMBAPASTA COLGATE ADVANCED WHITE CHARCOAL 100ML - Espak E-pood","robots":{"index":"index","follow":"follow","max-snippet":"max-snippet:-1","max-image-preview":"max-image-preview:large","max-video-preview":"max-video-preview:-1"},"canonical":"https:\/\/espak.ee\/epood\/toode\/hambapasta-colgate-advanced-white-charcoal-100ml\/","og_locale":"et_EE","og_type":"article","og_title":"HAMBAPASTA COLGATE ADVANCED WHITE CHARCOAL 100ML - Espak E-pood","og_url":"https:\/\/espak.ee\/epood\/toode\/hambapasta-colgate-advanced-white-charcoal-100ml\/","og_site_name":"Espak E-pood","article_modified_time":"2024-03-23T02:41:32+00:00","og_image":[{"width":1000,"height":1000,"url":"https:\/\/espak.ee\/epood\/wp-content\/uploads\/2022\/01\/8718951278851-X3.jpg","type":"image\/jpeg"}],"twitter_card":"summary_large_image","twitter_misc":{"Est. reading time":"1 minut"},"schema":{"@context":"https:\/\/schema.org","@graph":[{"@type":"WebPage","@id":"https:\/\/espak.ee\/epood\/toode\/hambapasta-colgate-advanced-white-charcoal-100ml\/","url":"https:\/\/espak.ee\/epood\/toode\/hambapasta-colgate-advanced-white-charcoal-100ml\/","name":"HAMBAPASTA COLGATE ADVANCED WHITE CHARCOAL 100ML - Espak E-pood","isPartOf":{"@id":"https:\/\/espak.ee\/epood\/#website"},"primaryImageOfPage":{"@id":"https:\/\/espak.ee\/epood\/toode\/hambapasta-colgate-advanced-white-charcoal-100ml\/#primaryimage"},"image":{"@id":"https:\/\/espak.ee\/epood\/toode\/hambapasta-colgate-advanced-white-charcoal-100ml\/#primaryimage"},"thumbnailUrl":"https:\/\/espak.ee\/epood\/wp-content\/uploads\/2022\/01\/8718951278851-X3.jpg","datePublished":"2022-01-19T04:22:35+00:00","dateModified":"2024-03-23T02:41:32+00:00","breadcrumb":{"@id":"https:\/\/espak.ee\/epood\/toode\/hambapasta-colgate-advanced-white-charcoal-100ml\/#breadcrumb"},"inLanguage":"et","potentialAction":[{"@type":"ReadAction","target":["https:\/\/espak.ee\/epood\/toode\/hambapasta-colgate-advanced-white-charcoal-100ml\/"]}]},{"@type":"ImageObject","inLanguage":"et","@id":"https:\/\/espak.ee\/epood\/toode\/hambapasta-colgate-advanced-white-charcoal-100ml\/#primaryimage","url":"https:\/\/espak.ee\/epood\/wp-content\/uploads\/2022\/01\/8718951278851-X3.jpg","contentUrl":"https:\/\/espak.ee\/epood\/wp-content\/uploads\/2022\/01\/8718951278851-X3.jpg","width":1000,"height":1000},{"@type":"BreadcrumbList","@id":"https:\/\/espak.ee\/epood\/toode\/hambapasta-colgate-advanced-white-charcoal-100ml\/#breadcrumb","itemListElement":[{"@type":"ListItem","position":1,"name":"Home","item":"https:\/\/espak.ee\/epood\/"},{"@type":"ListItem","position":2,"name":"Tootevalik","item":"https:\/\/espak.ee\/epood\/tootevalik\/"},{"@type":"ListItem","position":3,"name":"HAMBAPASTA COLGATE ADVANCED WHITE CHARCOAL 100ML"}]},{"@type":"WebSite","@id":"https:\/\/espak.ee\/epood\/#website","url":"https:\/\/espak.ee\/epood\/","name":"Espak E-pood","description":"","potentialAction":[{"@type":"SearchAction","target":{"@type":"EntryPoint","urlTemplate":"https:\/\/espak.ee\/epood\/?s={search_term_string}"},"query-input":{"@type":"PropertyValueSpecification","valueRequired":true,"valueName":"search_term_string"}}],"inLanguage":"et"}]}},"_links":{"self":[{"href":"https:\/\/espak.ee\/epood\/wp-json\/wp\/v2\/product\/105651","targetHints":{"allow":["GET"]}}],"collection":[{"href":"https:\/\/espak.ee\/epood\/wp-json\/wp\/v2\/product"}],"about":[{"href":"https:\/\/espak.ee\/epood\/wp-json\/wp\/v2\/types\/product"}],"replies":[{"embeddable":true,"href":"https:\/\/espak.ee\/epood\/wp-json\/wp\/v2\/comments?post=105651"}],"wp:featuredmedia":[{"embeddable":true,"href":"https:\/\/espak.ee\/epood\/wp-json\/wp\/v2\/media\/105759"}],"wp:attachment":[{"href":"https:\/\/espak.ee\/epood\/wp-json\/wp\/v2\/media?parent=105651"}],"wp:term":[{"taxonomy":"product_brand","embeddable":true,"href":"https:\/\/espak.ee\/epood\/wp-json\/wp\/v2\/product_brand?post=105651"},{"taxonomy":"product_cat","embeddable":true,"href":"https:\/\/espak.ee\/epood\/wp-json\/wp\/v2\/product_cat?post=105651"},{"taxonomy":"product_tag","embeddable":true,"href":"https:\/\/espak.ee\/epood\/wp-json\/wp\/v2\/product_tag?post=105651"}],"curies":[{"name":"wp","href":"https:\/\/api.w.org\/{rel}","templated":true}]}}