{"id":10496,"date":"2019-10-23T02:36:44","date_gmt":"2019-10-22T23:36:44","guid":{"rendered":"https:\/\/espak.ee\/hinnakiri\/?post_type=product&#038;p=10496"},"modified":"2026-03-23T21:05:52","modified_gmt":"2026-03-23T19:05:52","slug":"s-suuruses-valamusegisti-grohe-lineare","status":"publish","type":"product","link":"https:\/\/espak.ee\/epood\/toode\/s-suuruses-valamusegisti-grohe-lineare\/","title":{"rendered":"S-SUURUSES VALAMUSEGISTI GROHE LINEARE"},"content":{"rendered":"<div class=\"row\"  id=\"row-1789381558\">\n\n\t<div id=\"col-392855048\" class=\"col medium-9 small-12 large-9\"  >\n\t\t\t\t<div class=\"col-inner\"  >\n\t\t\t\n\t\t\t\n<h2>S-suuruses valamusegisti Lineare<\/h2>\n<p>GROHE Lineare \u00fche hoovaga valamusegisti, millel on vajutamisega avatav h\u00fcpik-\u00e4ravooluklapp. Keskkonnahoidlik kroomitud kraan t\u00e4isnurkse standardse k\u00f5rge tilaga. Lihtne paigaldada ja Saksamaal valmistatud.<\/p>\n\t<div id=\"gap-621521022\" class=\"gap-element clearfix\" style=\"display:block; height:auto;\">\n\t\t\n<style>\n#gap-621521022 {\n  padding-top: 30px;\n}\n<\/style>\n\t<\/div>\n\t\n<h3>Kasutamise \u00fcksikasjad<\/h3>\n<p><strong>Toote kirjeldus:<\/strong> Minimalistlik disain ja uuenduslik tehnoloogia \u00fches! GROHE Lineare \u00fche hoovaga valamusegisti sile silinderkorpus ja karge t\u00e4isnurkne k\u00e4epide sobivad ideaalselt igasse moodsasse vannituppa. T\u00e4nu vaid n\u00e4puotsaga k\u00e4sitsetavale h\u00fcpik-\u00e4ravooluklapile ja mitmekesisele GROHE tehnoloogiale on seda r\u00f5\u00f5m kasutada. GROHE SilkMove&#8217;i keraamilise s\u00fcdamiku abil saate veevoolu ja -temperatuuri t\u00e4pselt ja lihtsalt reguleerida ning GROHE EcoJoy funktsioon piirab veekasutust 5,7 liitrini minutis \u2013 nii saate nautida m\u00f5nusat vooluhulka ning \u00fchtlasi s\u00e4\u00e4sta vett ja raha. Hiilgav GROHE StarLighti kroompind on kriimustuskindel ja selle puhastamiseks piisab korra kuiva lapiga t\u00f5mbamisest, et see n\u00e4eks v\u00e4lja nagu uus. Segistit on ka lihtne paigaldada, sest GROHE QuickFix Plusi s\u00fcsteem v\u00e4hendab paigaldusaega kuni 50% v\u00f5rra.<br \/>\nGROHE Lineare \u2013 tippklassi disain ja tehnoloogia magusa hinnaga!<\/p>\n\t\t<\/div>\n\t\t\t\t\t<\/div>\n\n\t\n\n\t<div id=\"col-959144761\" class=\"col medium-3 small-12 large-3\"  >\n\t\t\t\t<div class=\"col-inner\"  >\n\t\t\t\n\t\t\t\n\t<div id=\"gap-2015002995\" class=\"gap-element clearfix\" style=\"display:block; height:auto;\">\n\t\t\n<style>\n#gap-2015002995 {\n  padding-top: 30px;\n}\n<\/style>\n\t<\/div>\n\t\n<h3>Tehniline informatsioon<\/h3>\n<p><a href=\"https:\/\/espak.ee\/epood\/wp-content\/uploads\/S-suuruses-valamusegisti-Lineare-tooteleht.pdf\" target=\"_blank\" rel=\"noopener noreferrer\"><i class=\"far fa-file-pdf\"><\/i> Tehniline info (PDF)<\/a><\/p>\n<div class=\"is-divider divider clearfix\" ><\/div>\n<p><strong>\u00dcksikasjalikuma n\u00f5u saamiseks v\u00f5tke \u00fchendust:<br \/><\/strong>Grohe AG Eesti filiaal<br \/>Tartu mnt 16<br \/>10117<br \/>Tallinn<br \/>+372 6616354<\/p>\n<div class=\"is-divider divider clearfix\" ><\/div>\n\t\t<\/div>\n\t\t\t\t\t<\/div>\n\n\t\n<\/div>\n","protected":false},"excerpt":{"rendered":"","protected":false},"featured_media":15804,"comment_status":"closed","ping_status":"open","template":"","meta":[],"product_brand":[],"product_cat":[2819,2820,2821,2827],"product_tag":[],"class_list":{"0":"post-10496","1":"product","2":"type-product","3":"status-publish","4":"has-post-thumbnail","6":"product_cat-sanitaartehnika","7":"product_cat-sanitaartehnika-sanitaartehnika","8":"product_cat-segistid","9":"product_cat-valamusegistid","10":"pa_kaubamark-grohe-a-g","12":"first","13":"instock","14":"sale","15":"taxable","16":"shipping-taxable","17":"purchasable","18":"product-type-simple"},"yoast_head":"<!-- This site is optimized with the Yoast SEO plugin v26.9 - https:\/\/yoast.com\/product\/yoast-seo-wordpress\/ -->\n<title>S-SUURUSES VALAMUSEGISTI GROHE LINEARE - Espak E-pood<\/title>\n<meta name=\"robots\" content=\"index, follow, max-snippet:-1, max-image-preview:large, max-video-preview:-1\" \/>\n<link rel=\"canonical\" href=\"https:\/\/espak.ee\/epood\/toode\/s-suuruses-valamusegisti-grohe-lineare\/\" \/>\n<meta property=\"og:locale\" content=\"et_EE\" \/>\n<meta property=\"og:type\" content=\"article\" \/>\n<meta property=\"og:title\" content=\"S-SUURUSES VALAMUSEGISTI GROHE LINEARE - Espak E-pood\" \/>\n<meta property=\"og:url\" content=\"https:\/\/espak.ee\/epood\/toode\/s-suuruses-valamusegisti-grohe-lineare\/\" \/>\n<meta property=\"og:site_name\" content=\"Espak E-pood\" \/>\n<meta property=\"article:modified_time\" content=\"2026-03-23T19:05:52+00:00\" \/>\n<meta property=\"og:image\" content=\"https:\/\/espak.ee\/epood\/wp-content\/uploads\/S-suuruses-valamusegisti-Lineare.jpg\" \/>\n\t<meta property=\"og:image:width\" content=\"1500\" \/>\n\t<meta property=\"og:image:height\" content=\"1500\" \/>\n\t<meta property=\"og:image:type\" content=\"image\/jpeg\" \/>\n<meta name=\"twitter:card\" content=\"summary_large_image\" \/>\n<meta name=\"twitter:label1\" content=\"Est. reading time\" \/>\n\t<meta name=\"twitter:data1\" content=\"1 minut\" \/>\n<script type=\"application\/ld+json\" class=\"yoast-schema-graph\">{\"@context\":\"https:\/\/schema.org\",\"@graph\":[{\"@type\":\"WebPage\",\"@id\":\"https:\/\/espak.ee\/epood\/toode\/s-suuruses-valamusegisti-grohe-lineare\/\",\"url\":\"https:\/\/espak.ee\/epood\/toode\/s-suuruses-valamusegisti-grohe-lineare\/\",\"name\":\"S-SUURUSES VALAMUSEGISTI GROHE LINEARE - Espak E-pood\",\"isPartOf\":{\"@id\":\"https:\/\/espak.ee\/epood\/#website\"},\"primaryImageOfPage\":{\"@id\":\"https:\/\/espak.ee\/epood\/toode\/s-suuruses-valamusegisti-grohe-lineare\/#primaryimage\"},\"image\":{\"@id\":\"https:\/\/espak.ee\/epood\/toode\/s-suuruses-valamusegisti-grohe-lineare\/#primaryimage\"},\"thumbnailUrl\":\"https:\/\/espak.ee\/epood\/wp-content\/uploads\/S-suuruses-valamusegisti-Lineare.jpg\",\"datePublished\":\"2019-10-22T23:36:44+00:00\",\"dateModified\":\"2026-03-23T19:05:52+00:00\",\"breadcrumb\":{\"@id\":\"https:\/\/espak.ee\/epood\/toode\/s-suuruses-valamusegisti-grohe-lineare\/#breadcrumb\"},\"inLanguage\":\"et\",\"potentialAction\":[{\"@type\":\"ReadAction\",\"target\":[\"https:\/\/espak.ee\/epood\/toode\/s-suuruses-valamusegisti-grohe-lineare\/\"]}]},{\"@type\":\"ImageObject\",\"inLanguage\":\"et\",\"@id\":\"https:\/\/espak.ee\/epood\/toode\/s-suuruses-valamusegisti-grohe-lineare\/#primaryimage\",\"url\":\"https:\/\/espak.ee\/epood\/wp-content\/uploads\/S-suuruses-valamusegisti-Lineare.jpg\",\"contentUrl\":\"https:\/\/espak.ee\/epood\/wp-content\/uploads\/S-suuruses-valamusegisti-Lineare.jpg\",\"width\":1500,\"height\":1500},{\"@type\":\"BreadcrumbList\",\"@id\":\"https:\/\/espak.ee\/epood\/toode\/s-suuruses-valamusegisti-grohe-lineare\/#breadcrumb\",\"itemListElement\":[{\"@type\":\"ListItem\",\"position\":1,\"name\":\"Home\",\"item\":\"https:\/\/espak.ee\/epood\/\"},{\"@type\":\"ListItem\",\"position\":2,\"name\":\"Tootevalik\",\"item\":\"https:\/\/espak.ee\/epood\/tootevalik\/\"},{\"@type\":\"ListItem\",\"position\":3,\"name\":\"S-SUURUSES VALAMUSEGISTI GROHE LINEARE\"}]},{\"@type\":\"WebSite\",\"@id\":\"https:\/\/espak.ee\/epood\/#website\",\"url\":\"https:\/\/espak.ee\/epood\/\",\"name\":\"Espak E-pood\",\"description\":\"\",\"potentialAction\":[{\"@type\":\"SearchAction\",\"target\":{\"@type\":\"EntryPoint\",\"urlTemplate\":\"https:\/\/espak.ee\/epood\/?s={search_term_string}\"},\"query-input\":{\"@type\":\"PropertyValueSpecification\",\"valueRequired\":true,\"valueName\":\"search_term_string\"}}],\"inLanguage\":\"et\"}]}<\/script>\n<!-- \/ Yoast SEO plugin. -->","yoast_head_json":{"title":"S-SUURUSES VALAMUSEGISTI GROHE LINEARE - Espak E-pood","robots":{"index":"index","follow":"follow","max-snippet":"max-snippet:-1","max-image-preview":"max-image-preview:large","max-video-preview":"max-video-preview:-1"},"canonical":"https:\/\/espak.ee\/epood\/toode\/s-suuruses-valamusegisti-grohe-lineare\/","og_locale":"et_EE","og_type":"article","og_title":"S-SUURUSES VALAMUSEGISTI GROHE LINEARE - Espak E-pood","og_url":"https:\/\/espak.ee\/epood\/toode\/s-suuruses-valamusegisti-grohe-lineare\/","og_site_name":"Espak E-pood","article_modified_time":"2026-03-23T19:05:52+00:00","og_image":[{"width":1500,"height":1500,"url":"https:\/\/espak.ee\/epood\/wp-content\/uploads\/S-suuruses-valamusegisti-Lineare.jpg","type":"image\/jpeg"}],"twitter_card":"summary_large_image","twitter_misc":{"Est. reading time":"1 minut"},"schema":{"@context":"https:\/\/schema.org","@graph":[{"@type":"WebPage","@id":"https:\/\/espak.ee\/epood\/toode\/s-suuruses-valamusegisti-grohe-lineare\/","url":"https:\/\/espak.ee\/epood\/toode\/s-suuruses-valamusegisti-grohe-lineare\/","name":"S-SUURUSES VALAMUSEGISTI GROHE LINEARE - Espak E-pood","isPartOf":{"@id":"https:\/\/espak.ee\/epood\/#website"},"primaryImageOfPage":{"@id":"https:\/\/espak.ee\/epood\/toode\/s-suuruses-valamusegisti-grohe-lineare\/#primaryimage"},"image":{"@id":"https:\/\/espak.ee\/epood\/toode\/s-suuruses-valamusegisti-grohe-lineare\/#primaryimage"},"thumbnailUrl":"https:\/\/espak.ee\/epood\/wp-content\/uploads\/S-suuruses-valamusegisti-Lineare.jpg","datePublished":"2019-10-22T23:36:44+00:00","dateModified":"2026-03-23T19:05:52+00:00","breadcrumb":{"@id":"https:\/\/espak.ee\/epood\/toode\/s-suuruses-valamusegisti-grohe-lineare\/#breadcrumb"},"inLanguage":"et","potentialAction":[{"@type":"ReadAction","target":["https:\/\/espak.ee\/epood\/toode\/s-suuruses-valamusegisti-grohe-lineare\/"]}]},{"@type":"ImageObject","inLanguage":"et","@id":"https:\/\/espak.ee\/epood\/toode\/s-suuruses-valamusegisti-grohe-lineare\/#primaryimage","url":"https:\/\/espak.ee\/epood\/wp-content\/uploads\/S-suuruses-valamusegisti-Lineare.jpg","contentUrl":"https:\/\/espak.ee\/epood\/wp-content\/uploads\/S-suuruses-valamusegisti-Lineare.jpg","width":1500,"height":1500},{"@type":"BreadcrumbList","@id":"https:\/\/espak.ee\/epood\/toode\/s-suuruses-valamusegisti-grohe-lineare\/#breadcrumb","itemListElement":[{"@type":"ListItem","position":1,"name":"Home","item":"https:\/\/espak.ee\/epood\/"},{"@type":"ListItem","position":2,"name":"Tootevalik","item":"https:\/\/espak.ee\/epood\/tootevalik\/"},{"@type":"ListItem","position":3,"name":"S-SUURUSES VALAMUSEGISTI GROHE LINEARE"}]},{"@type":"WebSite","@id":"https:\/\/espak.ee\/epood\/#website","url":"https:\/\/espak.ee\/epood\/","name":"Espak E-pood","description":"","potentialAction":[{"@type":"SearchAction","target":{"@type":"EntryPoint","urlTemplate":"https:\/\/espak.ee\/epood\/?s={search_term_string}"},"query-input":{"@type":"PropertyValueSpecification","valueRequired":true,"valueName":"search_term_string"}}],"inLanguage":"et"}]}},"_links":{"self":[{"href":"https:\/\/espak.ee\/epood\/wp-json\/wp\/v2\/product\/10496","targetHints":{"allow":["GET"]}}],"collection":[{"href":"https:\/\/espak.ee\/epood\/wp-json\/wp\/v2\/product"}],"about":[{"href":"https:\/\/espak.ee\/epood\/wp-json\/wp\/v2\/types\/product"}],"replies":[{"embeddable":true,"href":"https:\/\/espak.ee\/epood\/wp-json\/wp\/v2\/comments?post=10496"}],"wp:featuredmedia":[{"embeddable":true,"href":"https:\/\/espak.ee\/epood\/wp-json\/wp\/v2\/media\/15804"}],"wp:attachment":[{"href":"https:\/\/espak.ee\/epood\/wp-json\/wp\/v2\/media?parent=10496"}],"wp:term":[{"taxonomy":"product_brand","embeddable":true,"href":"https:\/\/espak.ee\/epood\/wp-json\/wp\/v2\/product_brand?post=10496"},{"taxonomy":"product_cat","embeddable":true,"href":"https:\/\/espak.ee\/epood\/wp-json\/wp\/v2\/product_cat?post=10496"},{"taxonomy":"product_tag","embeddable":true,"href":"https:\/\/espak.ee\/epood\/wp-json\/wp\/v2\/product_tag?post=10496"}],"curies":[{"name":"wp","href":"https:\/\/api.w.org\/{rel}","templated":true}]}}