{"id":103238,"date":"2021-12-17T04:22:54","date_gmt":"2021-12-17T04:22:54","guid":{"rendered":"https:\/\/espak.ee\/epood\/?post_type=product&#038;p=103238"},"modified":"2026-03-21T09:31:15","modified_gmt":"2026-03-21T07:31:15","slug":"alusvarv-puidule-teknos-nordica-classic-b3-18l-ainult-toonimiseks","status":"publish","type":"product","link":"https:\/\/espak.ee\/epood\/toode\/alusvarv-puidule-teknos-nordica-classic-b3-18l-ainult-toonimiseks\/","title":{"rendered":"ALUSV\u00c4RV PUIDULE TEKNOS NORDICA CLASSIC B3 18L &#8211; AINULT TOONIMISEKS"},"content":{"rendered":"<div class=\"row\"  id=\"row-1065682180\">\n\n\t<div id=\"col-1392893434\" class=\"col medium-9 small-12 large-9\"  >\n\t\t\t\t<div class=\"col-inner\"  >\n\t\t\t\n\t\t\t\n<h3>Alusv\u00e4rv Nordica Classic base3 18L Teknos &#8211; Ainult toonimiseks<\/h3>\n<p>Poolmatt akr\u00fclaadip\u00f5hine vesialuseline v\u00e4lisv\u00e4rv puitpindadele. Keskkonnas\u00f5bralik, &#8216;Luigem\u00e4rgiga&#8217; NORDICA-klassi kestvusega majav\u00e4rv: v\u00e4rvi k\u00f5va pind h\u00fclgab mustust ja s\u00e4ilitab v\u00e4lisilme ja tooni v\u00e4ga pikaks ajaks.<\/p>\n<p>Uued ja varem v\u00e4rvitud puitpinnad: v\u00e4lisseinad, r\u00e4\u00e4stalauad ja voodrilauad. Palkpindadele soovitatakse WOODEX AQUA CLASSIC puidulasuuri. NORDICA CLASSIC sobib ka varem alk\u00fc\u00fcd- v\u00f5i akr\u00fclaatv\u00e4rvidega v\u00e4rvitud fassaadiplekkide hooldusv\u00e4rvimiseks.\n<\/p>\n\t\t<\/div>\n\t\t\t\t\t<\/div>\n\n\t\n\n\t<div id=\"col-2126651189\" class=\"col medium-3 small-12 large-3\"  >\n\t\t\t\t<div class=\"col-inner\"  >\n\t\t\t\n\t\t\t\n\t<div id=\"gap-1291499164\" class=\"gap-element clearfix\" style=\"display:block; height:auto;\">\n\t\t\n<style>\n#gap-1291499164 {\n  padding-top: 30px;\n}\n<\/style>\n\t<\/div>\n\t\n<h3>Tootekirjeldus<\/h3>\n<p><a href=\"https:\/\/espak.ee\/epood\/wp-content\/uploads\/2021\/12\/Tootekirjeldus-Nordica-Classic.pdf\" target=\"_blank\" rel=\"noopener noreferrer\"><i class=\"far fa-file-pdf\"><\/i> Tootekirjeldus (PDF)<\/a><\/p>\n<h3>Ohutuskaart<\/h3>\n<p><a href=\"https:\/\/espak.ee\/epood\/wp-content\/uploads\/2021\/12\/NORDICA-CLASSIC_2020-12-15_EE_et.pdf\" target=\"_blank\" rel=\"noopener noreferrer\"><i class=\"far fa-file-pdf\"><\/i> Ohutuskaart (PDF)<\/a><\/p>\n<div class=\"is-divider divider clearfix\" ><\/div>\n<p><strong>\u00dcksikasjalikuma n\u00f5u saamiseks v\u00f5tke \u00fchendust:<br \/><\/strong>Teknos O\u00dc<br \/>Kesk tee 29, Aaviku k\u00fcla<br \/>Rae vald, Harjumaa<br \/>75 305<br \/>+372 656 34 91<\/p>\n\t\t<\/div>\n\t\t\t\t\t<\/div>\n\n\t\n<\/div>\n","protected":false},"excerpt":{"rendered":"","protected":false},"featured_media":103306,"comment_status":"closed","ping_status":"closed","template":"","meta":[],"product_brand":[],"product_cat":[2690,2685,2684,2683],"product_tag":[],"class_list":{"0":"post-103238","1":"product","2":"type-product","3":"status-publish","4":"has-post-thumbnail","6":"product_cat-puiduvarvid","7":"product_cat-varvid","8":"product_cat-varvid-lakid-lahustid-puidukaitsed-olid","9":"product_cat-viimistluskaubad","10":"product_shipping_class-dpd-cold","11":"pa_kaubamark-teknos-ou","13":"first","14":"instock","15":"sale","16":"taxable","17":"shipping-taxable","18":"purchasable","19":"product-type-simple"},"yoast_head":"<!-- This site is optimized with the Yoast SEO plugin v26.9 - https:\/\/yoast.com\/product\/yoast-seo-wordpress\/ -->\n<title>ALUSV\u00c4RV PUIDULE TEKNOS NORDICA CLASSIC B3 18L - AINULT TOONIMISEKS - Espak E-pood<\/title>\n<meta name=\"robots\" content=\"index, follow, max-snippet:-1, max-image-preview:large, max-video-preview:-1\" \/>\n<link rel=\"canonical\" href=\"https:\/\/espak.ee\/epood\/toode\/alusvarv-puidule-teknos-nordica-classic-b3-18l-ainult-toonimiseks\/\" \/>\n<meta property=\"og:locale\" content=\"et_EE\" \/>\n<meta property=\"og:type\" content=\"article\" \/>\n<meta property=\"og:title\" content=\"ALUSV\u00c4RV PUIDULE TEKNOS NORDICA CLASSIC B3 18L - AINULT TOONIMISEKS - Espak E-pood\" \/>\n<meta property=\"og:url\" content=\"https:\/\/espak.ee\/epood\/toode\/alusvarv-puidule-teknos-nordica-classic-b3-18l-ainult-toonimiseks\/\" \/>\n<meta property=\"og:site_name\" content=\"Espak E-pood\" \/>\n<meta property=\"article:modified_time\" content=\"2026-03-21T07:31:15+00:00\" \/>\n<meta property=\"og:image\" content=\"https:\/\/espak.ee\/epood\/wp-content\/uploads\/2021\/12\/Teknos_20L_NORDICA-CLASSIC.jpg\" \/>\n\t<meta property=\"og:image:width\" content=\"800\" \/>\n\t<meta property=\"og:image:height\" content=\"800\" \/>\n\t<meta property=\"og:image:type\" content=\"image\/jpeg\" \/>\n<meta name=\"twitter:card\" content=\"summary_large_image\" \/>\n<meta name=\"twitter:label1\" content=\"Est. reading time\" \/>\n\t<meta name=\"twitter:data1\" content=\"1 minut\" \/>\n<script type=\"application\/ld+json\" class=\"yoast-schema-graph\">{\"@context\":\"https:\/\/schema.org\",\"@graph\":[{\"@type\":\"WebPage\",\"@id\":\"https:\/\/espak.ee\/epood\/toode\/alusvarv-puidule-teknos-nordica-classic-b3-18l-ainult-toonimiseks\/\",\"url\":\"https:\/\/espak.ee\/epood\/toode\/alusvarv-puidule-teknos-nordica-classic-b3-18l-ainult-toonimiseks\/\",\"name\":\"ALUSV\u00c4RV PUIDULE TEKNOS NORDICA CLASSIC B3 18L - AINULT TOONIMISEKS - Espak E-pood\",\"isPartOf\":{\"@id\":\"https:\/\/espak.ee\/epood\/#website\"},\"primaryImageOfPage\":{\"@id\":\"https:\/\/espak.ee\/epood\/toode\/alusvarv-puidule-teknos-nordica-classic-b3-18l-ainult-toonimiseks\/#primaryimage\"},\"image\":{\"@id\":\"https:\/\/espak.ee\/epood\/toode\/alusvarv-puidule-teknos-nordica-classic-b3-18l-ainult-toonimiseks\/#primaryimage\"},\"thumbnailUrl\":\"https:\/\/espak.ee\/epood\/wp-content\/uploads\/2021\/12\/Teknos_20L_NORDICA-CLASSIC.jpg\",\"datePublished\":\"2021-12-17T04:22:54+00:00\",\"dateModified\":\"2026-03-21T07:31:15+00:00\",\"breadcrumb\":{\"@id\":\"https:\/\/espak.ee\/epood\/toode\/alusvarv-puidule-teknos-nordica-classic-b3-18l-ainult-toonimiseks\/#breadcrumb\"},\"inLanguage\":\"et\",\"potentialAction\":[{\"@type\":\"ReadAction\",\"target\":[\"https:\/\/espak.ee\/epood\/toode\/alusvarv-puidule-teknos-nordica-classic-b3-18l-ainult-toonimiseks\/\"]}]},{\"@type\":\"ImageObject\",\"inLanguage\":\"et\",\"@id\":\"https:\/\/espak.ee\/epood\/toode\/alusvarv-puidule-teknos-nordica-classic-b3-18l-ainult-toonimiseks\/#primaryimage\",\"url\":\"https:\/\/espak.ee\/epood\/wp-content\/uploads\/2021\/12\/Teknos_20L_NORDICA-CLASSIC.jpg\",\"contentUrl\":\"https:\/\/espak.ee\/epood\/wp-content\/uploads\/2021\/12\/Teknos_20L_NORDICA-CLASSIC.jpg\",\"width\":800,\"height\":800},{\"@type\":\"BreadcrumbList\",\"@id\":\"https:\/\/espak.ee\/epood\/toode\/alusvarv-puidule-teknos-nordica-classic-b3-18l-ainult-toonimiseks\/#breadcrumb\",\"itemListElement\":[{\"@type\":\"ListItem\",\"position\":1,\"name\":\"Home\",\"item\":\"https:\/\/espak.ee\/epood\/\"},{\"@type\":\"ListItem\",\"position\":2,\"name\":\"Tootevalik\",\"item\":\"https:\/\/espak.ee\/epood\/tootevalik\/\"},{\"@type\":\"ListItem\",\"position\":3,\"name\":\"ALUSV\u00c4RV PUIDULE TEKNOS NORDICA CLASSIC B3 18L &#8211; AINULT TOONIMISEKS\"}]},{\"@type\":\"WebSite\",\"@id\":\"https:\/\/espak.ee\/epood\/#website\",\"url\":\"https:\/\/espak.ee\/epood\/\",\"name\":\"Espak E-pood\",\"description\":\"\",\"potentialAction\":[{\"@type\":\"SearchAction\",\"target\":{\"@type\":\"EntryPoint\",\"urlTemplate\":\"https:\/\/espak.ee\/epood\/?s={search_term_string}\"},\"query-input\":{\"@type\":\"PropertyValueSpecification\",\"valueRequired\":true,\"valueName\":\"search_term_string\"}}],\"inLanguage\":\"et\"}]}<\/script>\n<!-- \/ Yoast SEO plugin. -->","yoast_head_json":{"title":"ALUSV\u00c4RV PUIDULE TEKNOS NORDICA CLASSIC B3 18L - AINULT TOONIMISEKS - Espak E-pood","robots":{"index":"index","follow":"follow","max-snippet":"max-snippet:-1","max-image-preview":"max-image-preview:large","max-video-preview":"max-video-preview:-1"},"canonical":"https:\/\/espak.ee\/epood\/toode\/alusvarv-puidule-teknos-nordica-classic-b3-18l-ainult-toonimiseks\/","og_locale":"et_EE","og_type":"article","og_title":"ALUSV\u00c4RV PUIDULE TEKNOS NORDICA CLASSIC B3 18L - AINULT TOONIMISEKS - Espak E-pood","og_url":"https:\/\/espak.ee\/epood\/toode\/alusvarv-puidule-teknos-nordica-classic-b3-18l-ainult-toonimiseks\/","og_site_name":"Espak E-pood","article_modified_time":"2026-03-21T07:31:15+00:00","og_image":[{"width":800,"height":800,"url":"https:\/\/espak.ee\/epood\/wp-content\/uploads\/2021\/12\/Teknos_20L_NORDICA-CLASSIC.jpg","type":"image\/jpeg"}],"twitter_card":"summary_large_image","twitter_misc":{"Est. reading time":"1 minut"},"schema":{"@context":"https:\/\/schema.org","@graph":[{"@type":"WebPage","@id":"https:\/\/espak.ee\/epood\/toode\/alusvarv-puidule-teknos-nordica-classic-b3-18l-ainult-toonimiseks\/","url":"https:\/\/espak.ee\/epood\/toode\/alusvarv-puidule-teknos-nordica-classic-b3-18l-ainult-toonimiseks\/","name":"ALUSV\u00c4RV PUIDULE TEKNOS NORDICA CLASSIC B3 18L - AINULT TOONIMISEKS - Espak E-pood","isPartOf":{"@id":"https:\/\/espak.ee\/epood\/#website"},"primaryImageOfPage":{"@id":"https:\/\/espak.ee\/epood\/toode\/alusvarv-puidule-teknos-nordica-classic-b3-18l-ainult-toonimiseks\/#primaryimage"},"image":{"@id":"https:\/\/espak.ee\/epood\/toode\/alusvarv-puidule-teknos-nordica-classic-b3-18l-ainult-toonimiseks\/#primaryimage"},"thumbnailUrl":"https:\/\/espak.ee\/epood\/wp-content\/uploads\/2021\/12\/Teknos_20L_NORDICA-CLASSIC.jpg","datePublished":"2021-12-17T04:22:54+00:00","dateModified":"2026-03-21T07:31:15+00:00","breadcrumb":{"@id":"https:\/\/espak.ee\/epood\/toode\/alusvarv-puidule-teknos-nordica-classic-b3-18l-ainult-toonimiseks\/#breadcrumb"},"inLanguage":"et","potentialAction":[{"@type":"ReadAction","target":["https:\/\/espak.ee\/epood\/toode\/alusvarv-puidule-teknos-nordica-classic-b3-18l-ainult-toonimiseks\/"]}]},{"@type":"ImageObject","inLanguage":"et","@id":"https:\/\/espak.ee\/epood\/toode\/alusvarv-puidule-teknos-nordica-classic-b3-18l-ainult-toonimiseks\/#primaryimage","url":"https:\/\/espak.ee\/epood\/wp-content\/uploads\/2021\/12\/Teknos_20L_NORDICA-CLASSIC.jpg","contentUrl":"https:\/\/espak.ee\/epood\/wp-content\/uploads\/2021\/12\/Teknos_20L_NORDICA-CLASSIC.jpg","width":800,"height":800},{"@type":"BreadcrumbList","@id":"https:\/\/espak.ee\/epood\/toode\/alusvarv-puidule-teknos-nordica-classic-b3-18l-ainult-toonimiseks\/#breadcrumb","itemListElement":[{"@type":"ListItem","position":1,"name":"Home","item":"https:\/\/espak.ee\/epood\/"},{"@type":"ListItem","position":2,"name":"Tootevalik","item":"https:\/\/espak.ee\/epood\/tootevalik\/"},{"@type":"ListItem","position":3,"name":"ALUSV\u00c4RV PUIDULE TEKNOS NORDICA CLASSIC B3 18L &#8211; AINULT TOONIMISEKS"}]},{"@type":"WebSite","@id":"https:\/\/espak.ee\/epood\/#website","url":"https:\/\/espak.ee\/epood\/","name":"Espak E-pood","description":"","potentialAction":[{"@type":"SearchAction","target":{"@type":"EntryPoint","urlTemplate":"https:\/\/espak.ee\/epood\/?s={search_term_string}"},"query-input":{"@type":"PropertyValueSpecification","valueRequired":true,"valueName":"search_term_string"}}],"inLanguage":"et"}]}},"_links":{"self":[{"href":"https:\/\/espak.ee\/epood\/wp-json\/wp\/v2\/product\/103238","targetHints":{"allow":["GET"]}}],"collection":[{"href":"https:\/\/espak.ee\/epood\/wp-json\/wp\/v2\/product"}],"about":[{"href":"https:\/\/espak.ee\/epood\/wp-json\/wp\/v2\/types\/product"}],"replies":[{"embeddable":true,"href":"https:\/\/espak.ee\/epood\/wp-json\/wp\/v2\/comments?post=103238"}],"wp:featuredmedia":[{"embeddable":true,"href":"https:\/\/espak.ee\/epood\/wp-json\/wp\/v2\/media\/103306"}],"wp:attachment":[{"href":"https:\/\/espak.ee\/epood\/wp-json\/wp\/v2\/media?parent=103238"}],"wp:term":[{"taxonomy":"product_brand","embeddable":true,"href":"https:\/\/espak.ee\/epood\/wp-json\/wp\/v2\/product_brand?post=103238"},{"taxonomy":"product_cat","embeddable":true,"href":"https:\/\/espak.ee\/epood\/wp-json\/wp\/v2\/product_cat?post=103238"},{"taxonomy":"product_tag","embeddable":true,"href":"https:\/\/espak.ee\/epood\/wp-json\/wp\/v2\/product_tag?post=103238"}],"curies":[{"name":"wp","href":"https:\/\/api.w.org\/{rel}","templated":true}]}}