{"id":103108,"date":"2021-12-16T00:27:48","date_gmt":"2021-12-16T00:27:48","guid":{"rendered":"https:\/\/espak.ee\/epood\/?post_type=product&#038;p=103108"},"modified":"2026-04-10T18:45:12","modified_gmt":"2026-04-10T15:45:12","slug":"bio-koogiviljamuld-matogard-20l","status":"publish","type":"product","link":"https:\/\/espak.ee\/epood\/toode\/bio-koogiviljamuld-matogard-20l\/","title":{"rendered":"BIO K\u00d6\u00d6GIVILJAMULD MATOGARD 20L"},"content":{"rendered":"<div class=\"row\"  id=\"row-349763870\">\n\n\t<div id=\"col-1792785714\" class=\"col medium-9 small-12 large-9\"  >\n\t\t\t\t<div class=\"col-inner\"  >\n\t\t\t\n\t\t\t\n<h3>Bio k\u00f6\u00f6giviljamuld Matogard 20L<\/h3>\n<p>Sobib k\u00f6\u00f6giviljataimede ja maitsetaimede kasvatamiseks potikultuurina.<br \/>\nBIO-K\u00f6\u00f6giviljamulla tootmisel ei ole kasutatud mineraalv\u00e4etisi.<br \/>\nN\u00f5rgalt happelise reaktsiooniga muld.<\/p>\n<p>LUBATUD KASUTADA MAHETOOTMISES.<\/p>\n<p><strong>Kasutamine:<\/strong><br \/>\n&#8211; maitsetaimede kasvatamine r\u00f5dukastides, amplites \u00f5uevaasides jne.<br \/>\n&#8211; k\u00f6\u00f6givilja kasvatamine potikultuurina r\u00f5dukastides, \u00f5uevaasides jne.<br \/>\n&#8211; taimede kasvatamine kasvuhoones, aiakastides ja anumates<br \/>\n&#8211; k\u00f6\u00f6giviljataimede ettekasvatamine<br \/>\n<strong>Koostis:<\/strong><br \/>\n&#8211; Turvas \u2013 dolomiidijahuga neutraliseeritud ja orgaaniliste v\u00e4etistega segatud p\u00f5hikomponent.<br \/>\n&#8211; Kompost \u2013 Matogard \u201eBIO-K\u00f6\u00f6giviljamuld\u201c sisaldab hobuses\u00f5nnikust biotehnoloogiliselt valmistatud taimetoitaineterikast komposti. Tagab taimedele sobiva mikrobioloogilise koosluse.<br \/>\n&#8211; Orgaanilised v\u00e4etised \u2013 looduslikud v\u00e4etised, mis tagavad koos kompostiga taimede kasvuks vajaliku toitainete vahekorra. Kasutatavad v\u00e4etised on sertifitseeritud mahetootmisele. Kasutatakse erineva j\u00e4medusega v\u00e4etisgraanuleid, millega tagatakse pikemaajaline toitainete lahustumine mulda kogu kasvuperioodiks.<br \/>\n&#8211; Humiinpreparaat \u2013 kiirendab tugeva juurestiku arenemist, parandab mulla mikrofloorat ja aitab kaasa taime toitainete omastamisele. Humiinid leevendavad taime kasvustressi, mis on tingitud ebasoodsatest kasvutingimustest. On loodusliku p\u00e4ritoluga.<br \/>\n&#8211; Savi \u2013 seob vett ja takistab mulla kuivamist.<\/p>\n<p>MULLATESTID: mahumass <0,7kg\/l happesus (pH KCl) 5,6-6,5 soolade \u00fcldsisaldus 1,2-2,0 g\/l.\n  Kogus: 20 l pakkimishetkel. S\u00e4ilitada jahedas ja kuivas kohas.<\/p>\n<div class=\"is-divider divider clearfix\" ><\/div>\n<p>Seemne k\u00fclvi puhul t\u00e4itke k\u00fclvikast mullaga, tihendage, k\u00fclvake seeme ja katke \u00f5hukese mulla-, liiva- v\u00f5i perliidi kihiga. Hoidke mullapind niiske. Istutusmullana kasutamisel sobib taime kasvatamiseks noortaimest kuni saagi kandvuse l\u00f5puni. Istutusanuma p\u00f5hja v\u00f5id panna drenaa\u017eikihi (kergkruusa). Istutusn\u00f5u p\u00f5hjas peavad olema avad, et \u00fcleliigne kastmisvesi saaks \u00e4ra voolata. Drenaa\u017eikihile asetatakse k\u00f6\u00f6giviljamulda. Seej\u00e4rel sobitatakse taim parajale k\u00f5rgusele ja tihendatakse mullapind. P\u00e4rast istutamist tuleb taime p\u00f5hjalikult kasta ja kaitsta otsese p\u00e4ikese eest. Matogard BIO-K\u00f6\u00f6giviljamulla valmistamisel kasutatakse komposti, orgaanilisi v\u00e4etiseid ja humiinpreparaati, mis v\u00e4ldivad kastmisveega toitainete mullast v\u00e4lja uhtumise. Maitsetaimedel ja teistel l\u00fchema kasvuperioodiga k\u00f6\u00f6giviljadel puudub kasvuaegne lisav\u00e4etamise vajadus. Pikema ja intensiivsema kasvuga k\u00f6\u00f6giviljadel (tomat, kurk, jt) soovitav teha lisav\u00e4etamist viljade moodustamise ja valmimise perioodil.<\/p>\n\t\t<\/div>\n\t\t\t\t\t<\/div>\n\n\t\n\n\t<div id=\"col-396068929\" class=\"col medium-3 small-12 large-3\"  >\n\t\t\t\t<div class=\"col-inner\"  >\n\t\t\t\n\t\t\t\n<div class=\"is-divider divider clearfix\" ><\/div>\n<p><strong>\u00dcksikasjalikuma n\u00f5u saamiseks v\u00f5tke \u00fchendust:<br \/><\/strong>Matogard O\u00dc<br \/>Altpoe, Randiv\u00e4lja k\u00fcla<br \/>86814<br \/>P\u00e4rnumaa<br \/>+372 447 5570<\/p>\n\t\t<\/div>\n\t\t\t\t\t<\/div>\n\n\t\n<\/div>\n","protected":false},"excerpt":{"rendered":"","protected":false},"featured_media":104301,"comment_status":"closed","ping_status":"closed","template":"","meta":[],"product_brand":[],"product_cat":[2905,2789,2788,2879],"product_tag":[],"class_list":{"0":"post-103108","1":"product","2":"type-product","3":"status-publish","4":"has-post-thumbnail","6":"product_cat-aiamullad","7":"product_cat-aiatarbed","8":"product_cat-aiatarbed-ja-kodukaubad","9":"product_cat-aiaturbad-ja-mullad","10":"pa_kaubamark-matogard-ou","12":"first","13":"instock","14":"sale","15":"taxable","16":"shipping-taxable","17":"purchasable","18":"product-type-simple"},"yoast_head":"<!-- This site is optimized with the Yoast SEO plugin v26.9 - https:\/\/yoast.com\/product\/yoast-seo-wordpress\/ -->\n<title>BIO K\u00d6\u00d6GIVILJAMULD MATOGARD 20L - Espak E-pood<\/title>\n<meta name=\"robots\" content=\"index, follow, max-snippet:-1, max-image-preview:large, max-video-preview:-1\" \/>\n<link rel=\"canonical\" href=\"https:\/\/espak.ee\/epood\/toode\/bio-koogiviljamuld-matogard-20l\/\" \/>\n<meta property=\"og:locale\" content=\"et_EE\" \/>\n<meta property=\"og:type\" content=\"article\" \/>\n<meta property=\"og:title\" content=\"BIO K\u00d6\u00d6GIVILJAMULD MATOGARD 20L - Espak E-pood\" \/>\n<meta property=\"og:url\" content=\"https:\/\/espak.ee\/epood\/toode\/bio-koogiviljamuld-matogard-20l\/\" \/>\n<meta property=\"og:site_name\" content=\"Espak E-pood\" \/>\n<meta property=\"article:modified_time\" content=\"2026-04-10T15:45:12+00:00\" \/>\n<meta property=\"og:image\" content=\"https:\/\/espak.ee\/epood\/wp-content\/uploads\/2021\/12\/koogivilja.jpg\" \/>\n\t<meta property=\"og:image:width\" content=\"1000\" \/>\n\t<meta property=\"og:image:height\" content=\"1000\" \/>\n\t<meta property=\"og:image:type\" content=\"image\/jpeg\" \/>\n<meta name=\"twitter:card\" content=\"summary_large_image\" \/>\n<meta name=\"twitter:label1\" content=\"Est. reading time\" \/>\n\t<meta name=\"twitter:data1\" content=\"1 minut\" \/>\n<script type=\"application\/ld+json\" class=\"yoast-schema-graph\">{\"@context\":\"https:\/\/schema.org\",\"@graph\":[{\"@type\":\"WebPage\",\"@id\":\"https:\/\/espak.ee\/epood\/toode\/bio-koogiviljamuld-matogard-20l\/\",\"url\":\"https:\/\/espak.ee\/epood\/toode\/bio-koogiviljamuld-matogard-20l\/\",\"name\":\"BIO K\u00d6\u00d6GIVILJAMULD MATOGARD 20L - Espak E-pood\",\"isPartOf\":{\"@id\":\"https:\/\/espak.ee\/epood\/#website\"},\"primaryImageOfPage\":{\"@id\":\"https:\/\/espak.ee\/epood\/toode\/bio-koogiviljamuld-matogard-20l\/#primaryimage\"},\"image\":{\"@id\":\"https:\/\/espak.ee\/epood\/toode\/bio-koogiviljamuld-matogard-20l\/#primaryimage\"},\"thumbnailUrl\":\"https:\/\/espak.ee\/epood\/wp-content\/uploads\/2021\/12\/koogivilja.jpg\",\"datePublished\":\"2021-12-16T00:27:48+00:00\",\"dateModified\":\"2026-04-10T15:45:12+00:00\",\"breadcrumb\":{\"@id\":\"https:\/\/espak.ee\/epood\/toode\/bio-koogiviljamuld-matogard-20l\/#breadcrumb\"},\"inLanguage\":\"et\",\"potentialAction\":[{\"@type\":\"ReadAction\",\"target\":[\"https:\/\/espak.ee\/epood\/toode\/bio-koogiviljamuld-matogard-20l\/\"]}]},{\"@type\":\"ImageObject\",\"inLanguage\":\"et\",\"@id\":\"https:\/\/espak.ee\/epood\/toode\/bio-koogiviljamuld-matogard-20l\/#primaryimage\",\"url\":\"https:\/\/espak.ee\/epood\/wp-content\/uploads\/2021\/12\/koogivilja.jpg\",\"contentUrl\":\"https:\/\/espak.ee\/epood\/wp-content\/uploads\/2021\/12\/koogivilja.jpg\",\"width\":1000,\"height\":1000},{\"@type\":\"BreadcrumbList\",\"@id\":\"https:\/\/espak.ee\/epood\/toode\/bio-koogiviljamuld-matogard-20l\/#breadcrumb\",\"itemListElement\":[{\"@type\":\"ListItem\",\"position\":1,\"name\":\"Home\",\"item\":\"https:\/\/espak.ee\/epood\/\"},{\"@type\":\"ListItem\",\"position\":2,\"name\":\"Tootevalik\",\"item\":\"https:\/\/espak.ee\/epood\/tootevalik\/\"},{\"@type\":\"ListItem\",\"position\":3,\"name\":\"BIO K\u00d6\u00d6GIVILJAMULD MATOGARD 20L\"}]},{\"@type\":\"WebSite\",\"@id\":\"https:\/\/espak.ee\/epood\/#website\",\"url\":\"https:\/\/espak.ee\/epood\/\",\"name\":\"Espak E-pood\",\"description\":\"\",\"potentialAction\":[{\"@type\":\"SearchAction\",\"target\":{\"@type\":\"EntryPoint\",\"urlTemplate\":\"https:\/\/espak.ee\/epood\/?s={search_term_string}\"},\"query-input\":{\"@type\":\"PropertyValueSpecification\",\"valueRequired\":true,\"valueName\":\"search_term_string\"}}],\"inLanguage\":\"et\"}]}<\/script>\n<!-- \/ Yoast SEO plugin. -->","yoast_head_json":{"title":"BIO K\u00d6\u00d6GIVILJAMULD MATOGARD 20L - Espak E-pood","robots":{"index":"index","follow":"follow","max-snippet":"max-snippet:-1","max-image-preview":"max-image-preview:large","max-video-preview":"max-video-preview:-1"},"canonical":"https:\/\/espak.ee\/epood\/toode\/bio-koogiviljamuld-matogard-20l\/","og_locale":"et_EE","og_type":"article","og_title":"BIO K\u00d6\u00d6GIVILJAMULD MATOGARD 20L - Espak E-pood","og_url":"https:\/\/espak.ee\/epood\/toode\/bio-koogiviljamuld-matogard-20l\/","og_site_name":"Espak E-pood","article_modified_time":"2026-04-10T15:45:12+00:00","og_image":[{"width":1000,"height":1000,"url":"https:\/\/espak.ee\/epood\/wp-content\/uploads\/2021\/12\/koogivilja.jpg","type":"image\/jpeg"}],"twitter_card":"summary_large_image","twitter_misc":{"Est. reading time":"1 minut"},"schema":{"@context":"https:\/\/schema.org","@graph":[{"@type":"WebPage","@id":"https:\/\/espak.ee\/epood\/toode\/bio-koogiviljamuld-matogard-20l\/","url":"https:\/\/espak.ee\/epood\/toode\/bio-koogiviljamuld-matogard-20l\/","name":"BIO K\u00d6\u00d6GIVILJAMULD MATOGARD 20L - Espak E-pood","isPartOf":{"@id":"https:\/\/espak.ee\/epood\/#website"},"primaryImageOfPage":{"@id":"https:\/\/espak.ee\/epood\/toode\/bio-koogiviljamuld-matogard-20l\/#primaryimage"},"image":{"@id":"https:\/\/espak.ee\/epood\/toode\/bio-koogiviljamuld-matogard-20l\/#primaryimage"},"thumbnailUrl":"https:\/\/espak.ee\/epood\/wp-content\/uploads\/2021\/12\/koogivilja.jpg","datePublished":"2021-12-16T00:27:48+00:00","dateModified":"2026-04-10T15:45:12+00:00","breadcrumb":{"@id":"https:\/\/espak.ee\/epood\/toode\/bio-koogiviljamuld-matogard-20l\/#breadcrumb"},"inLanguage":"et","potentialAction":[{"@type":"ReadAction","target":["https:\/\/espak.ee\/epood\/toode\/bio-koogiviljamuld-matogard-20l\/"]}]},{"@type":"ImageObject","inLanguage":"et","@id":"https:\/\/espak.ee\/epood\/toode\/bio-koogiviljamuld-matogard-20l\/#primaryimage","url":"https:\/\/espak.ee\/epood\/wp-content\/uploads\/2021\/12\/koogivilja.jpg","contentUrl":"https:\/\/espak.ee\/epood\/wp-content\/uploads\/2021\/12\/koogivilja.jpg","width":1000,"height":1000},{"@type":"BreadcrumbList","@id":"https:\/\/espak.ee\/epood\/toode\/bio-koogiviljamuld-matogard-20l\/#breadcrumb","itemListElement":[{"@type":"ListItem","position":1,"name":"Home","item":"https:\/\/espak.ee\/epood\/"},{"@type":"ListItem","position":2,"name":"Tootevalik","item":"https:\/\/espak.ee\/epood\/tootevalik\/"},{"@type":"ListItem","position":3,"name":"BIO K\u00d6\u00d6GIVILJAMULD MATOGARD 20L"}]},{"@type":"WebSite","@id":"https:\/\/espak.ee\/epood\/#website","url":"https:\/\/espak.ee\/epood\/","name":"Espak E-pood","description":"","potentialAction":[{"@type":"SearchAction","target":{"@type":"EntryPoint","urlTemplate":"https:\/\/espak.ee\/epood\/?s={search_term_string}"},"query-input":{"@type":"PropertyValueSpecification","valueRequired":true,"valueName":"search_term_string"}}],"inLanguage":"et"}]}},"_links":{"self":[{"href":"https:\/\/espak.ee\/epood\/wp-json\/wp\/v2\/product\/103108","targetHints":{"allow":["GET"]}}],"collection":[{"href":"https:\/\/espak.ee\/epood\/wp-json\/wp\/v2\/product"}],"about":[{"href":"https:\/\/espak.ee\/epood\/wp-json\/wp\/v2\/types\/product"}],"replies":[{"embeddable":true,"href":"https:\/\/espak.ee\/epood\/wp-json\/wp\/v2\/comments?post=103108"}],"wp:featuredmedia":[{"embeddable":true,"href":"https:\/\/espak.ee\/epood\/wp-json\/wp\/v2\/media\/104301"}],"wp:attachment":[{"href":"https:\/\/espak.ee\/epood\/wp-json\/wp\/v2\/media?parent=103108"}],"wp:term":[{"taxonomy":"product_brand","embeddable":true,"href":"https:\/\/espak.ee\/epood\/wp-json\/wp\/v2\/product_brand?post=103108"},{"taxonomy":"product_cat","embeddable":true,"href":"https:\/\/espak.ee\/epood\/wp-json\/wp\/v2\/product_cat?post=103108"},{"taxonomy":"product_tag","embeddable":true,"href":"https:\/\/espak.ee\/epood\/wp-json\/wp\/v2\/product_tag?post=103108"}],"curies":[{"name":"wp","href":"https:\/\/api.w.org\/{rel}","templated":true}]}}