{"id":102823,"date":"2021-12-13T23:28:15","date_gmt":"2021-12-13T23:28:15","guid":{"rendered":"https:\/\/espak.ee\/epood\/?post_type=product&#038;p=102823"},"modified":"2026-01-12T19:39:39","modified_gmt":"2026-01-12T17:39:39","slug":"plaatimissegu-ceresit-cm-17-ld-super-flexible-25kg","status":"publish","type":"product","link":"https:\/\/espak.ee\/epood\/toode\/plaatimissegu-ceresit-cm-17-ld-super-flexible-25kg\/","title":{"rendered":"PLAATIMISSEGU CERESIT CM-17 LD SUPER FLEXIBLE 25KG"},"content":{"rendered":"<div class=\"row\"  id=\"row-2033287847\">\n\n\t<div id=\"col-851928245\" class=\"col medium-9 small-12 large-9\"  >\n\t\t\t\t<div class=\"col-inner\"  >\n\t\t\t\n\t\t\t\n<h2>\u00dclielastne plaatimissegu Ceresit CM-17 LD <\/h2>\n<p>V\u00e4hetolmav v\u00e4ga elastne kiududega plaatimissegu keraamiliste plaatide kinnitamiseks deformeeruvatele ja keerulises seisukorras olevatele aluspindadele.<\/p>\n<div class=\"message-box relative\" style=\"padding-top:15px;padding-bottom:15px;\"><div class=\"message-box-bg-image bg-fill fill\" ><\/div><div class=\"message-box-bg-overlay bg-fill fill\" ><\/div><div class=\"container relative\"><div class=\"inner last-reset\">\n<div class=\"row align-middle align-center\"  id=\"row-134610296\">\n\n\t<div id=\"col-731351330\" class=\"col small-12 large-12\"  >\n\t\t\t\t<div class=\"col-inner text-left\"  >\n\t\t\t\n\t\t\t\n<h4>Omadused<\/h4>\n<div class=\"row\"  id=\"row-270333733\">\n\n\t<div id=\"col-1015703180\" class=\"col medium-6 small-12 large-6\"  >\n\t\t\t\t<div class=\"col-inner\"  >\n\t\t\t\n\t\t\t\n<p><i class=\"fa fa-check fa-2x\"><\/i> <strong>V\u00e4hetolmav \u2013 s\u00e4\u00e4stab tervist ja \u00fcmbritsevat ruumi<\/strong><\/p>\n<p><i class=\"fa fa-check fa-2x\"><\/i> <strong>Soovitatav eriti suurtele plaatidele<\/strong><\/p>\n\t\t<\/div>\n\t\t\t\t\n<style>\n#col-1015703180 > .col-inner {\n  margin: 0px 0px 15px 0px;\n}\n<\/style>\n\t<\/div>\n\n\t\n<\/div>\n\t\t<\/div>\n\t\t\t\t\t<\/div>\n\n\t\n<\/div>\n<\/div><\/div><\/div>\n\t<div id=\"gap-75364643\" class=\"gap-element clearfix\" style=\"display:block; height:auto;\">\n\t\t\n<style>\n#gap-75364643 {\n  padding-top: 30px;\n}\n<\/style>\n\t<\/div>\n\t\n<h3>Kasutamise \u00fcksikasjad<\/h3>\n<p><strong>Kasutusala:<\/strong> Ceresit CM 17 LD on uuendusliku tehnoloogiaga peaaegu tolmuvabaks muudetud plaatimissegu. T\u00e4nu sellele on v\u00f5imalik CM 17 LD-ga  t\u00f6\u00f6tada ka kohtades, kus \u00fcmbritsevaid pindu ei ole v\u00f5imalik t\u00e4ielikult tolmu eest kaitsta. Lisaks s\u00e4\u00e4stab v\u00e4ljavalamise ja segamise ajal v\u00e4hem tolmav segu  teie tervist, kuna v\u00f5imaliku sissehingatava segu tolmu hulk on v\u00e4iksem. Segu on peaaegu tolmuvaba,kerge peale kanda ning t\u00f6\u00f6riistu on lihtne puhastada Segu CM 17 LD on ette n\u00e4htud t\u00e4ismass- jms t\u00fc\u00fcpi plaatide, keraamiliste, tsement- ja kiviplaatide (v.a marmor) kinnitamiseks deformeeruvatele pindadele.<\/p>\n<p><strong>Aluspinna ettevalmistus:<\/strong> Segu CM 17 LD v\u00f5ib kasutada kuivadel ja segu nakkuvust takistavatest ainetest (nt \u00f5lidest, bituumenist, tolmust) puhastatud aluspindadel sise- ja v\u00e4listingimustes.<\/p>\n<p><strong>T\u00f6\u00f6de k\u00e4ik:<\/strong> Pakendi sisu puistata t\u00e4pselt v\u00e4lja m\u00f5\u00f5detud puhtasse k\u00fclma vette ja segada mikseriga hoolikalt l\u00e4bi, kuni on moodustunud \u00fchtlane ilma t\u00fckkideta segumass. Lasta segul 5 minutit seista ja segada seej\u00e4rel uuesti l\u00e4bi. Segu ajada segukammi abil m\u00f6\u00f6da aluspinda laiali. Segukammi hammastiku suurus valida vastavalt plaatide suurusele (vt tabelist!). \u00d5ige segu konsistents ja segukammi hammaste suurus on valitud siis, kui vastu aluspinda surutud keraamiline plaat ei vaju vertikaalselt aluspinnalt alla ja segu katab v\u00e4hemalt 65% plaadi tagumisest pinnast. Juhul, kui plaadid j\u00e4\u00e4vad pakase ja niiskuse k\u00e4tte, tuleb nende montaa\u017eipind t\u00e4iendavalt katta \u00f5hukese segukihiga.Enne paigaldamist ei tohi plaate m\u00e4rjaks teha! Asetada plaadid aluspinnale kantud segukihile ja suruda need tugevasti selle vastu, enne kui segupinnale j\u00f5uab tekkida koorik (nii kaua, kuni segu veel k\u00e4te k\u00fclge kleepub). Mitte paigutada plaate tihedalt \u00fcksteise vastu! Plaatide vahele tuleb j\u00e4tta vahed s\u00f5ltuvalt plaatide suurusest ja ekspluatatsioonitingimustest. V\u00e4rsked plekid saab plaatide pinnalt veega maha pesta, kuivanud segu saab mehaaniliselt eemaldada. Vuukide t\u00e4itmist v\u00f5ib alustada 24 tunni p\u00e4rast.<\/p>\n\t\t<\/div>\n\t\t\t\t\t<\/div>\n\n\t\n\n\t<div id=\"col-448631313\" class=\"col medium-3 small-12 large-3\"  >\n\t\t\t\t<div class=\"col-inner\"  >\n\t\t\t\n\t\t\t\n\t<div id=\"gap-403411309\" class=\"gap-element clearfix\" style=\"display:block; height:auto;\">\n\t\t\n<style>\n#gap-403411309 {\n  padding-top: 30px;\n}\n<\/style>\n\t<\/div>\n\t\n<h3>Tehniline informatsioon<\/h3>\n<p><a href=\"https:\/\/espak.ee\/epood\/wp-content\/uploads\/2021\/12\/CM-17-LD-TDS-EST-19.03.21.pdf\" target=\"_blank\" rel=\"noopener noreferrer\"><i class=\"far fa-file-pdf\"><\/i> Tehniline info (PDF)<\/a><\/p>\n<div class=\"is-divider divider clearfix\" ><\/div>\n<p><strong>\u00dcksikasjalikuma n\u00f5u saamiseks v\u00f5tke \u00fchendust:<br \/><\/strong>Henkel Balti<br \/>S\u00f5bra 56 B<br \/>51013<br \/>Tartu<br \/>+ 372 7305800<\/p>\n<div class=\"is-divider divider clearfix\" ><\/div>\n\t\t<\/div>\n\t\t\t\t\t<\/div>\n\n\t\n<\/div>\n","protected":false},"excerpt":{"rendered":"","protected":false},"featured_media":103538,"comment_status":"closed","ping_status":"closed","template":"","meta":[],"product_brand":[],"product_cat":[2698,2806,2805,2697],"product_tag":[],"class_list":{"0":"post-102823","1":"product","2":"type-product","3":"status-publish","4":"has-post-thumbnail","6":"product_cat-pahtlid-ja-kuivsegud","7":"product_cat-plaadiliimid","8":"product_cat-plaatimissegud","9":"product_cat-uldehitus","10":"pa_kaubamark-henkel-balti-ou","12":"first","13":"instock","14":"sale","15":"taxable","16":"shipping-taxable","17":"purchasable","18":"product-type-simple"},"yoast_head":"<!-- This site is optimized with the Yoast SEO plugin v26.9 - https:\/\/yoast.com\/product\/yoast-seo-wordpress\/ -->\n<title>PLAATIMISSEGU CERESIT CM-17 LD SUPER FLEXIBLE 25KG - Espak E-pood<\/title>\n<meta name=\"robots\" content=\"index, follow, max-snippet:-1, max-image-preview:large, max-video-preview:-1\" \/>\n<link rel=\"canonical\" href=\"https:\/\/espak.ee\/epood\/toode\/plaatimissegu-ceresit-cm-17-ld-super-flexible-25kg\/\" \/>\n<meta property=\"og:locale\" content=\"et_EE\" \/>\n<meta property=\"og:type\" content=\"article\" \/>\n<meta property=\"og:title\" content=\"PLAATIMISSEGU CERESIT CM-17 LD SUPER FLEXIBLE 25KG - Espak E-pood\" \/>\n<meta property=\"og:url\" content=\"https:\/\/espak.ee\/epood\/toode\/plaatimissegu-ceresit-cm-17-ld-super-flexible-25kg\/\" \/>\n<meta property=\"og:site_name\" content=\"Espak E-pood\" \/>\n<meta property=\"article:modified_time\" content=\"2026-01-12T17:39:39+00:00\" \/>\n<meta property=\"og:image\" content=\"https:\/\/espak.ee\/epood\/wp-content\/uploads\/2021\/12\/ceresit-cm17LD-packshot-1280x1280px.jpg\" \/>\n\t<meta property=\"og:image:width\" content=\"960\" \/>\n\t<meta property=\"og:image:height\" content=\"960\" \/>\n\t<meta property=\"og:image:type\" content=\"image\/jpeg\" \/>\n<meta name=\"twitter:card\" content=\"summary_large_image\" \/>\n<meta name=\"twitter:label1\" content=\"Est. reading time\" \/>\n\t<meta name=\"twitter:data1\" content=\"2 minutit\" \/>\n<script type=\"application\/ld+json\" class=\"yoast-schema-graph\">{\"@context\":\"https:\/\/schema.org\",\"@graph\":[{\"@type\":\"WebPage\",\"@id\":\"https:\/\/espak.ee\/epood\/toode\/plaatimissegu-ceresit-cm-17-ld-super-flexible-25kg\/\",\"url\":\"https:\/\/espak.ee\/epood\/toode\/plaatimissegu-ceresit-cm-17-ld-super-flexible-25kg\/\",\"name\":\"PLAATIMISSEGU CERESIT CM-17 LD SUPER FLEXIBLE 25KG - Espak E-pood\",\"isPartOf\":{\"@id\":\"https:\/\/espak.ee\/epood\/#website\"},\"primaryImageOfPage\":{\"@id\":\"https:\/\/espak.ee\/epood\/toode\/plaatimissegu-ceresit-cm-17-ld-super-flexible-25kg\/#primaryimage\"},\"image\":{\"@id\":\"https:\/\/espak.ee\/epood\/toode\/plaatimissegu-ceresit-cm-17-ld-super-flexible-25kg\/#primaryimage\"},\"thumbnailUrl\":\"https:\/\/espak.ee\/epood\/wp-content\/uploads\/2021\/12\/ceresit-cm17LD-packshot-1280x1280px.jpg\",\"datePublished\":\"2021-12-13T23:28:15+00:00\",\"dateModified\":\"2026-01-12T17:39:39+00:00\",\"breadcrumb\":{\"@id\":\"https:\/\/espak.ee\/epood\/toode\/plaatimissegu-ceresit-cm-17-ld-super-flexible-25kg\/#breadcrumb\"},\"inLanguage\":\"et\",\"potentialAction\":[{\"@type\":\"ReadAction\",\"target\":[\"https:\/\/espak.ee\/epood\/toode\/plaatimissegu-ceresit-cm-17-ld-super-flexible-25kg\/\"]}]},{\"@type\":\"ImageObject\",\"inLanguage\":\"et\",\"@id\":\"https:\/\/espak.ee\/epood\/toode\/plaatimissegu-ceresit-cm-17-ld-super-flexible-25kg\/#primaryimage\",\"url\":\"https:\/\/espak.ee\/epood\/wp-content\/uploads\/2021\/12\/ceresit-cm17LD-packshot-1280x1280px.jpg\",\"contentUrl\":\"https:\/\/espak.ee\/epood\/wp-content\/uploads\/2021\/12\/ceresit-cm17LD-packshot-1280x1280px.jpg\",\"width\":960,\"height\":960},{\"@type\":\"BreadcrumbList\",\"@id\":\"https:\/\/espak.ee\/epood\/toode\/plaatimissegu-ceresit-cm-17-ld-super-flexible-25kg\/#breadcrumb\",\"itemListElement\":[{\"@type\":\"ListItem\",\"position\":1,\"name\":\"Home\",\"item\":\"https:\/\/espak.ee\/epood\/\"},{\"@type\":\"ListItem\",\"position\":2,\"name\":\"Tootevalik\",\"item\":\"https:\/\/espak.ee\/epood\/tootevalik\/\"},{\"@type\":\"ListItem\",\"position\":3,\"name\":\"PLAATIMISSEGU CERESIT CM-17 LD SUPER FLEXIBLE 25KG\"}]},{\"@type\":\"WebSite\",\"@id\":\"https:\/\/espak.ee\/epood\/#website\",\"url\":\"https:\/\/espak.ee\/epood\/\",\"name\":\"Espak E-pood\",\"description\":\"\",\"potentialAction\":[{\"@type\":\"SearchAction\",\"target\":{\"@type\":\"EntryPoint\",\"urlTemplate\":\"https:\/\/espak.ee\/epood\/?s={search_term_string}\"},\"query-input\":{\"@type\":\"PropertyValueSpecification\",\"valueRequired\":true,\"valueName\":\"search_term_string\"}}],\"inLanguage\":\"et\"}]}<\/script>\n<!-- \/ Yoast SEO plugin. -->","yoast_head_json":{"title":"PLAATIMISSEGU CERESIT CM-17 LD SUPER FLEXIBLE 25KG - Espak E-pood","robots":{"index":"index","follow":"follow","max-snippet":"max-snippet:-1","max-image-preview":"max-image-preview:large","max-video-preview":"max-video-preview:-1"},"canonical":"https:\/\/espak.ee\/epood\/toode\/plaatimissegu-ceresit-cm-17-ld-super-flexible-25kg\/","og_locale":"et_EE","og_type":"article","og_title":"PLAATIMISSEGU CERESIT CM-17 LD SUPER FLEXIBLE 25KG - Espak E-pood","og_url":"https:\/\/espak.ee\/epood\/toode\/plaatimissegu-ceresit-cm-17-ld-super-flexible-25kg\/","og_site_name":"Espak E-pood","article_modified_time":"2026-01-12T17:39:39+00:00","og_image":[{"width":960,"height":960,"url":"https:\/\/espak.ee\/epood\/wp-content\/uploads\/2021\/12\/ceresit-cm17LD-packshot-1280x1280px.jpg","type":"image\/jpeg"}],"twitter_card":"summary_large_image","twitter_misc":{"Est. reading time":"2 minutit"},"schema":{"@context":"https:\/\/schema.org","@graph":[{"@type":"WebPage","@id":"https:\/\/espak.ee\/epood\/toode\/plaatimissegu-ceresit-cm-17-ld-super-flexible-25kg\/","url":"https:\/\/espak.ee\/epood\/toode\/plaatimissegu-ceresit-cm-17-ld-super-flexible-25kg\/","name":"PLAATIMISSEGU CERESIT CM-17 LD SUPER FLEXIBLE 25KG - Espak E-pood","isPartOf":{"@id":"https:\/\/espak.ee\/epood\/#website"},"primaryImageOfPage":{"@id":"https:\/\/espak.ee\/epood\/toode\/plaatimissegu-ceresit-cm-17-ld-super-flexible-25kg\/#primaryimage"},"image":{"@id":"https:\/\/espak.ee\/epood\/toode\/plaatimissegu-ceresit-cm-17-ld-super-flexible-25kg\/#primaryimage"},"thumbnailUrl":"https:\/\/espak.ee\/epood\/wp-content\/uploads\/2021\/12\/ceresit-cm17LD-packshot-1280x1280px.jpg","datePublished":"2021-12-13T23:28:15+00:00","dateModified":"2026-01-12T17:39:39+00:00","breadcrumb":{"@id":"https:\/\/espak.ee\/epood\/toode\/plaatimissegu-ceresit-cm-17-ld-super-flexible-25kg\/#breadcrumb"},"inLanguage":"et","potentialAction":[{"@type":"ReadAction","target":["https:\/\/espak.ee\/epood\/toode\/plaatimissegu-ceresit-cm-17-ld-super-flexible-25kg\/"]}]},{"@type":"ImageObject","inLanguage":"et","@id":"https:\/\/espak.ee\/epood\/toode\/plaatimissegu-ceresit-cm-17-ld-super-flexible-25kg\/#primaryimage","url":"https:\/\/espak.ee\/epood\/wp-content\/uploads\/2021\/12\/ceresit-cm17LD-packshot-1280x1280px.jpg","contentUrl":"https:\/\/espak.ee\/epood\/wp-content\/uploads\/2021\/12\/ceresit-cm17LD-packshot-1280x1280px.jpg","width":960,"height":960},{"@type":"BreadcrumbList","@id":"https:\/\/espak.ee\/epood\/toode\/plaatimissegu-ceresit-cm-17-ld-super-flexible-25kg\/#breadcrumb","itemListElement":[{"@type":"ListItem","position":1,"name":"Home","item":"https:\/\/espak.ee\/epood\/"},{"@type":"ListItem","position":2,"name":"Tootevalik","item":"https:\/\/espak.ee\/epood\/tootevalik\/"},{"@type":"ListItem","position":3,"name":"PLAATIMISSEGU CERESIT CM-17 LD SUPER FLEXIBLE 25KG"}]},{"@type":"WebSite","@id":"https:\/\/espak.ee\/epood\/#website","url":"https:\/\/espak.ee\/epood\/","name":"Espak E-pood","description":"","potentialAction":[{"@type":"SearchAction","target":{"@type":"EntryPoint","urlTemplate":"https:\/\/espak.ee\/epood\/?s={search_term_string}"},"query-input":{"@type":"PropertyValueSpecification","valueRequired":true,"valueName":"search_term_string"}}],"inLanguage":"et"}]}},"_links":{"self":[{"href":"https:\/\/espak.ee\/epood\/wp-json\/wp\/v2\/product\/102823","targetHints":{"allow":["GET"]}}],"collection":[{"href":"https:\/\/espak.ee\/epood\/wp-json\/wp\/v2\/product"}],"about":[{"href":"https:\/\/espak.ee\/epood\/wp-json\/wp\/v2\/types\/product"}],"replies":[{"embeddable":true,"href":"https:\/\/espak.ee\/epood\/wp-json\/wp\/v2\/comments?post=102823"}],"wp:featuredmedia":[{"embeddable":true,"href":"https:\/\/espak.ee\/epood\/wp-json\/wp\/v2\/media\/103538"}],"wp:attachment":[{"href":"https:\/\/espak.ee\/epood\/wp-json\/wp\/v2\/media?parent=102823"}],"wp:term":[{"taxonomy":"product_brand","embeddable":true,"href":"https:\/\/espak.ee\/epood\/wp-json\/wp\/v2\/product_brand?post=102823"},{"taxonomy":"product_cat","embeddable":true,"href":"https:\/\/espak.ee\/epood\/wp-json\/wp\/v2\/product_cat?post=102823"},{"taxonomy":"product_tag","embeddable":true,"href":"https:\/\/espak.ee\/epood\/wp-json\/wp\/v2\/product_tag?post=102823"}],"curies":[{"name":"wp","href":"https:\/\/api.w.org\/{rel}","templated":true}]}}