{"id":101366,"date":"2021-11-30T06:00:43","date_gmt":"2021-11-30T06:00:43","guid":{"rendered":"https:\/\/espak.ee\/epood\/?post_type=product&#038;p=101366"},"modified":"2026-03-21T09:37:14","modified_gmt":"2026-03-21T07:37:14","slug":"pinnakaitsevahend-mira-4720-decor-topcoating-1l","status":"publish","type":"product","link":"https:\/\/espak.ee\/epood\/toode\/pinnakaitsevahend-mira-4720-decor-topcoating-1l\/","title":{"rendered":"PINNAKAITSEVAHEND MIRA 4720 DECOR TOPCOATING 1L"},"content":{"rendered":"<div class=\"row\"  id=\"row-817248496\">\n\n\t<div id=\"col-555634738\" class=\"col medium-9 small-12 large-9\"  >\n\t\t\t\t<div class=\"col-inner\"  >\n\t\t\t\n\t\t\t\n<h2>Pinnakaitsevahend mira 4720 decor topcoating<\/h2>\n<p>L\u00e4bipaistev neutraalne pinnakaitsevahend micro decor katmiseks.<\/p>\n<div class=\"message-box relative\" style=\"padding-top:15px;padding-bottom:15px;\"><div class=\"message-box-bg-image bg-fill fill\" ><\/div><div class=\"message-box-bg-overlay bg-fill fill\" ><\/div><div class=\"container relative\"><div class=\"inner last-reset\">\n<div class=\"row align-middle align-center\"  id=\"row-679605287\">\n\n\t<div id=\"col-1500053282\" class=\"col small-12 large-12\"  >\n\t\t\t\t<div class=\"col-inner text-left\"  >\n\t\t\t\n\t\t\t\n<h4>Omadused<\/h4>\n<div class=\"row\"  id=\"row-1328378506\">\n\n\t<div id=\"col-535535176\" class=\"col medium-6 small-12 large-6\"  >\n\t\t\t\t<div class=\"col-inner\"  >\n\t\t\t\n\t\t\t\n<p><i class=\"fa fa-check fa-2x\"><\/i> <strong>Kaitseb pinda niiskuse, mustuse jms eest<\/strong><\/p>\n<p><i class=\"fa fa-check fa-2x\"><\/i> <strong>Tekitab n\u00e4htamatu kaitsekihi<\/strong><\/p>\n\t\t<\/div>\n\t\t\t\t\n<style>\n#col-535535176 > .col-inner {\n  margin: 0px 0px 15px 0px;\n}\n<\/style>\n\t<\/div>\n\n\t\n\n\t<div id=\"col-1648513853\" class=\"col medium-6 small-12 large-6\"  >\n\t\t\t\t<div class=\"col-inner\"  >\n\t\t\t\n\t\t\t\n<p><i class=\"fa fa-check fa-2x\"><\/i> <strong>R\u00f5hutab aluspinna toonivarjundeid<\/strong><\/p>\n<p><i class=\"fa fa-check fa-2x\"><\/i> <strong>Valmis toode \u2013 lihtne kasutada<\/strong><\/p>\n\t\t<\/div>\n\t\t\t\t\n<style>\n#col-1648513853 > .col-inner {\n  margin: 0px 0px 15px 0px;\n}\n<\/style>\n\t<\/div>\n\n\t\n<\/div>\n\t\t<\/div>\n\t\t\t\t\t<\/div>\n\n\t\n<\/div>\n<\/div><\/div><\/div>\n\t<div id=\"gap-61479933\" class=\"gap-element clearfix\" style=\"display:block; height:auto;\">\n\t\t\n<style>\n#gap-61479933 {\n  padding-top: 30px;\n}\n<\/style>\n\t<\/div>\n\t\n<h3>Kasutamise \u00fcksikasjad<\/h3>\n<p><strong>Kasutusalad:<\/strong> Kasutatakse seinadel 6820 micro decor pinnakaitsena.<br \/>\nSobiv aluspind mira 6820 micro decor mikrotsement.<\/p>\n<p><strong>Aluspinna ettevalmistus:<\/strong> AAluspind peab olema sidus, kuiv, puhas tolmust, rasvast ning lahtistest osakestest.<\/p>\n<p><strong>Kasutamine:<\/strong> Kandke aluspinnale pintsli v\u00f5i pehme v\u00e4rvirulliga. Oluline on kanda vahend \u00fchtlase kihina kogu pinnale. Kandke erisuu- naliste liigutustega, et saada \u00fchtlast triipudeta tulemust. Algul j\u00e4tab pind m\u00e4rja mulje, mis kuivab v\u00e4lja 2-3 p\u00e4evaga. T\u00f6\u00f6riistad puhastada kohe peale t\u00f6\u00f6 l\u00f5ppu veega.<\/p>\n<p><strong>Ohutus:<\/strong> Toode ei sisalda REACH m\u00e4\u00e4ruse (EU) 1272\/2008 kohaselt ohtlikke aineid ja ei vaja ohum\u00e4rgistust. Rakendage tavalisi kemikaalidega t\u00f6\u00f6tamise ohutusv\u00f5tteid ja vahendeid. <\/p>\n\t\t<\/div>\n\t\t\t\t\t<\/div>\n\n\t\n\n\t<div id=\"col-395323481\" class=\"col medium-3 small-12 large-3\"  >\n\t\t\t\t<div class=\"col-inner\"  >\n\t\t\t\n\t\t\t\n\t<div id=\"gap-1725100444\" class=\"gap-element clearfix\" style=\"display:block; height:auto;\">\n\t\t\n<style>\n#gap-1725100444 {\n  padding-top: 30px;\n}\n<\/style>\n\t<\/div>\n\t\n<h3>Tooteinfo<\/h3>\n<p><a href=\"https:\/\/espak.ee\/epood\/wp-content\/uploads\/2021\/11\/4720_ds_EE.pdf\" target=\"_blank\" rel=\"noopener noreferrer\"><i class=\"far fa-file-pdf\"><\/i> Tooteinfo (PDF)<\/a><\/p>\n<div class=\"is-divider divider clearfix\" ><\/div>\n<p><strong>\u00dcksikasjalikuma n\u00f5u saamiseks v\u00f5tke \u00fchendust:<br \/><\/strong>Mira Ehitusmaterjalid O\u00dc<br \/>Segu 8<br \/>76505<br \/>Saue<br \/>+372 6790670<\/p>\n<div class=\"is-divider divider clearfix\" ><\/div>\n\t\t<\/div>\n\t\t\t\t\t<\/div>\n\n\t\n<\/div>\n","protected":false},"excerpt":{"rendered":"","protected":false},"featured_media":101475,"comment_status":"closed","ping_status":"closed","template":"","meta":[],"product_brand":[],"product_cat":[2693,2694,2684,2683],"product_tag":[],"class_list":{"0":"post-101366","1":"product","2":"type-product","3":"status-publish","4":"has-post-thumbnail","6":"product_cat-lakid-peitsid-olid-puidukaitse","7":"product_cat-siselakid-ja-peitsid","8":"product_cat-varvid-lakid-lahustid-puidukaitsed-olid","9":"product_cat-viimistluskaubad","10":"product_shipping_class-dpd-cold","11":"pa_kaubamark-mira-ehitusmaterjalid-ou","13":"first","14":"instock","15":"sale","16":"taxable","17":"shipping-taxable","18":"purchasable","19":"product-type-simple"},"yoast_head":"<!-- This site is optimized with the Yoast SEO plugin v26.9 - https:\/\/yoast.com\/product\/yoast-seo-wordpress\/ -->\n<title>PINNAKAITSEVAHEND MIRA 4720 DECOR TOPCOATING 1L - Espak E-pood<\/title>\n<meta name=\"robots\" content=\"index, follow, max-snippet:-1, max-image-preview:large, max-video-preview:-1\" \/>\n<link rel=\"canonical\" href=\"https:\/\/espak.ee\/epood\/toode\/pinnakaitsevahend-mira-4720-decor-topcoating-1l\/\" \/>\n<meta property=\"og:locale\" content=\"et_EE\" \/>\n<meta property=\"og:type\" content=\"article\" \/>\n<meta property=\"og:title\" content=\"PINNAKAITSEVAHEND MIRA 4720 DECOR TOPCOATING 1L - Espak E-pood\" \/>\n<meta property=\"og:url\" content=\"https:\/\/espak.ee\/epood\/toode\/pinnakaitsevahend-mira-4720-decor-topcoating-1l\/\" \/>\n<meta property=\"og:site_name\" content=\"Espak E-pood\" \/>\n<meta property=\"article:modified_time\" content=\"2026-03-21T07:37:14+00:00\" \/>\n<meta property=\"og:image\" content=\"https:\/\/espak.ee\/epood\/wp-content\/uploads\/2021\/11\/Mira-4720-decor-topcoating-front.jpg\" \/>\n\t<meta property=\"og:image:width\" content=\"1024\" \/>\n\t<meta property=\"og:image:height\" content=\"1024\" \/>\n\t<meta property=\"og:image:type\" content=\"image\/jpeg\" \/>\n<meta name=\"twitter:card\" content=\"summary_large_image\" \/>\n<meta name=\"twitter:label1\" content=\"Est. reading time\" \/>\n\t<meta name=\"twitter:data1\" content=\"1 minut\" \/>\n<script type=\"application\/ld+json\" class=\"yoast-schema-graph\">{\"@context\":\"https:\/\/schema.org\",\"@graph\":[{\"@type\":\"WebPage\",\"@id\":\"https:\/\/espak.ee\/epood\/toode\/pinnakaitsevahend-mira-4720-decor-topcoating-1l\/\",\"url\":\"https:\/\/espak.ee\/epood\/toode\/pinnakaitsevahend-mira-4720-decor-topcoating-1l\/\",\"name\":\"PINNAKAITSEVAHEND MIRA 4720 DECOR TOPCOATING 1L - Espak E-pood\",\"isPartOf\":{\"@id\":\"https:\/\/espak.ee\/epood\/#website\"},\"primaryImageOfPage\":{\"@id\":\"https:\/\/espak.ee\/epood\/toode\/pinnakaitsevahend-mira-4720-decor-topcoating-1l\/#primaryimage\"},\"image\":{\"@id\":\"https:\/\/espak.ee\/epood\/toode\/pinnakaitsevahend-mira-4720-decor-topcoating-1l\/#primaryimage\"},\"thumbnailUrl\":\"https:\/\/espak.ee\/epood\/wp-content\/uploads\/2021\/11\/Mira-4720-decor-topcoating-front.jpg\",\"datePublished\":\"2021-11-30T06:00:43+00:00\",\"dateModified\":\"2026-03-21T07:37:14+00:00\",\"breadcrumb\":{\"@id\":\"https:\/\/espak.ee\/epood\/toode\/pinnakaitsevahend-mira-4720-decor-topcoating-1l\/#breadcrumb\"},\"inLanguage\":\"et\",\"potentialAction\":[{\"@type\":\"ReadAction\",\"target\":[\"https:\/\/espak.ee\/epood\/toode\/pinnakaitsevahend-mira-4720-decor-topcoating-1l\/\"]}]},{\"@type\":\"ImageObject\",\"inLanguage\":\"et\",\"@id\":\"https:\/\/espak.ee\/epood\/toode\/pinnakaitsevahend-mira-4720-decor-topcoating-1l\/#primaryimage\",\"url\":\"https:\/\/espak.ee\/epood\/wp-content\/uploads\/2021\/11\/Mira-4720-decor-topcoating-front.jpg\",\"contentUrl\":\"https:\/\/espak.ee\/epood\/wp-content\/uploads\/2021\/11\/Mira-4720-decor-topcoating-front.jpg\",\"width\":1024,\"height\":1024},{\"@type\":\"BreadcrumbList\",\"@id\":\"https:\/\/espak.ee\/epood\/toode\/pinnakaitsevahend-mira-4720-decor-topcoating-1l\/#breadcrumb\",\"itemListElement\":[{\"@type\":\"ListItem\",\"position\":1,\"name\":\"Home\",\"item\":\"https:\/\/espak.ee\/epood\/\"},{\"@type\":\"ListItem\",\"position\":2,\"name\":\"Tootevalik\",\"item\":\"https:\/\/espak.ee\/epood\/tootevalik\/\"},{\"@type\":\"ListItem\",\"position\":3,\"name\":\"PINNAKAITSEVAHEND MIRA 4720 DECOR TOPCOATING 1L\"}]},{\"@type\":\"WebSite\",\"@id\":\"https:\/\/espak.ee\/epood\/#website\",\"url\":\"https:\/\/espak.ee\/epood\/\",\"name\":\"Espak E-pood\",\"description\":\"\",\"potentialAction\":[{\"@type\":\"SearchAction\",\"target\":{\"@type\":\"EntryPoint\",\"urlTemplate\":\"https:\/\/espak.ee\/epood\/?s={search_term_string}\"},\"query-input\":{\"@type\":\"PropertyValueSpecification\",\"valueRequired\":true,\"valueName\":\"search_term_string\"}}],\"inLanguage\":\"et\"}]}<\/script>\n<!-- \/ Yoast SEO plugin. -->","yoast_head_json":{"title":"PINNAKAITSEVAHEND MIRA 4720 DECOR TOPCOATING 1L - Espak E-pood","robots":{"index":"index","follow":"follow","max-snippet":"max-snippet:-1","max-image-preview":"max-image-preview:large","max-video-preview":"max-video-preview:-1"},"canonical":"https:\/\/espak.ee\/epood\/toode\/pinnakaitsevahend-mira-4720-decor-topcoating-1l\/","og_locale":"et_EE","og_type":"article","og_title":"PINNAKAITSEVAHEND MIRA 4720 DECOR TOPCOATING 1L - Espak E-pood","og_url":"https:\/\/espak.ee\/epood\/toode\/pinnakaitsevahend-mira-4720-decor-topcoating-1l\/","og_site_name":"Espak E-pood","article_modified_time":"2026-03-21T07:37:14+00:00","og_image":[{"width":1024,"height":1024,"url":"https:\/\/espak.ee\/epood\/wp-content\/uploads\/2021\/11\/Mira-4720-decor-topcoating-front.jpg","type":"image\/jpeg"}],"twitter_card":"summary_large_image","twitter_misc":{"Est. reading time":"1 minut"},"schema":{"@context":"https:\/\/schema.org","@graph":[{"@type":"WebPage","@id":"https:\/\/espak.ee\/epood\/toode\/pinnakaitsevahend-mira-4720-decor-topcoating-1l\/","url":"https:\/\/espak.ee\/epood\/toode\/pinnakaitsevahend-mira-4720-decor-topcoating-1l\/","name":"PINNAKAITSEVAHEND MIRA 4720 DECOR TOPCOATING 1L - Espak E-pood","isPartOf":{"@id":"https:\/\/espak.ee\/epood\/#website"},"primaryImageOfPage":{"@id":"https:\/\/espak.ee\/epood\/toode\/pinnakaitsevahend-mira-4720-decor-topcoating-1l\/#primaryimage"},"image":{"@id":"https:\/\/espak.ee\/epood\/toode\/pinnakaitsevahend-mira-4720-decor-topcoating-1l\/#primaryimage"},"thumbnailUrl":"https:\/\/espak.ee\/epood\/wp-content\/uploads\/2021\/11\/Mira-4720-decor-topcoating-front.jpg","datePublished":"2021-11-30T06:00:43+00:00","dateModified":"2026-03-21T07:37:14+00:00","breadcrumb":{"@id":"https:\/\/espak.ee\/epood\/toode\/pinnakaitsevahend-mira-4720-decor-topcoating-1l\/#breadcrumb"},"inLanguage":"et","potentialAction":[{"@type":"ReadAction","target":["https:\/\/espak.ee\/epood\/toode\/pinnakaitsevahend-mira-4720-decor-topcoating-1l\/"]}]},{"@type":"ImageObject","inLanguage":"et","@id":"https:\/\/espak.ee\/epood\/toode\/pinnakaitsevahend-mira-4720-decor-topcoating-1l\/#primaryimage","url":"https:\/\/espak.ee\/epood\/wp-content\/uploads\/2021\/11\/Mira-4720-decor-topcoating-front.jpg","contentUrl":"https:\/\/espak.ee\/epood\/wp-content\/uploads\/2021\/11\/Mira-4720-decor-topcoating-front.jpg","width":1024,"height":1024},{"@type":"BreadcrumbList","@id":"https:\/\/espak.ee\/epood\/toode\/pinnakaitsevahend-mira-4720-decor-topcoating-1l\/#breadcrumb","itemListElement":[{"@type":"ListItem","position":1,"name":"Home","item":"https:\/\/espak.ee\/epood\/"},{"@type":"ListItem","position":2,"name":"Tootevalik","item":"https:\/\/espak.ee\/epood\/tootevalik\/"},{"@type":"ListItem","position":3,"name":"PINNAKAITSEVAHEND MIRA 4720 DECOR TOPCOATING 1L"}]},{"@type":"WebSite","@id":"https:\/\/espak.ee\/epood\/#website","url":"https:\/\/espak.ee\/epood\/","name":"Espak E-pood","description":"","potentialAction":[{"@type":"SearchAction","target":{"@type":"EntryPoint","urlTemplate":"https:\/\/espak.ee\/epood\/?s={search_term_string}"},"query-input":{"@type":"PropertyValueSpecification","valueRequired":true,"valueName":"search_term_string"}}],"inLanguage":"et"}]}},"_links":{"self":[{"href":"https:\/\/espak.ee\/epood\/wp-json\/wp\/v2\/product\/101366","targetHints":{"allow":["GET"]}}],"collection":[{"href":"https:\/\/espak.ee\/epood\/wp-json\/wp\/v2\/product"}],"about":[{"href":"https:\/\/espak.ee\/epood\/wp-json\/wp\/v2\/types\/product"}],"replies":[{"embeddable":true,"href":"https:\/\/espak.ee\/epood\/wp-json\/wp\/v2\/comments?post=101366"}],"wp:featuredmedia":[{"embeddable":true,"href":"https:\/\/espak.ee\/epood\/wp-json\/wp\/v2\/media\/101475"}],"wp:attachment":[{"href":"https:\/\/espak.ee\/epood\/wp-json\/wp\/v2\/media?parent=101366"}],"wp:term":[{"taxonomy":"product_brand","embeddable":true,"href":"https:\/\/espak.ee\/epood\/wp-json\/wp\/v2\/product_brand?post=101366"},{"taxonomy":"product_cat","embeddable":true,"href":"https:\/\/espak.ee\/epood\/wp-json\/wp\/v2\/product_cat?post=101366"},{"taxonomy":"product_tag","embeddable":true,"href":"https:\/\/espak.ee\/epood\/wp-json\/wp\/v2\/product_tag?post=101366"}],"curies":[{"name":"wp","href":"https:\/\/api.w.org\/{rel}","templated":true}]}}